--
--





--
-- Name: api_actor; Type: TABLE; Schema: public; Owner: wiki
--

CREATE TABLE public.api_actor (
    id bigint NOT NULL,
    name character varying(200) NOT NULL,
    height double precision NOT NULL,
    weight double precision NOT NULL,
    sex character varying(5) NOT NULL
);


ALTER TABLE public.api_actor OWNER TO wiki;

--
-- Name: api_actor_id_seq; Type: SEQUENCE; Schema: public; Owner: wiki
--

CREATE SEQUENCE public.api_actor_id_seq
    START WITH 1
    INCREMENT BY 1
    NO MINVALUE
    NO MAXVALUE
    CACHE 1;


ALTER TABLE public.api_actor_id_seq OWNER TO wiki;

--
-- Name: api_actor_id_seq; Type: SEQUENCE OWNED BY; Schema: public; Owner: wiki
--

ALTER SEQUENCE public.api_actor_id_seq OWNED BY public.api_actor.id;


--
-- Name: api_animationcatalog; Type: TABLE; Schema: public; Owner: wiki
--

CREATE TABLE public.api_animationcatalog (
    id bigint NOT NULL,
    name character varying(50) NOT NULL,
    full_name character varying(200) NOT NULL,
    updated_at timestamp with time zone NOT NULL,
    category character varying(100) NOT NULL,
    description character varying(1800) NOT NULL,
    pictogram character varying(100) NOT NULL,
    price double precision NOT NULL,
    video character varying(100) NOT NULL,
    sub_title character varying(200) NOT NULL,
    background_image character varying(100) NOT NULL
);


ALTER TABLE public.api_animationcatalog OWNER TO wiki;

--
-- Name: api_animationcatalog_id_seq; Type: SEQUENCE; Schema: public; Owner: wiki
--

CREATE SEQUENCE public.api_animationcatalog_id_seq
    START WITH 1
    INCREMENT BY 1
    NO MINVALUE
    NO MAXVALUE
    CACHE 1;


ALTER TABLE public.api_animationcatalog_id_seq OWNER TO wiki;

--
-- Name: api_animationcatalog_id_seq; Type: SEQUENCE OWNED BY; Schema: public; Owner: wiki
--

ALTER SEQUENCE public.api_animationcatalog_id_seq OWNED BY public.api_animationcatalog.id;


--
-- Name: api_animationcatalogfilelist; Type: TABLE; Schema: public; Owner: wiki
--

CREATE TABLE public.api_animationcatalogfilelist (
    id bigint NOT NULL,
    file_name character varying(200) NOT NULL,
    file character varying(100) NOT NULL,
    type character varying(20) NOT NULL,
    device character varying(20) NOT NULL,
    updated_at date NOT NULL,
    catalog_id bigint NOT NULL
);


ALTER TABLE public.api_animationcatalogfilelist OWNER TO wiki;

--
-- Name: api_animationcatalogfilelist_id_seq; Type: SEQUENCE; Schema: public; Owner: wiki
--

CREATE SEQUENCE public.api_animationcatalogfilelist_id_seq
    START WITH 1
    INCREMENT BY 1
    NO MINVALUE
    NO MAXVALUE
    CACHE 1;


ALTER TABLE public.api_animationcatalogfilelist_id_seq OWNER TO wiki;

--
-- Name: api_animationcatalogfilelist_id_seq; Type: SEQUENCE OWNED BY; Schema: public; Owner: wiki
--

ALTER SEQUENCE public.api_animationcatalogfilelist_id_seq OWNED BY public.api_animationcatalogfilelist.id;


--
-- Name: api_audiotrack; Type: TABLE; Schema: public; Owner: wiki
--

CREATE TABLE public.api_audiotrack (
    id bigint NOT NULL,
    file character varying(100) NOT NULL,
    nr character varying(10) NOT NULL,
    intro_count integer NOT NULL,
    bpm double precision NOT NULL,
    category_1_id bigint,
    category_2_id bigint,
    category_3_id bigint,
    original_filename character varying(100) NOT NULL,
    pickup integer NOT NULL,
    wiki_filename character varying(100) NOT NULL,
    catalog_id bigint,
    seconds integer NOT NULL
);


ALTER TABLE public.api_audiotrack OWNER TO wiki;

--
-- Name: api_audiotrack_id_seq; Type: SEQUENCE; Schema: public; Owner: wiki
--

CREATE SEQUENCE public.api_audiotrack_id_seq
    START WITH 1
    INCREMENT BY 1
    NO MINVALUE
    NO MAXVALUE
    CACHE 1;


ALTER TABLE public.api_audiotrack_id_seq OWNER TO wiki;

--
-- Name: api_audiotrack_id_seq; Type: SEQUENCE OWNED BY; Schema: public; Owner: wiki
--

ALTER SEQUENCE public.api_audiotrack_id_seq OWNED BY public.api_audiotrack.id;


--
-- Name: api_avatar; Type: TABLE; Schema: public; Owner: wiki
--

CREATE TABLE public.api_avatar (
    id bigint NOT NULL,
    name character varying(100) NOT NULL,
    description character varying(200) NOT NULL,
    avatar_style jsonb NOT NULL
);


ALTER TABLE public.api_avatar OWNER TO wiki;

--
-- Name: api_avatar_id_seq; Type: SEQUENCE; Schema: public; Owner: wiki
--

CREATE SEQUENCE public.api_avatar_id_seq
    START WITH 1
    INCREMENT BY 1
    NO MINVALUE
    NO MAXVALUE
    CACHE 1;


ALTER TABLE public.api_avatar_id_seq OWNER TO wiki;

--
-- Name: api_avatar_id_seq; Type: SEQUENCE OWNED BY; Schema: public; Owner: wiki
--

ALTER SEQUENCE public.api_avatar_id_seq OWNED BY public.api_avatar.id;


--
-- Name: api_background; Type: TABLE; Schema: public; Owner: wiki
--

CREATE TABLE public.api_background (
    id bigint NOT NULL,
    name character varying(200) NOT NULL
);


ALTER TABLE public.api_background OWNER TO wiki;

--
-- Name: api_background_id_seq; Type: SEQUENCE; Schema: public; Owner: wiki
--

CREATE SEQUENCE public.api_background_id_seq
    START WITH 1
    INCREMENT BY 1
    NO MINVALUE
    NO MAXVALUE
    CACHE 1;


ALTER TABLE public.api_background_id_seq OWNER TO wiki;

--
-- Name: api_background_id_seq; Type: SEQUENCE OWNED BY; Schema: public; Owner: wiki
--

ALTER SEQUENCE public.api_background_id_seq OWNED BY public.api_background.id;


--
-- Name: api_category; Type: TABLE; Schema: public; Owner: wiki
--

CREATE TABLE public.api_category (
    id bigint NOT NULL,
    name character varying(200) NOT NULL,
    description character varying(1800) NOT NULL,
    pictogram character varying(100) NOT NULL,
    color_code character varying(10) NOT NULL,
    "position" integer NOT NULL,
    show_as_filter boolean NOT NULL,
    avatar_id bigint,
    parent_id bigint,
    preview_move_id bigint
);


ALTER TABLE public.api_category OWNER TO wiki;

--
-- Name: api_category_id_seq; Type: SEQUENCE; Schema: public; Owner: wiki
--

CREATE SEQUENCE public.api_category_id_seq
    START WITH 1
    INCREMENT BY 1
    NO MINVALUE
    NO MAXVALUE
    CACHE 1;


ALTER TABLE public.api_category_id_seq OWNER TO wiki;

--
-- Name: api_category_id_seq; Type: SEQUENCE OWNED BY; Schema: public; Owner: wiki
--

ALTER SEQUENCE public.api_category_id_seq OWNED BY public.api_category.id;


--
-- Name: api_datasheet; Type: TABLE; Schema: public; Owner: wiki
--

CREATE TABLE public.api_datasheet (
    id bigint NOT NULL,
    file character varying(100) NOT NULL,
    original_file_name character varying(200) NOT NULL,
    created_at timestamp with time zone NOT NULL,
    updated_at timestamp with time zone NOT NULL
);


ALTER TABLE public.api_datasheet OWNER TO wiki;

--
-- Name: api_datasheet_id_seq; Type: SEQUENCE; Schema: public; Owner: wiki
--

CREATE SEQUENCE public.api_datasheet_id_seq
    START WITH 1
    INCREMENT BY 1
    NO MINVALUE
    NO MAXVALUE
    CACHE 1;


ALTER TABLE public.api_datasheet_id_seq OWNER TO wiki;

--
-- Name: api_datasheet_id_seq; Type: SEQUENCE OWNED BY; Schema: public; Owner: wiki
--

ALTER SEQUENCE public.api_datasheet_id_seq OWNED BY public.api_datasheet.id;


--
-- Name: api_favouritlist; Type: TABLE; Schema: public; Owner: wiki
--

CREATE TABLE public.api_favouritlist (
    movelist_ptr_id bigint NOT NULL,
    "isDefault" boolean NOT NULL,
    shared boolean NOT NULL
);


ALTER TABLE public.api_favouritlist OWNER TO wiki;

--
-- Name: api_hashtag; Type: TABLE; Schema: public; Owner: wiki
--

CREATE TABLE public.api_hashtag (
    name character varying(200) NOT NULL
);


ALTER TABLE public.api_hashtag OWNER TO wiki;

--
-- Name: api_historyunlockedmoves; Type: TABLE; Schema: public; Owner: wiki
--

CREATE TABLE public.api_historyunlockedmoves (
    id bigint NOT NULL,
    created_at timestamp with time zone NOT NULL,
    move_id bigint NOT NULL,
    user_id bigint NOT NULL
);


ALTER TABLE public.api_historyunlockedmoves OWNER TO wiki;

--
-- Name: api_historyunlockedmoves_id_seq; Type: SEQUENCE; Schema: public; Owner: wiki
--

CREATE SEQUENCE public.api_historyunlockedmoves_id_seq
    START WITH 1
    INCREMENT BY 1
    NO MINVALUE
    NO MAXVALUE
    CACHE 1;


ALTER TABLE public.api_historyunlockedmoves_id_seq OWNER TO wiki;

--
-- Name: api_historyunlockedmoves_id_seq; Type: SEQUENCE OWNED BY; Schema: public; Owner: wiki
--

ALTER SEQUENCE public.api_historyunlockedmoves_id_seq OWNED BY public.api_historyunlockedmoves.id;


--
-- Name: api_move; Type: TABLE; Schema: public; Owner: wiki
--

CREATE TABLE public.api_move (
    id bigint NOT NULL,
    name character varying(200) NOT NULL,
    description character varying(500) NOT NULL,
    file_name character varying(200) NOT NULL,
    date date NOT NULL,
    mirror boolean NOT NULL,
    hide_in_search boolean NOT NULL,
    instruction jsonb,
    steps jsonb,
    sub_names character varying(500) NOT NULL,
    title_frame integer NOT NULL,
    start_frame integer NOT NULL,
    fpb integer NOT NULL,
    rhythm character varying(50) NOT NULL,
    lpc integer NOT NULL,
    difficulty double precision NOT NULL,
    quality_rating double precision NOT NULL,
    updated_at date NOT NULL,
    animation_catalog_id bigint,
    background_id bigint,
    category_1_id bigint,
    category_2_id bigint,
    category_3_id bigint,
    default_avatar_id bigint,
    parent_id bigint,
    rights_holder_id bigint,
    sub_category_id bigint,
    user_id bigint NOT NULL,
    muscle_nr character varying(80) NOT NULL,
    thresholds_id bigint NOT NULL,
    CONSTRAINT api_move_fpb_check CHECK ((fpb >= 0)),
    CONSTRAINT api_move_lpc_check CHECK ((lpc >= 0)),
    CONSTRAINT api_move_start_frame_check CHECK ((start_frame >= 0)),
    CONSTRAINT api_move_title_frame_check CHECK ((title_frame >= 0))
);


ALTER TABLE public.api_move OWNER TO wiki;

--
-- Name: api_move_actors; Type: TABLE; Schema: public; Owner: wiki
--

CREATE TABLE public.api_move_actors (
    id bigint NOT NULL,
    move_id bigint NOT NULL,
    actor_id bigint NOT NULL
);


ALTER TABLE public.api_move_actors OWNER TO wiki;

--
-- Name: api_move_actors_id_seq; Type: SEQUENCE; Schema: public; Owner: wiki
--

CREATE SEQUENCE public.api_move_actors_id_seq
    START WITH 1
    INCREMENT BY 1
    NO MINVALUE
    NO MAXVALUE
    CACHE 1;


ALTER TABLE public.api_move_actors_id_seq OWNER TO wiki;

--
-- Name: api_move_actors_id_seq; Type: SEQUENCE OWNED BY; Schema: public; Owner: wiki
--

ALTER SEQUENCE public.api_move_actors_id_seq OWNED BY public.api_move_actors.id;


--
-- Name: api_move_hashtags; Type: TABLE; Schema: public; Owner: wiki
--

CREATE TABLE public.api_move_hashtags (
    id bigint NOT NULL,
    move_id bigint NOT NULL,
    hashtag_id character varying(200) NOT NULL
);


ALTER TABLE public.api_move_hashtags OWNER TO wiki;

--
-- Name: api_move_hashtags_id_seq; Type: SEQUENCE; Schema: public; Owner: wiki
--

CREATE SEQUENCE public.api_move_hashtags_id_seq
    START WITH 1
    INCREMENT BY 1
    NO MINVALUE
    NO MAXVALUE
    CACHE 1;


ALTER TABLE public.api_move_hashtags_id_seq OWNER TO wiki;

--
-- Name: api_move_hashtags_id_seq; Type: SEQUENCE OWNED BY; Schema: public; Owner: wiki
--

ALTER SEQUENCE public.api_move_hashtags_id_seq OWNED BY public.api_move_hashtags.id;


--
-- Name: api_move_id_seq; Type: SEQUENCE; Schema: public; Owner: wiki
--

CREATE SEQUENCE public.api_move_id_seq
    START WITH 1
    INCREMENT BY 1
    NO MINVALUE
    NO MAXVALUE
    CACHE 1;


ALTER TABLE public.api_move_id_seq OWNER TO wiki;

--
-- Name: api_move_id_seq; Type: SEQUENCE OWNED BY; Schema: public; Owner: wiki
--

ALTER SEQUENCE public.api_move_id_seq OWNED BY public.api_move.id;


--
-- Name: api_move_muscles; Type: TABLE; Schema: public; Owner: wiki
--

CREATE TABLE public.api_move_muscles (
    id bigint NOT NULL,
    move_id bigint NOT NULL,
    muscle_id bigint NOT NULL
);


ALTER TABLE public.api_move_muscles OWNER TO wiki;

--
-- Name: api_move_muscles_id_seq; Type: SEQUENCE; Schema: public; Owner: wiki
--

CREATE SEQUENCE public.api_move_muscles_id_seq
    START WITH 1
    INCREMENT BY 1
    NO MINVALUE
    NO MAXVALUE
    CACHE 1;


ALTER TABLE public.api_move_muscles_id_seq OWNER TO wiki;

--
-- Name: api_move_muscles_id_seq; Type: SEQUENCE OWNED BY; Schema: public; Owner: wiki
--

ALTER SEQUENCE public.api_move_muscles_id_seq OWNED BY public.api_move_muscles.id;


--
-- Name: api_move_tools; Type: TABLE; Schema: public; Owner: wiki
--

CREATE TABLE public.api_move_tools (
    id bigint NOT NULL,
    move_id bigint NOT NULL,
    tool_id bigint NOT NULL
);


ALTER TABLE public.api_move_tools OWNER TO wiki;

--
-- Name: api_move_tools_id_seq; Type: SEQUENCE; Schema: public; Owner: wiki
--

CREATE SEQUENCE public.api_move_tools_id_seq
    START WITH 1
    INCREMENT BY 1
    NO MINVALUE
    NO MAXVALUE
    CACHE 1;


ALTER TABLE public.api_move_tools_id_seq OWNER TO wiki;

--
-- Name: api_move_tools_id_seq; Type: SEQUENCE OWNED BY; Schema: public; Owner: wiki
--

ALTER SEQUENCE public.api_move_tools_id_seq OWNED BY public.api_move_tools.id;


--
-- Name: api_move_used_in_program; Type: TABLE; Schema: public; Owner: wiki
--

CREATE TABLE public.api_move_used_in_program (
    id bigint NOT NULL,
    move_id bigint NOT NULL,
    movelist_id bigint NOT NULL
);


ALTER TABLE public.api_move_used_in_program OWNER TO wiki;

--
-- Name: api_move_used_in_program_id_seq; Type: SEQUENCE; Schema: public; Owner: wiki
--

CREATE SEQUENCE public.api_move_used_in_program_id_seq
    START WITH 1
    INCREMENT BY 1
    NO MINVALUE
    NO MAXVALUE
    CACHE 1;


ALTER TABLE public.api_move_used_in_program_id_seq OWNER TO wiki;

--
-- Name: api_move_used_in_program_id_seq; Type: SEQUENCE OWNED BY; Schema: public; Owner: wiki
--

ALTER SEQUENCE public.api_move_used_in_program_id_seq OWNED BY public.api_move_used_in_program.id;


--
-- Name: api_move_variations; Type: TABLE; Schema: public; Owner: wiki
--

CREATE TABLE public.api_move_variations (
    id bigint NOT NULL,
    from_move_id bigint NOT NULL,
    to_move_id bigint NOT NULL
);


ALTER TABLE public.api_move_variations OWNER TO wiki;

--
-- Name: api_move_variations_id_seq; Type: SEQUENCE; Schema: public; Owner: wiki
--

CREATE SEQUENCE public.api_move_variations_id_seq
    START WITH 1
    INCREMENT BY 1
    NO MINVALUE
    NO MAXVALUE
    CACHE 1;


ALTER TABLE public.api_move_variations_id_seq OWNER TO wiki;

--
-- Name: api_move_variations_id_seq; Type: SEQUENCE OWNED BY; Schema: public; Owner: wiki
--

ALTER SEQUENCE public.api_move_variations_id_seq OWNED BY public.api_move_variations.id;


--
-- Name: api_moveinmovelist; Type: TABLE; Schema: public; Owner: wiki
--

CREATE TABLE public.api_moveinmovelist (
    id bigint NOT NULL,
    "position" integer NOT NULL,
    loop_count integer NOT NULL,
    speed double precision NOT NULL,
    mirrored character varying(20) NOT NULL,
    audio_track_id bigint,
    move_id bigint NOT NULL,
    move_list_id bigint NOT NULL,
    CONSTRAINT api_moveinmovelist_loop_count_check CHECK ((loop_count >= 0)),
    CONSTRAINT api_moveinmovelist_position_check CHECK (("position" >= 0))
);


ALTER TABLE public.api_moveinmovelist OWNER TO wiki;

--
-- Name: api_moveinmovelist_id_seq; Type: SEQUENCE; Schema: public; Owner: wiki
--

CREATE SEQUENCE public.api_moveinmovelist_id_seq
    START WITH 1
    INCREMENT BY 1
    NO MINVALUE
    NO MAXVALUE
    CACHE 1;


ALTER TABLE public.api_moveinmovelist_id_seq OWNER TO wiki;

--
-- Name: api_moveinmovelist_id_seq; Type: SEQUENCE OWNED BY; Schema: public; Owner: wiki
--

ALTER SEQUENCE public.api_moveinmovelist_id_seq OWNED BY public.api_moveinmovelist.id;


--
-- Name: api_movelist; Type: TABLE; Schema: public; Owner: wiki
--

CREATE TABLE public.api_movelist (
    id bigint NOT NULL,
    name character varying(200) NOT NULL,
    description character varying(200) NOT NULL,
    type character varying(20) NOT NULL,
    updated_at date NOT NULL,
    audio_id bigint,
    avatar_id bigint,
    user_id bigint NOT NULL,
    avatar_style jsonb NOT NULL,
    category_1_id bigint,
    category_2_id bigint,
    category_3_id bigint,
    difficulty double precision NOT NULL,
    instructions character varying(100) NOT NULL,
    loop_count integer NOT NULL,
    rest_count integer NOT NULL,
    speed double precision NOT NULL,
    steps character varying(100) NOT NULL,
    sub_category_id bigint,
    trainer_mode character varying(100) NOT NULL,
    view_mode character varying(100) NOT NULL,
    workout_focus character varying(150) NOT NULL,
    catalog_id bigint,
    "position" integer NOT NULL
);


ALTER TABLE public.api_movelist OWNER TO wiki;

--
-- Name: api_movelist_hashtags; Type: TABLE; Schema: public; Owner: wiki
--

CREATE TABLE public.api_movelist_hashtags (
    id bigint NOT NULL,
    movelist_id bigint NOT NULL,
    hashtag_id character varying(200) NOT NULL
);


ALTER TABLE public.api_movelist_hashtags OWNER TO wiki;

--
-- Name: api_movelist_hashtags_id_seq; Type: SEQUENCE; Schema: public; Owner: wiki
--

CREATE SEQUENCE public.api_movelist_hashtags_id_seq
    START WITH 1
    INCREMENT BY 1
    NO MINVALUE
    NO MAXVALUE
    CACHE 1;


ALTER TABLE public.api_movelist_hashtags_id_seq OWNER TO wiki;

--
-- Name: api_movelist_hashtags_id_seq; Type: SEQUENCE OWNED BY; Schema: public; Owner: wiki
--

ALTER SEQUENCE public.api_movelist_hashtags_id_seq OWNED BY public.api_movelist_hashtags.id;


--
-- Name: api_movelist_highscore; Type: TABLE; Schema: public; Owner: wiki
--

CREATE TABLE public.api_movelist_highscore (
    id bigint NOT NULL,
    movelist_id bigint NOT NULL,
    movelisthighscore_id bigint NOT NULL
);


ALTER TABLE public.api_movelist_highscore OWNER TO wiki;

--
-- Name: api_movelist_highscore_id_seq; Type: SEQUENCE; Schema: public; Owner: wiki
--

CREATE SEQUENCE public.api_movelist_highscore_id_seq
    START WITH 1
    INCREMENT BY 1
    NO MINVALUE
    NO MAXVALUE
    CACHE 1;


ALTER TABLE public.api_movelist_highscore_id_seq OWNER TO wiki;

--
-- Name: api_movelist_highscore_id_seq; Type: SEQUENCE OWNED BY; Schema: public; Owner: wiki
--

ALTER SEQUENCE public.api_movelist_highscore_id_seq OWNED BY public.api_movelist_highscore.id;


--
-- Name: api_movelist_id_seq; Type: SEQUENCE; Schema: public; Owner: wiki
--

CREATE SEQUENCE public.api_movelist_id_seq
    START WITH 1
    INCREMENT BY 1
    NO MINVALUE
    NO MAXVALUE
    CACHE 1;


ALTER TABLE public.api_movelist_id_seq OWNER TO wiki;

--
-- Name: api_movelist_id_seq; Type: SEQUENCE OWNED BY; Schema: public; Owner: wiki
--

ALTER SEQUENCE public.api_movelist_id_seq OWNED BY public.api_movelist.id;


--
-- Name: api_movelist_muscles; Type: TABLE; Schema: public; Owner: wiki
--

CREATE TABLE public.api_movelist_muscles (
    id bigint NOT NULL,
    movelist_id bigint NOT NULL,
    muscle_id bigint NOT NULL
);


ALTER TABLE public.api_movelist_muscles OWNER TO wiki;

--
-- Name: api_movelist_muscles_id_seq; Type: SEQUENCE; Schema: public; Owner: wiki
--

CREATE SEQUENCE public.api_movelist_muscles_id_seq
    START WITH 1
    INCREMENT BY 1
    NO MINVALUE
    NO MAXVALUE
    CACHE 1;


ALTER TABLE public.api_movelist_muscles_id_seq OWNER TO wiki;

--
-- Name: api_movelist_muscles_id_seq; Type: SEQUENCE OWNED BY; Schema: public; Owner: wiki
--

ALTER SEQUENCE public.api_movelist_muscles_id_seq OWNED BY public.api_movelist_muscles.id;


--
-- Name: api_movelisthighscore; Type: TABLE; Schema: public; Owner: wiki
--

CREATE TABLE public.api_movelisthighscore (
    id bigint NOT NULL,
    percent double precision NOT NULL,
    move_list_id bigint NOT NULL,
    profile_id uuid NOT NULL
);


ALTER TABLE public.api_movelisthighscore OWNER TO wiki;

--
-- Name: api_movelisthighscore_id_seq; Type: SEQUENCE; Schema: public; Owner: wiki
--

CREATE SEQUENCE public.api_movelisthighscore_id_seq
    START WITH 1
    INCREMENT BY 1
    NO MINVALUE
    NO MAXVALUE
    CACHE 1;


ALTER TABLE public.api_movelisthighscore_id_seq OWNER TO wiki;

--
-- Name: api_movelisthighscore_id_seq; Type: SEQUENCE OWNED BY; Schema: public; Owner: wiki
--

ALTER SEQUENCE public.api_movelisthighscore_id_seq OWNED BY public.api_movelisthighscore.id;


--
-- Name: api_muscle; Type: TABLE; Schema: public; Owner: wiki
--

CREATE TABLE public.api_muscle (
    id bigint NOT NULL,
    nr integer NOT NULL,
    name character varying(100) NOT NULL,
    "group" character varying(100) NOT NULL,
    sub_groups character varying(100)[] NOT NULL
);


ALTER TABLE public.api_muscle OWNER TO wiki;

--
-- Name: api_muscle_id_seq; Type: SEQUENCE; Schema: public; Owner: wiki
--

CREATE SEQUENCE public.api_muscle_id_seq
    START WITH 1
    INCREMENT BY 1
    NO MINVALUE
    NO MAXVALUE
    CACHE 1;


ALTER TABLE public.api_muscle_id_seq OWNER TO wiki;

--
-- Name: api_muscle_id_seq; Type: SEQUENCE OWNED BY; Schema: public; Owner: wiki
--

ALTER SEQUENCE public.api_muscle_id_seq OWNED BY public.api_muscle.id;


--
-- Name: api_profile; Type: TABLE; Schema: public; Owner: wiki
--

CREATE TABLE public.api_profile (
    first_name character varying(255) NOT NULL,
    last_name character varying(255) NOT NULL,
    sex character varying(10) NOT NULL,
    preferred_trainer character varying(10) NOT NULL,
    profile_image character varying(100) NOT NULL,
    email character varying(255) NOT NULL,
    current_device character varying(255) NOT NULL,
    created_at timestamp with time zone NOT NULL,
    updated_at timestamp with time zone NOT NULL,
    id uuid NOT NULL,
    user_id bigint NOT NULL,
    bought_packs character varying(255)[] NOT NULL,
    preview_packs character varying(255)[] NOT NULL,
    unique_device_id character varying(255) NOT NULL,
    mobile character varying(255) NOT NULL,
    auto_generated boolean NOT NULL
);


ALTER TABLE public.api_profile OWNER TO wiki;

--
-- Name: api_profilemetadata; Type: TABLE; Schema: public; Owner: wiki
--

CREATE TABLE public.api_profilemetadata (
    profile_id uuid NOT NULL,
    num_app_used integer NOT NULL,
    num_moves_played integer NOT NULL,
    app_usage_seconds integer NOT NULL,
    app_usage_details jsonb,
    updated_at timestamp with time zone NOT NULL
);


ALTER TABLE public.api_profilemetadata OWNER TO wiki;

--
-- Name: api_profilemovemeta; Type: TABLE; Schema: public; Owner: wiki
--

CREATE TABLE public.api_profilemovemeta (
    id bigint NOT NULL,
    created timestamp with time zone NOT NULL,
    views integer NOT NULL,
    played_seconds integer NOT NULL,
    move_id bigint NOT NULL,
    profile_id uuid NOT NULL,
    CONSTRAINT api_profilemovemeta_played_seconds_check CHECK ((played_seconds >= 0)),
    CONSTRAINT api_profilemovemeta_views_check CHECK ((views >= 0))
);


ALTER TABLE public.api_profilemovemeta OWNER TO wiki;

--
-- Name: api_profilemovemeta_id_seq; Type: SEQUENCE; Schema: public; Owner: wiki
--

CREATE SEQUENCE public.api_profilemovemeta_id_seq
    START WITH 1
    INCREMENT BY 1
    NO MINVALUE
    NO MAXVALUE
    CACHE 1;


ALTER TABLE public.api_profilemovemeta_id_seq OWNER TO wiki;

--
-- Name: api_profilemovemeta_id_seq; Type: SEQUENCE OWNED BY; Schema: public; Owner: wiki
--

ALTER SEQUENCE public.api_profilemovemeta_id_seq OWNED BY public.api_profilemovemeta.id;


--
-- Name: api_rightsholder; Type: TABLE; Schema: public; Owner: wiki
--

CREATE TABLE public.api_rightsholder (
    id bigint NOT NULL,
    name character varying(200) NOT NULL
);


ALTER TABLE public.api_rightsholder OWNER TO wiki;

--
-- Name: api_rightsholder_id_seq; Type: SEQUENCE; Schema: public; Owner: wiki
--

CREATE SEQUENCE public.api_rightsholder_id_seq
    START WITH 1
    INCREMENT BY 1
    NO MINVALUE
    NO MAXVALUE
    CACHE 1;


ALTER TABLE public.api_rightsholder_id_seq OWNER TO wiki;

--
-- Name: api_rightsholder_id_seq; Type: SEQUENCE OWNED BY; Schema: public; Owner: wiki
--

ALTER SEQUENCE public.api_rightsholder_id_seq OWNED BY public.api_rightsholder.id;


--
-- Name: api_thresholds; Type: TABLE; Schema: public; Owner: wiki
--

CREATE TABLE public.api_thresholds (
    id bigint NOT NULL,
    m_min double precision NOT NULL,
    b_min double precision NOT NULL,
    m_shoulder_hip_rotation_min double precision NOT NULL,
    m_torso_bent_min double precision NOT NULL,
    m_left_upper_arm_min double precision NOT NULL,
    m_left_lower_arm_min double precision NOT NULL,
    m_left_upper_leg_min double precision NOT NULL,
    m_left_lower_leg_min double precision NOT NULL,
    m_right_upper_arm_min double precision NOT NULL,
    m_right_lower_arm_min double precision NOT NULL,
    m_right_upper_leg_min double precision NOT NULL,
    m_right_lower_leg_min double precision NOT NULL,
    m_max double precision NOT NULL,
    b_max double precision NOT NULL,
    m_shoulder_hip_rotation_max double precision NOT NULL,
    m_torso_bent_max double precision NOT NULL,
    m_left_upper_arm_max double precision NOT NULL,
    m_left_lower_arm_max double precision NOT NULL,
    m_left_upper_leg_max double precision NOT NULL,
    m_left_lower_leg_max double precision NOT NULL,
    m_right_upper_arm_max double precision NOT NULL,
    m_right_lower_arm_max double precision NOT NULL,
    m_right_upper_leg_max double precision NOT NULL,
    m_right_lower_leg_max double precision NOT NULL
);


ALTER TABLE public.api_thresholds OWNER TO wiki;

--
-- Name: api_thresholds_id_seq; Type: SEQUENCE; Schema: public; Owner: wiki
--

CREATE SEQUENCE public.api_thresholds_id_seq
    START WITH 1
    INCREMENT BY 1
    NO MINVALUE
    NO MAXVALUE
    CACHE 1;


ALTER TABLE public.api_thresholds_id_seq OWNER TO wiki;

--
-- Name: api_thresholds_id_seq; Type: SEQUENCE OWNED BY; Schema: public; Owner: wiki
--

ALTER SEQUENCE public.api_thresholds_id_seq OWNED BY public.api_thresholds.id;


--
-- Name: api_tool; Type: TABLE; Schema: public; Owner: wiki
--

CREATE TABLE public.api_tool (
    id bigint NOT NULL,
    name character varying(200) NOT NULL
);


ALTER TABLE public.api_tool OWNER TO wiki;

--
-- Name: api_tool_id_seq; Type: SEQUENCE; Schema: public; Owner: wiki
--

CREATE SEQUENCE public.api_tool_id_seq
    START WITH 1
    INCREMENT BY 1
    NO MINVALUE
    NO MAXVALUE
    CACHE 1;


ALTER TABLE public.api_tool_id_seq OWNER TO wiki;

--
-- Name: api_tool_id_seq; Type: SEQUENCE OWNED BY; Schema: public; Owner: wiki
--

ALTER SEQUENCE public.api_tool_id_seq OWNED BY public.api_tool.id;

--
-- Name: api_user_groups; Type: TABLE; Schema: public; Owner: wiki
--

CREATE TABLE public.api_user_groups (
    id bigint NOT NULL,
    user_id bigint NOT NULL,
    group_id integer NOT NULL
);


ALTER TABLE public.api_user_groups OWNER TO wiki;

--
-- Name: api_user_groups_id_seq; Type: SEQUENCE; Schema: public; Owner: wiki
--

CREATE SEQUENCE public.api_user_groups_id_seq
    START WITH 1
    INCREMENT BY 1
    NO MINVALUE
    NO MAXVALUE
    CACHE 1;


ALTER TABLE public.api_user_groups_id_seq OWNER TO wiki;

--
-- Name: api_user_groups_id_seq; Type: SEQUENCE OWNED BY; Schema: public; Owner: wiki
--

ALTER SEQUENCE public.api_user_groups_id_seq OWNED BY public.api_user_groups.id;


--
-- Name: api_user_id_seq; Type: SEQUENCE; Schema: public; Owner: wiki
--

CREATE SEQUENCE public.api_user_id_seq
    START WITH 1
    INCREMENT BY 1
    NO MINVALUE
    NO MAXVALUE
    CACHE 1;


ALTER TABLE public.api_user_id_seq OWNER TO wiki;

--
-- Name: api_user_id_seq; Type: SEQUENCE OWNED BY; Schema: public; Owner: wiki
--

ALTER SEQUENCE public.api_user_id_seq OWNED BY public.api_user.id;


--
-- Name: api_user_user_permissions; Type: TABLE; Schema: public; Owner: wiki
--

CREATE TABLE public.api_user_user_permissions (
    id bigint NOT NULL,
    user_id bigint NOT NULL,
    permission_id integer NOT NULL
);


ALTER TABLE public.api_user_user_permissions OWNER TO wiki;

--
-- Name: api_user_user_permissions_id_seq; Type: SEQUENCE; Schema: public; Owner: wiki
--

CREATE SEQUENCE public.api_user_user_permissions_id_seq
    START WITH 1
    INCREMENT BY 1
    NO MINVALUE
    NO MAXVALUE
    CACHE 1;


ALTER TABLE public.api_user_user_permissions_id_seq OWNER TO wiki;

--
-- Name: api_user_user_permissions_id_seq; Type: SEQUENCE OWNED BY; Schema: public; Owner: wiki
--

ALTER SEQUENCE public.api_user_user_permissions_id_seq OWNED BY public.api_user_user_permissions.id;


--
-- Name: auth_group; Type: TABLE; Schema: public; Owner: wiki
--

CREATE TABLE public.auth_group (
    id integer NOT NULL,
    name character varying(150) NOT NULL
);


ALTER TABLE public.auth_group OWNER TO wiki;

--
-- Name: auth_group_id_seq; Type: SEQUENCE; Schema: public; Owner: wiki
--

CREATE SEQUENCE public.auth_group_id_seq
    AS integer
    START WITH 1
    INCREMENT BY 1
    NO MINVALUE
    NO MAXVALUE
    CACHE 1;


ALTER TABLE public.auth_group_id_seq OWNER TO wiki;

--
-- Name: auth_group_id_seq; Type: SEQUENCE OWNED BY; Schema: public; Owner: wiki
--

ALTER SEQUENCE public.auth_group_id_seq OWNED BY public.auth_group.id;


--
-- Name: auth_group_permissions; Type: TABLE; Schema: public; Owner: wiki
--

CREATE TABLE public.auth_group_permissions (
    id bigint NOT NULL,
    group_id integer NOT NULL,
    permission_id integer NOT NULL
);


ALTER TABLE public.auth_group_permissions OWNER TO wiki;

--
-- Name: auth_group_permissions_id_seq; Type: SEQUENCE; Schema: public; Owner: wiki
--

CREATE SEQUENCE public.auth_group_permissions_id_seq
    START WITH 1
    INCREMENT BY 1
    NO MINVALUE
    NO MAXVALUE
    CACHE 1;


ALTER TABLE public.auth_group_permissions_id_seq OWNER TO wiki;

--
-- Name: auth_group_permissions_id_seq; Type: SEQUENCE OWNED BY; Schema: public; Owner: wiki
--

ALTER SEQUENCE public.auth_group_permissions_id_seq OWNED BY public.auth_group_permissions.id;


--
-- Name: auth_permission; Type: TABLE; Schema: public; Owner: wiki
--

CREATE TABLE public.auth_permission (
    id integer NOT NULL,
    name character varying(255) NOT NULL,
    content_type_id integer NOT NULL,
    codename character varying(100) NOT NULL
);


ALTER TABLE public.auth_permission OWNER TO wiki;

--
-- Name: auth_permission_id_seq; Type: SEQUENCE; Schema: public; Owner: wiki
--

CREATE SEQUENCE public.auth_permission_id_seq
    AS integer
    START WITH 1
    INCREMENT BY 1
    NO MINVALUE
    NO MAXVALUE
    CACHE 1;


ALTER TABLE public.auth_permission_id_seq OWNER TO wiki;

--
-- Name: auth_permission_id_seq; Type: SEQUENCE OWNED BY; Schema: public; Owner: wiki
--

ALTER SEQUENCE public.auth_permission_id_seq OWNED BY public.auth_permission.id;

--
-- Name: django_admin_log; Type: TABLE; Schema: public; Owner: wiki
--

CREATE TABLE public.django_admin_log (
    id integer NOT NULL,
    action_time timestamp with time zone NOT NULL,
    object_id text,
    object_repr character varying(200) NOT NULL,
    action_flag smallint NOT NULL,
    change_message text NOT NULL,
    content_type_id integer,
    user_id bigint NOT NULL,
    CONSTRAINT django_admin_log_action_flag_check CHECK ((action_flag >= 0))
);


ALTER TABLE public.django_admin_log OWNER TO wiki;

--
-- Name: django_admin_log_id_seq; Type: SEQUENCE; Schema: public; Owner: wiki
--

CREATE SEQUENCE public.django_admin_log_id_seq
    AS integer
    START WITH 1
    INCREMENT BY 1
    NO MINVALUE
    NO MAXVALUE
    CACHE 1;


ALTER TABLE public.django_admin_log_id_seq OWNER TO wiki;

--
-- Name: django_admin_log_id_seq; Type: SEQUENCE OWNED BY; Schema: public; Owner: wiki
--

ALTER SEQUENCE public.django_admin_log_id_seq OWNED BY public.django_admin_log.id;


--
-- Name: django_content_type; Type: TABLE; Schema: public; Owner: wiki
--

CREATE TABLE public.django_content_type (
    id integer NOT NULL,
    app_label character varying(100) NOT NULL,
    model character varying(100) NOT NULL
);


ALTER TABLE public.django_content_type OWNER TO wiki;

--
-- Name: django_content_type_id_seq; Type: SEQUENCE; Schema: public; Owner: wiki
--

CREATE SEQUENCE public.django_content_type_id_seq
    AS integer
    START WITH 1
    INCREMENT BY 1
    NO MINVALUE
    NO MAXVALUE
    CACHE 1;


ALTER TABLE public.django_content_type_id_seq OWNER TO wiki;

--
-- Name: django_content_type_id_seq; Type: SEQUENCE OWNED BY; Schema: public; Owner: wiki
--

ALTER SEQUENCE public.django_content_type_id_seq OWNED BY public.django_content_type.id;


--
-- Name: django_migrations; Type: TABLE; Schema: public; Owner: wiki
--

CREATE TABLE public.django_migrations (
    id bigint NOT NULL,
    app character varying(255) NOT NULL,
    name character varying(255) NOT NULL,
    applied timestamp with time zone NOT NULL
);


ALTER TABLE public.django_migrations OWNER TO wiki;

--
-- Name: django_migrations_id_seq; Type: SEQUENCE; Schema: public; Owner: wiki
--

CREATE SEQUENCE public.django_migrations_id_seq
    START WITH 1
    INCREMENT BY 1
    NO MINVALUE
    NO MAXVALUE
    CACHE 1;


ALTER TABLE public.django_migrations_id_seq OWNER TO wiki;

--
-- Name: django_migrations_id_seq; Type: SEQUENCE OWNED BY; Schema: public; Owner: wiki
--

ALTER SEQUENCE public.django_migrations_id_seq OWNED BY public.django_migrations.id;

--
-- Name: django_site; Type: TABLE; Schema: public; Owner: wiki
--

CREATE TABLE public.django_site (
    id integer NOT NULL,
    domain character varying(100) NOT NULL,
    name character varying(50) NOT NULL
);


ALTER TABLE public.django_site OWNER TO wiki;

--
-- Name: django_site_id_seq; Type: SEQUENCE; Schema: public; Owner: wiki
--

CREATE SEQUENCE public.django_site_id_seq
    AS integer
    START WITH 1
    INCREMENT BY 1
    NO MINVALUE
    NO MAXVALUE
    CACHE 1;


ALTER TABLE public.django_site_id_seq OWNER TO wiki;

--
-- Name: django_site_id_seq; Type: SEQUENCE OWNED BY; Schema: public; Owner: wiki
--

ALTER SEQUENCE public.django_site_id_seq OWNED BY public.django_site.id;


--
-- Name: newsfeed_issue; Type: TABLE; Schema: public; Owner: wiki
--

CREATE TABLE public.newsfeed_issue (
    id bigint NOT NULL,
    title character varying(128) NOT NULL,
    issue_number integer NOT NULL,
    publish_date timestamp with time zone NOT NULL,
    issue_type smallint NOT NULL,
    short_description text,
    is_draft boolean NOT NULL,
    created_at timestamp with time zone NOT NULL,
    updated_at timestamp with time zone NOT NULL,
    CONSTRAINT newsfeed_issue_issue_number_check CHECK ((issue_number >= 0)),
    CONSTRAINT newsfeed_issue_issue_type_check CHECK ((issue_type >= 0))
);


ALTER TABLE public.newsfeed_issue OWNER TO wiki;

--
-- Name: newsfeed_issue_id_seq; Type: SEQUENCE; Schema: public; Owner: wiki
--

CREATE SEQUENCE public.newsfeed_issue_id_seq
    START WITH 1
    INCREMENT BY 1
    NO MINVALUE
    NO MAXVALUE
    CACHE 1;


ALTER TABLE public.newsfeed_issue_id_seq OWNER TO wiki;

--
-- Name: newsfeed_issue_id_seq; Type: SEQUENCE OWNED BY; Schema: public; Owner: wiki
--

ALTER SEQUENCE public.newsfeed_issue_id_seq OWNED BY public.newsfeed_issue.id;


--
-- Name: newsfeed_newsletter; Type: TABLE; Schema: public; Owner: wiki
--

CREATE TABLE public.newsfeed_newsletter (
    id bigint NOT NULL,
    subject character varying(128) NOT NULL,
    schedule timestamp with time zone,
    is_sent boolean NOT NULL,
    sent_at timestamp with time zone,
    created_at timestamp with time zone NOT NULL,
    updated_at timestamp with time zone NOT NULL,
    issue_id bigint NOT NULL
);


ALTER TABLE public.newsfeed_newsletter OWNER TO wiki;

--
-- Name: newsfeed_newsletter_id_seq; Type: SEQUENCE; Schema: public; Owner: wiki
--

CREATE SEQUENCE public.newsfeed_newsletter_id_seq
    START WITH 1
    INCREMENT BY 1
    NO MINVALUE
    NO MAXVALUE
    CACHE 1;


ALTER TABLE public.newsfeed_newsletter_id_seq OWNER TO wiki;

--
-- Name: newsfeed_newsletter_id_seq; Type: SEQUENCE OWNED BY; Schema: public; Owner: wiki
--

ALTER SEQUENCE public.newsfeed_newsletter_id_seq OWNED BY public.newsfeed_newsletter.id;


--
-- Name: newsfeed_post; Type: TABLE; Schema: public; Owner: wiki
--

CREATE TABLE public.newsfeed_post (
    id bigint NOT NULL,
    title character varying(255) NOT NULL,
    source_url character varying(200) NOT NULL,
    is_visible boolean NOT NULL,
    short_description text NOT NULL,
    "order" integer NOT NULL,
    created_at timestamp with time zone NOT NULL,
    updated_at timestamp with time zone NOT NULL,
    category_id bigint,
    issue_id bigint,
    CONSTRAINT newsfeed_post_order_check CHECK (("order" >= 0))
);


ALTER TABLE public.newsfeed_post OWNER TO wiki;

--
-- Name: newsfeed_post_id_seq; Type: SEQUENCE; Schema: public; Owner: wiki
--

CREATE SEQUENCE public.newsfeed_post_id_seq
    START WITH 1
    INCREMENT BY 1
    NO MINVALUE
    NO MAXVALUE
    CACHE 1;


ALTER TABLE public.newsfeed_post_id_seq OWNER TO wiki;

--
-- Name: newsfeed_post_id_seq; Type: SEQUENCE OWNED BY; Schema: public; Owner: wiki
--

ALTER SEQUENCE public.newsfeed_post_id_seq OWNED BY public.newsfeed_post.id;


--
-- Name: newsfeed_postcategory; Type: TABLE; Schema: public; Owner: wiki
--

CREATE TABLE public.newsfeed_postcategory (
    id bigint NOT NULL,
    name character varying(255) NOT NULL,
    "order" integer NOT NULL,
    CONSTRAINT newsfeed_postcategory_order_check CHECK (("order" >= 0))
);


ALTER TABLE public.newsfeed_postcategory OWNER TO wiki;

--
-- Name: newsfeed_postcategory_id_seq; Type: SEQUENCE; Schema: public; Owner: wiki
--

CREATE SEQUENCE public.newsfeed_postcategory_id_seq
    START WITH 1
    INCREMENT BY 1
    NO MINVALUE
    NO MAXVALUE
    CACHE 1;


ALTER TABLE public.newsfeed_postcategory_id_seq OWNER TO wiki;

--
-- Name: newsfeed_postcategory_id_seq; Type: SEQUENCE OWNED BY; Schema: public; Owner: wiki
--

ALTER SEQUENCE public.newsfeed_postcategory_id_seq OWNED BY public.newsfeed_postcategory.id;

--
-- Name: newsfeed_subscriber_id_seq; Type: SEQUENCE; Schema: public; Owner: wiki
--

CREATE SEQUENCE public.newsfeed_subscriber_id_seq
    START WITH 1
    INCREMENT BY 1
    NO MINVALUE
    NO MAXVALUE
    CACHE 1;


ALTER TABLE public.newsfeed_subscriber_id_seq OWNER TO wiki;

--
-- Name: newsfeed_subscriber_id_seq; Type: SEQUENCE OWNED BY; Schema: public; Owner: wiki
--

ALTER SEQUENCE public.newsfeed_subscriber_id_seq OWNED BY public.newsfeed_subscriber.id;


--
-- Name: api_actor id; Type: DEFAULT; Schema: public; Owner: wiki
--

ALTER TABLE ONLY public.api_actor ALTER COLUMN id SET DEFAULT nextval('public.api_actor_id_seq'::regclass);


--
-- Name: api_animationcatalog id; Type: DEFAULT; Schema: public; Owner: wiki
--

ALTER TABLE ONLY public.api_animationcatalog ALTER COLUMN id SET DEFAULT nextval('public.api_animationcatalog_id_seq'::regclass);


--
-- Name: api_animationcatalogfilelist id; Type: DEFAULT; Schema: public; Owner: wiki
--

ALTER TABLE ONLY public.api_animationcatalogfilelist ALTER COLUMN id SET DEFAULT nextval('public.api_animationcatalogfilelist_id_seq'::regclass);


--
-- Name: api_audiotrack id; Type: DEFAULT; Schema: public; Owner: wiki
--

ALTER TABLE ONLY public.api_audiotrack ALTER COLUMN id SET DEFAULT nextval('public.api_audiotrack_id_seq'::regclass);


--
-- Name: api_avatar id; Type: DEFAULT; Schema: public; Owner: wiki
--

ALTER TABLE ONLY public.api_avatar ALTER COLUMN id SET DEFAULT nextval('public.api_avatar_id_seq'::regclass);


--
-- Name: api_background id; Type: DEFAULT; Schema: public; Owner: wiki
--

ALTER TABLE ONLY public.api_background ALTER COLUMN id SET DEFAULT nextval('public.api_background_id_seq'::regclass);


--
-- Name: api_category id; Type: DEFAULT; Schema: public; Owner: wiki
--

ALTER TABLE ONLY public.api_category ALTER COLUMN id SET DEFAULT nextval('public.api_category_id_seq'::regclass);


--
-- Name: api_datasheet id; Type: DEFAULT; Schema: public; Owner: wiki
--

ALTER TABLE ONLY public.api_datasheet ALTER COLUMN id SET DEFAULT nextval('public.api_datasheet_id_seq'::regclass);


--
-- Name: api_historyunlockedmoves id; Type: DEFAULT; Schema: public; Owner: wiki
--

ALTER TABLE ONLY public.api_historyunlockedmoves ALTER COLUMN id SET DEFAULT nextval('public.api_historyunlockedmoves_id_seq'::regclass);


--
-- Name: api_move id; Type: DEFAULT; Schema: public; Owner: wiki
--

ALTER TABLE ONLY public.api_move ALTER COLUMN id SET DEFAULT nextval('public.api_move_id_seq'::regclass);


--
-- Name: api_move_actors id; Type: DEFAULT; Schema: public; Owner: wiki
--

ALTER TABLE ONLY public.api_move_actors ALTER COLUMN id SET DEFAULT nextval('public.api_move_actors_id_seq'::regclass);


--
-- Name: api_move_hashtags id; Type: DEFAULT; Schema: public; Owner: wiki
--

ALTER TABLE ONLY public.api_move_hashtags ALTER COLUMN id SET DEFAULT nextval('public.api_move_hashtags_id_seq'::regclass);


--
-- Name: api_move_muscles id; Type: DEFAULT; Schema: public; Owner: wiki
--

ALTER TABLE ONLY public.api_move_muscles ALTER COLUMN id SET DEFAULT nextval('public.api_move_muscles_id_seq'::regclass);


--
-- Name: api_move_tools id; Type: DEFAULT; Schema: public; Owner: wiki
--

ALTER TABLE ONLY public.api_move_tools ALTER COLUMN id SET DEFAULT nextval('public.api_move_tools_id_seq'::regclass);


--
-- Name: api_move_used_in_program id; Type: DEFAULT; Schema: public; Owner: wiki
--

ALTER TABLE ONLY public.api_move_used_in_program ALTER COLUMN id SET DEFAULT nextval('public.api_move_used_in_program_id_seq'::regclass);


--
-- Name: api_move_variations id; Type: DEFAULT; Schema: public; Owner: wiki
--

ALTER TABLE ONLY public.api_move_variations ALTER COLUMN id SET DEFAULT nextval('public.api_move_variations_id_seq'::regclass);


--
-- Name: api_moveinmovelist id; Type: DEFAULT; Schema: public; Owner: wiki
--

ALTER TABLE ONLY public.api_moveinmovelist ALTER COLUMN id SET DEFAULT nextval('public.api_moveinmovelist_id_seq'::regclass);


--
-- Name: api_movelist id; Type: DEFAULT; Schema: public; Owner: wiki
--

ALTER TABLE ONLY public.api_movelist ALTER COLUMN id SET DEFAULT nextval('public.api_movelist_id_seq'::regclass);


--
-- Name: api_movelist_hashtags id; Type: DEFAULT; Schema: public; Owner: wiki
--

ALTER TABLE ONLY public.api_movelist_hashtags ALTER COLUMN id SET DEFAULT nextval('public.api_movelist_hashtags_id_seq'::regclass);


--
-- Name: api_movelist_highscore id; Type: DEFAULT; Schema: public; Owner: wiki
--

ALTER TABLE ONLY public.api_movelist_highscore ALTER COLUMN id SET DEFAULT nextval('public.api_movelist_highscore_id_seq'::regclass);


--
-- Name: api_movelist_muscles id; Type: DEFAULT; Schema: public; Owner: wiki
--

ALTER TABLE ONLY public.api_movelist_muscles ALTER COLUMN id SET DEFAULT nextval('public.api_movelist_muscles_id_seq'::regclass);


--
-- Name: api_movelisthighscore id; Type: DEFAULT; Schema: public; Owner: wiki
--

ALTER TABLE ONLY public.api_movelisthighscore ALTER COLUMN id SET DEFAULT nextval('public.api_movelisthighscore_id_seq'::regclass);


--
-- Name: api_muscle id; Type: DEFAULT; Schema: public; Owner: wiki
--

ALTER TABLE ONLY public.api_muscle ALTER COLUMN id SET DEFAULT nextval('public.api_muscle_id_seq'::regclass);


--
-- Name: api_profilemovemeta id; Type: DEFAULT; Schema: public; Owner: wiki
--

ALTER TABLE ONLY public.api_profilemovemeta ALTER COLUMN id SET DEFAULT nextval('public.api_profilemovemeta_id_seq'::regclass);


--
-- Name: api_rightsholder id; Type: DEFAULT; Schema: public; Owner: wiki
--

ALTER TABLE ONLY public.api_rightsholder ALTER COLUMN id SET DEFAULT nextval('public.api_rightsholder_id_seq'::regclass);


--
-- Name: api_thresholds id; Type: DEFAULT; Schema: public; Owner: wiki
--

ALTER TABLE ONLY public.api_thresholds ALTER COLUMN id SET DEFAULT nextval('public.api_thresholds_id_seq'::regclass);


--
-- Name: api_tool id; Type: DEFAULT; Schema: public; Owner: wiki
--

ALTER TABLE ONLY public.api_tool ALTER COLUMN id SET DEFAULT nextval('public.api_tool_id_seq'::regclass);


--
-- Name: api_user_groups id; Type: DEFAULT; Schema: public; Owner: wiki
--

ALTER TABLE ONLY public.api_user_groups ALTER COLUMN id SET DEFAULT nextval('public.api_user_groups_id_seq'::regclass);


--
-- Name: api_user_user_permissions id; Type: DEFAULT; Schema: public; Owner: wiki
--

ALTER TABLE ONLY public.api_user_user_permissions ALTER COLUMN id SET DEFAULT nextval('public.api_user_user_permissions_id_seq'::regclass);


--
-- Name: auth_group id; Type: DEFAULT; Schema: public; Owner: wiki
--

ALTER TABLE ONLY public.auth_group ALTER COLUMN id SET DEFAULT nextval('public.auth_group_id_seq'::regclass);


--
-- Name: auth_group_permissions id; Type: DEFAULT; Schema: public; Owner: wiki
--

ALTER TABLE ONLY public.auth_group_permissions ALTER COLUMN id SET DEFAULT nextval('public.auth_group_permissions_id_seq'::regclass);


--
-- Name: auth_permission id; Type: DEFAULT; Schema: public; Owner: wiki
--

ALTER TABLE ONLY public.auth_permission ALTER COLUMN id SET DEFAULT nextval('public.auth_permission_id_seq'::regclass);


--
-- Name: django_admin_log id; Type: DEFAULT; Schema: public; Owner: wiki
--

ALTER TABLE ONLY public.django_admin_log ALTER COLUMN id SET DEFAULT nextval('public.django_admin_log_id_seq'::regclass);


--
-- Name: django_content_type id; Type: DEFAULT; Schema: public; Owner: wiki
--

ALTER TABLE ONLY public.django_content_type ALTER COLUMN id SET DEFAULT nextval('public.django_content_type_id_seq'::regclass);


--
-- Name: django_migrations id; Type: DEFAULT; Schema: public; Owner: wiki
--

ALTER TABLE ONLY public.django_migrations ALTER COLUMN id SET DEFAULT nextval('public.django_migrations_id_seq'::regclass);


--
-- Name: django_site id; Type: DEFAULT; Schema: public; Owner: wiki
--

ALTER TABLE ONLY public.django_site ALTER COLUMN id SET DEFAULT nextval('public.django_site_id_seq'::regclass);


--
-- Name: newsfeed_issue id; Type: DEFAULT; Schema: public; Owner: wiki
--

ALTER TABLE ONLY public.newsfeed_issue ALTER COLUMN id SET DEFAULT nextval('public.newsfeed_issue_id_seq'::regclass);


--
-- Name: newsfeed_newsletter id; Type: DEFAULT; Schema: public; Owner: wiki
--

ALTER TABLE ONLY public.newsfeed_newsletter ALTER COLUMN id SET DEFAULT nextval('public.newsfeed_newsletter_id_seq'::regclass);


--
-- Name: newsfeed_post id; Type: DEFAULT; Schema: public; Owner: wiki
--

ALTER TABLE ONLY public.newsfeed_post ALTER COLUMN id SET DEFAULT nextval('public.newsfeed_post_id_seq'::regclass);


--
-- Name: newsfeed_postcategory id; Type: DEFAULT; Schema: public; Owner: wiki
--

ALTER TABLE ONLY public.newsfeed_postcategory ALTER COLUMN id SET DEFAULT nextval('public.newsfeed_postcategory_id_seq'::regclass);


--
-- Data for Name: api_actor; Type: TABLE DATA; Schema: public; Owner: wiki
--

COPY public.api_actor (id, name, height, weight, sex) FROM stdin;
1	Christopher Woschitz	176	0	m
3	Patrick Grigo	182	0	m
4	Conny	160	0	w
6	Alex	171	0	m
7	Corinna	171	0	w
2	Tobias Winkler	171	0	m
5	Alexander Wengler	171	0	m
\.


--
-- Data for Name: api_animationcatalog; Type: TABLE DATA; Schema: public; Owner: wiki
--

COPY public.api_animationcatalog (id, name, full_name, updated_at, category, description, pictogram, price, video, sub_title, background_image) FROM stdin;
2	BD01	Breakdance	2023-06-30 09:50:28.480639+02	Dance - Breaking	Like the name suggest, rocking from the top	animationcatalog/BD.png	0	animationcatalog/video/breaking.webm	Top Rocks	animationcatalog/2/background_image_7oDkutN.png
4	LK01	Locking	2023-06-21 18:10:24.74039+02	Dance - Locking	Some elaborate description.	animationcatalog/LK.png	9.9		To the Point	animationcatalog/4/background_image_mN1iCbk.png
8	GM01	GameMove1	2023-06-21 18:10:38.524245+02				0			
1	PP01	Party Dance	2023-07-10 11:28:32.602434+02	Dance - Party	A Party Steps collection.	animationcatalog/1/pictogram.png	9.9		Party Party!	animationcatalog/1/background_image_e1PsBep.png
3	HH01	Hip Hop	2023-07-17 15:32:29.379959+02	Dance - HipHop	Lots to talk about ... lots.	animationcatalog/HH.png	19.9	animationcatalog/video/hiphop.webm	Urban Collection	animationcatalog/3/background_image_IYqkl9y.png
10	SA01	Salsa	2023-07-19 10:52:08.600399+02	Dance - Salsa		animationcatalog/10/pictogram.png	0		Ladystyle	animationcatalog/10/background_image.png
9	WO01	Workout	2023-06-28 08:49:50.069838+02			animationcatalog/9/pictogram.png	0		Bodyweight Classics	animationcatalog/9/background_image.png
\.


--
-- Data for Name: api_animationcatalogfilelist; Type: TABLE DATA; Schema: public; Owner: wiki
--

COPY public.api_animationcatalogfilelist (id, file_name, file, type, device, updated_at, catalog_id) FROM stdin;
24	lk01_catalog.json	catalog/LK01/Android/lk01_catalog_Zf4lMDX.json	2	2	2023-03-30	4
87	sa01_catalog.json	catalog/SA01/Android/sa01_catalog.json	2	2	2023-05-16	10
88	sa01_assets_all_be9b674e93178c05ed0cd68ac981f73b.bundle	catalog/SA01/iOS/sa01_assets_all_be9b674e93178c05ed0cd68ac981f73b.bundle	1	1	2023-05-16	10
136	pp01_assets_all_246dea347e2f42477c6a8e8cf741b697.bundle	catalog/PP01/Android/pp01_assets_all_246dea347e2f42477c6a8e8cf741b697.bundle	1	2	2023-06-30	1
137	pp01_catalog.hash	catalog/PP01/Android/pp01_catalog.hash	3	2	2023-06-30	1
19	lk01_assets_all_e7500f06a1187fa165b39c0d0fe94128.bundle	catalog/LK01/iOS/lk01_assets_all_e7500f06a1187fa165b39c0d0fe94128.bundle	1	1	2023-03-30	4
20	lk01_catalog.hash	catalog/LK01/iOS/lk01_catalog_hNZd2zF.hash	3	1	2023-03-30	4
21	lk01_catalog.json	catalog/LK01/iOS/lk01_catalog_wdoN8lO.json	2	1	2023-03-30	4
22	lk01_assets_all_e7500f06a1187fa165b39c0d0fe94128.bundle	catalog/LK01/Android/lk01_assets_all_e7500f06a1187fa165b39c0d0fe94128.bundle	1	2	2023-03-30	4
23	lk01_catalog.hash	catalog/LK01/Android/lk01_catalog_njsF5nX.hash	3	2	2023-03-30	4
138	pp01_catalog.json	catalog/PP01/Android/pp01_catalog.json	2	2	2023-06-30	1
139	pp01_assets_all_246dea347e2f42477c6a8e8cf741b697.bundle	catalog/PP01/iOS/pp01_assets_all_246dea347e2f42477c6a8e8cf741b697.bundle	1	1	2023-06-30	1
140	pp01_catalog.hash	catalog/PP01/iOS/pp01_catalog.hash	3	1	2023-06-30	1
141	pp01_catalog.json	catalog/PP01/iOS/pp01_catalog.json	2	1	2023-06-30	1
142	wo01_assets_all_894a7adf19dfc71dd70ff45b8f2503e6.bundle	catalog/WO01/iOS/wo01_assets_all_894a7adf19dfc71dd70ff45b8f2503e6.bundle	1	1	2023-07-13	9
3	bd01_assets_all_50557b3497966558e2fe3430db0ec853.bundle	catalog/BD01/iOS/bd01_assets_all_50557b3497966558e2fe3430db0ec853.bundle	1	1	2023-04-17	2
2	bd01_catalog.hash	catalog/BD01/iOS/bd01_catalog.hash	3	1	2023-04-17	2
1	bd01_catalog.json	catalog/BD01/iOS/bd01_catalog.json	2	1	2023-04-17	2
6	bd01_assets_all_50557b3497966558e2fe3430db0ec853.bundle	catalog/BD01/Android/bd01_assets_all_50557b3497966558e2fe3430db0ec853.bundle	1	2	2023-04-17	2
5	bd01_catalog.hash	catalog/BD01/Android/bd01_catalog.hash	3	2	2023-04-17	2
4	bd01_catalog.json	catalog/BD01/Android/bd01_catalog.json	2	2	2023-04-17	2
143	wo01_catalog.hash	catalog/WO01/iOS/wo01_catalog.hash	3	1	2023-07-13	9
144	wo01_catalog.json	catalog/WO01/iOS/wo01_catalog.json	2	1	2023-07-13	9
89	sa01_catalog.hash	catalog/SA01/iOS/sa01_catalog.hash	3	1	2023-05-16	10
90	sa01_catalog.json	catalog/SA01/iOS/sa01_catalog.json	2	1	2023-05-16	10
43	gm01_assets_all_581cad1eeba63e393c306766f5ad29bd.bundle	catalog/GM01/iOS/gm01_assets_all_581cad1eeba63e393c306766f5ad29bd.bundle	1	1	2023-04-13	8
44	gm01_catalog.hash	catalog/GM01/iOS/gm01_catalog.hash	3	1	2023-04-13	8
45	gm01_catalog.json	catalog/GM01/iOS/gm01_catalog.json	2	1	2023-04-13	8
46	gm01_assets_all_581cad1eeba63e393c306766f5ad29bd.bundle	catalog/GM01/Android/gm01_assets_all_581cad1eeba63e393c306766f5ad29bd.bundle	1	2	2023-04-13	8
47	gm01_catalog.hash	catalog/GM01/Android/gm01_catalog.hash	3	2	2023-04-13	8
48	gm01_catalog.json	catalog/GM01/Android/gm01_catalog.json	2	2	2023-04-13	8
148	wo01_assets_all_894a7adf19dfc71dd70ff45b8f2503e6.bundle	catalog/WO01/Android/wo01_assets_all_894a7adf19dfc71dd70ff45b8f2503e6.bundle	1	2	2023-07-13	9
149	wo01_catalog.hash	catalog/WO01/Android/wo01_catalog.hash	3	2	2023-07-13	9
150	wo01_catalog.json	catalog/WO01/Android/wo01_catalog.json	2	2	2023-07-13	9
151	hh01_assets_all_6a122c24c26e0c717a2fe1f48fdc1650.bundle	catalog/HH01/Android/hh01_assets_all_6a122c24c26e0c717a2fe1f48fdc1650.bundle	1	2	2023-07-17	3
152	hh01_catalog.hash	catalog/HH01/Android/hh01_catalog.hash	3	2	2023-07-17	3
153	hh01_catalog.json	catalog/HH01/Android/hh01_catalog.json	2	2	2023-07-17	3
154	hh01_assets_all_6a122c24c26e0c717a2fe1f48fdc1650.bundle	catalog/HH01/iOS/hh01_assets_all_6a122c24c26e0c717a2fe1f48fdc1650.bundle	1	1	2023-07-17	3
155	hh01_catalog.hash	catalog/HH01/iOS/hh01_catalog.hash	3	1	2023-07-17	3
156	hh01_catalog.json	catalog/HH01/iOS/hh01_catalog.json	2	1	2023-07-17	3
85	sa01_assets_all_be9b674e93178c05ed0cd68ac981f73b.bundle	catalog/SA01/Android/sa01_assets_all_be9b674e93178c05ed0cd68ac981f73b.bundle	1	2	2023-05-16	10
86	sa01_catalog.hash	catalog/SA01/Android/sa01_catalog.hash	3	2	2023-05-16	10
\.


--
-- Data for Name: api_audiotrack; Type: TABLE DATA; Schema: public; Owner: wiki
--

COPY public.api_audiotrack (id, file, nr, intro_count, bpm, category_1_id, category_2_id, category_3_id, original_filename, pickup, wiki_filename, catalog_id, seconds) FROM stdin;
1	audiotracks/Wikimoves-LastNightPartyLoopBpm114_90.wav		0	0	\N	\N	\N		0		\N	0
16		0	0	0	\N	\N	\N		0		\N	0
50		48	16	0	61	54	\N	Theevs - Kingdom Come	0	wo01_64_4	\N	0
51		49	4	0	61	54	\N	Guy Mar - Metatron	0	wo01_65.5_7	\N	0
52		50	32	0	61	54	\N	Asi C - Masor	0	wo01_75_10	\N	0
53		51	16	0	61	54	\N	Jasmine J Walker - The Queen	0	wo01_75_6	\N	0
54		52	16	0	61	54	\N	Alex Grohl - Burning Steel	0	wo01_87.5_3	\N	0
55		53	0	0	61	79	\N	Nsee - Bloom	0	yg01_118_1	\N	0
56		54	0	0	61	79	\N	Master Minded - Deep Dive	0	yg01_120_3	\N	0
57		55	0	0	61	79	\N	Semo & Ian Post - Earth & Heavens	0	yg01_85_2	\N	0
2		1	32	0	1	74	\N	Evgeny Bardyuzha - Final Lap	0	bd01_120_1	\N	0
3		2	32	0	1	74	\N	Skrxlla - Caution	0	bd01_120_3	\N	0
4		3	32	0	1	74	\N	son of augustinr & Bishki - Different Whip	8	bd01_140_2	\N	0
5		4	32	0	1	75	\N	Ofri Flint - Kick It	0	hh01_105_5	\N	0
6		5	16	0	1	75	\N	Wav Haven, Antony Mareo & Frank Bentley - Save Yourself	0	hh01_109_3	\N	0
7		6	32	0	1	75	\N	WEARETHEGOOD & Scootie Wop - Live in the Moment	0	hh01_118_10	\N	0
8		7	16	0	1	75	\N	Yarin Primak - Fumble the Bag	0	hh01_127.42_9	\N	0
9		8	32	0	1	75	\N	Vic Sage - 25 Freestyle	0	hh01_130.05_4	\N	0
10		9	16	0	1	75	\N	Frank Bentley & Anthony Mareo - Get Dangerous!	0	hh01_73_1	\N	0
11		10	16	0	1	75	\N	Vic Sage - No Way (feat. Cam Meekins)	0	hh01_80_11	\N	0
12		11	16	0	1	75	\N	son of augustinr & Bishki - Ask Me How	0	hh01_80_14	\N	0
13		12	16	0	1	75	\N	MILANO Extras - Throw a Fit	0	hh01_80_8	\N	0
14		13	32	0	1	75	\N	Ofrin - Mythologica	0	hh01_85_13	\N	0
15		14	32	0	1	75	\N	NAEMS - Better	0	hh01_90_6	\N	0
17		15	16	0	1	75	\N	TINAMINA - Dead to Me	0	hh01_94_2	\N	0
18		16	16	0	1	75	\N	Niahn ft. GRP - No Lie	0	hh01_95_12	\N	0
19		17	16	0	1	75	\N	Ms. Janette - Down	0	hh01_95_7	\N	0
20		18	32	0	1	75	\N	Asi C - Portal	4	hh01_97_15	\N	0
21		19	16	0	1	76	\N	Litos - Habalando	0	hs01_100_5	\N	0
22		20	0	0	1	76	\N	Zach Sorgen - Sugarsweet	2	hs01_109_3	\N	0
23		21	0	0	1	76	\N	daizychain & The Wildcardz - Magic	0	hs01_116_2	\N	0
24		22	0	0	1	76	\N	J.A.K. - Speed Of Light	4	hs01_116_4	\N	0
25		23	32	0	1	76	\N	Susie D7 - Never Thought It Was Real	0	hs01_72.49_1	\N	0
26		24	32	0	1	76	\N	Litos - Recuerdos Mios	0	hs01_92_4	\N	0
27		25	32	0	1	18	\N	Egozi - Jell-O	0	lk01_110_5	\N	0
28		26	32	0	1	18	\N	Creazy Ioco - Fork	0	lk01_114_2	\N	0
29		27	16	0	1	18	\N	Francesco D'Andrea - I Am Not Your Doll	0	lk01_116_3	\N	0
30		28	16	0	1	18	\N	Out of Flux - Chonklap!	0	lk01_118_1	\N	0
31		29	16	0	1	18	\N	The Originals - Freedom (feat. Roy Young, Peter Spacey & Ofrin)	0	lk01_118_6	\N	0
32		30	32	0	1	18	\N	Calm - Moonlight	0	lk01_120_1	\N	0
33		31	64	0	1	77	\N	Raidek - Primal	0	po01_150_1	\N	0
34		32	0	0	1	78	\N	Ben Fox & WEARETHEGOOD - Beautiful Catastrophe (Ben Fox Remix)	0	pp01_120_6	\N	0
35		33	0	0	1	78	\N	Young Rich Pixies - Hidden Cam	0	pp01_123_2	\N	0
36		34	16	0	1	78	\N	Jane & The Boy - OMW	0	pp01_123_8	\N	0
37		35	0	0	1	78	\N	RocknStock - Drive Ahead	2	pp01_81_5	\N	0
38		36	0	0	1	78	\N	Max H. - Happy Gypsy	0	pp01_90_3	\N	0
39		37	8	0	1	78	\N	Swirling Ship - Likes	0	pp01_90_4	\N	0
40		38	16	0	1	78	\N	Out of Flux - Punk'd	0	pp01_98_7	\N	0
41		39	32	0	1	67	\N	Anthony Vega - Streets of Havana	0	sa01_145.41_1	\N	0
42		40	32	0	1	67	\N	Bunker Buster - Bunker Buster Theme	0	sa01_90_2	\N	0
43		41	64	0	61	54	\N	Kryptos - Medusa	0	wo01_120_4	\N	0
44		42	32	0	61	54	\N	2050 - Better Than This	0	wo01_125_1	\N	0
45		43	0	0	61	54	\N	Curtis Cole - Bugs	0	wo01_128_11	\N	0
46		44	0	0	61	54	\N	Vettore - Power Rain	0	wo01_128_9	\N	0
47		45	32	0	61	54	\N	Yarin Primak - Rio Groove	0	wo01_130_3	\N	0
48		46	0	0	61	54	\N	Canon - Knocked Out	4	wo01_141_8	\N	0
49		47	16	0	61	54	\N	Yarin Primak - Speed Up	0	wo01_156_2	\N	0
\.


--
-- Data for Name: api_avatar; Type: TABLE DATA; Schema: public; Owner: wiki
--

COPY public.api_avatar (id, name, description, avatar_style) FROM stdin;
2	skeleton		{}
3	eva_alt		{}
5	eva		{}
7	aj		{}
8	elvis	big vegas	{}
9	megumi		{}
10	michelle		{}
11	granny		{}
13	xbot		{}
14	ybot		{}
15	wolfi		{}
16	futurebot		{}
26	hiphopeva	Hip Hop Eva	{}
27	AdamBBoy		{}
28	AdamHipHop		{}
29	AdamLocking		{}
30	EvaBGirl		{}
33	EvaYoga		{}
39	LowPolyEva		{"top": "4f72e3", "head": "3ec958", "shoes": "e34f6d", "bottom": "5be34f"}
6	adam		{}
35	Milli		{"top": "5be34f", "head": "3ec958", "shoes": "e34f6d", "bottom": "4f72e3 "}
37	EvaOne		{}
36	AdamOne		{}
45	AdamWire		{}
46	EvaGodlikeWire		{}
34	EvaSugar		{}
40	WireBot		{}
41	WBwhite	Wikibot M glossy	{}
42	WBFwhite	Wikibot W glossy	{}
43	WBwireVR	experimental	{}
32	EvaLocking		{}
38	WikiBot		{}
1	default_avatar		{"top": "4f72e3", "head": "3ec958", "shoes": "e34f6d", "bottom": "5be34f"}
31	EvaHipHop		{}
44	EvaGodlike		{}
\.


--
-- Data for Name: api_background; Type: TABLE DATA; Schema: public; Owner: wiki
--

COPY public.api_background (id, name) FROM stdin;
1	default_background
\.


--
-- Data for Name: api_category; Type: TABLE DATA; Schema: public; Owner: wiki
--

COPY public.api_category (id, name, description, pictogram, color_code, "position", show_as_filter, avatar_id, parent_id, preview_move_id) FROM stdin;
1	dance			376A6A	0	f	\N	\N	\N
68	salsa_on_1			#376A6A	0	f	\N	67	\N
20	xperimental			376A6A	6	f	\N	1	679
36	up_&_lock	-		#376A6A	0	t	\N	18	\N
42	clap			#376A6A	0	f	\N	18	\N
70	ladystyle_basic_program	-		#376A6A	0	f	\N	67	\N
44	party_dance			#376A6A	0	f	\N	1	\N
64	stretching			#376A6A	0	f	\N	54	\N
39	bring_ups	-		#376A6A	0	t	\N	18	\N
69	ladystyle_intermediate_program	-		#376A6A	0	f	\N	67	\N
45	top_rocks_2s	-		#376A6A	0	f	\N	2	\N
40	wrist_roll	-		#376A6A	0	t	\N	18	\N
74	breakdance			#376A6A	0	f	\N	1	\N
22	warmup	Hip Hop Warmup		#376A6A	0	f	26	12	\N
28	party-choreo			#376A6A	0	f	\N	17	\N
75	hip hop			#376A6A	0	f	\N	1	\N
7	warmup	-		376A6A	0	t	\N	2	\N
76	house			#376A6A	0	f	\N	1	\N
21	testpack	-		376A6A	5	f	30	1	\N
19	basics	-		376A6A	0	f	\N	12	\N
11	freezes	-		376A6A	0	t	\N	2	\N
51	hook_&_sling	-		#376A6A	0	t	\N	9	\N
37	go_downs	-		#376A6A	0	t	\N	18	\N
61	fitness			#376A6A	0	f	\N	\N	\N
47	top_rocks_kbc	-		#376A6A	0	f	\N	2	\N
16	basics_3			376A6A	3	f	\N	12	\N
63	cardiovescular			#376A6A	0	f	\N	54	\N
46	top_rocks_mt	-		#376A6A	0	f	\N	2	\N
67	salsa	-		#376A6A	0	t	\N	1	\N
29	warm_up			#376A6A	0	f	\N	2	\N
3	powermoves	-		376A6A	0	t	\N	2	\N
6	runs	-		376A6A	0	t	\N	2	\N
15	basics_1	-		376A6A	1	f	\N	18	\N
62	strength&cardiovescular			#376A6A	0	f	\N	54	\N
13	basics_2	-		376A6A	2	f	\N	18	\N
53	cross_step	-		#376A6A	0	t	\N	9	\N
23	idle			#376A6A	0	f	\N	49	\N
34	exercise			#376A6A	0	f	\N	2	\N
17	partypack	A dance party (also referred to as a dance) is a social gathering where dancing is the primary activity. Some dance parties are held in a casual setting and open to the public, such as a rave, or those held in nightclubs.\r\n\r\nOther types of dance parties may be a formal or semi-formal private event which often require guests to don formal wear and have an invitation or membership within the community hosting the event, such as school dances and cotillions.	categories/PA.png	#aa7942	4	t	33	1	68
27	gamemove			#376A6A	0	f	\N	1	\N
26	intro			#376A6A	0	f	\N	23	\N
52	kick_ball_change	-		#376A6A	0	t	\N	9	\N
24	outro			#376A6A	0	f	\N	23	\N
10	mills	-		376A6A	0	t	\N	3	\N
54	workout			#376A6A	0	f	\N	61	\N
48	top_rocks_cs	-		#376A6A	0	f	\N	2	\N
9	top_rocks	Rock It		376A6A	0	t	\N	2	\N
25	freestyle			#376A6A	0	f	\N	23	\N
41	footwork	-		#376A6A	0	t	\N	2	\N
35	points	-		#376A6A	0	t	\N	18	\N
38	pace	-		#376A6A	0	t	\N	18	\N
33	senior	Then Try Me		#376A6A	0	t	\N	49	\N
50	two_step	-		#376A6A	0	t	\N	9	\N
65	basic training			#376A6A	0	f	\N	12	\N
8	turtle			376A6A	0	f	\N	3	\N
4	spins			376A6A	0	f	\N	3	\N
55	bodyweight_workout			#376A6A	0	f	\N	54	\N
30	intermediate			#376A6A	0	f	\N	12	\N
5	flares	-		376A6A	0	t	\N	3	\N
43	_			#376A6A	0	f	\N	36	\N
2	breaking	Breakdancing, also called breaking or b-boying/b-girling, is an athletic style of street dance originating exclusively by African American communities in the United States. Breakdancing mainly consists of four kinds of movement: toprock, downrock, power moves and freezes. Breakdancing is typically set to songs containing drum breaks, especially in hip-hop, funk, soul music and breakbeat music, although modern trends allow for much wider varieties of music along certain ranges of tempo and beat patterns.	categories/BD.png	#ff2600	1	t	36	1	151
80	ladystyle			#376A6A	0	f	\N	67	\N
49	partydance			#376A6A	0	f	\N	1	\N
14	choreo	-		376A6A	4	t	\N	12	\N
32	junior	Try Me		#376A6A	0	t	\N	49	\N
31	pro			#376A6A	0	f	\N	12	\N
73	ladystyle_basic	-		#376A6A	0	t	\N	67	\N
71	ladystyle_intermediate	-		#376A6A	0	t	\N	67	\N
77	popping			#376A6A	0	f	\N	1	\N
66	warm up			#376A6A	0	f	\N	12	\N
18	locking	Locking is a style of funk dance, which is today also associated with hip hop. The name is based on the concept of locking movements, which means freezing from a fast movement and "locking" in a certain position, holding that position for a short while and then continuing at the same speed as before. It relies on fast and distinct arm and hand movements combined with more relaxed hips and legs. The movements are generally large and exaggerated, and often very rhythmic and tightly synced with the music. Locking is performance oriented, often interacting with the audience by smiling or giving them a high five, and some moves are quite comical.	categories/LK.png	#00f900	3	t	36	1	648
78	party			#376A6A	0	f	\N	1	\N
72	ladystyle_basic_			#376A6A	0	f	\N	67	\N
12	hiphop	Hip hop dance is a range of street dance styles primarily performed to hip hop music or that have evolved as part of hip hop culture. It is influenced by a wide range of styles that were created in the 1970s and made popular by dance crews in the United States. The television show Soul Train and the 1980s films Breakin', Beat Street, and Wild Style showcased these crews and dance styles in their early stages; therefore, giving hip-hop dance mainstream exposure.	categories/HH.png	#942192	2	t	31	1	406
79	yoga			#376A6A	0	f	\N	61	\N
\.


--
-- Data for Name: api_datasheet; Type: TABLE DATA; Schema: public; Owner: wiki
--

COPY public.api_datasheet (id, file, original_file_name, created_at, updated_at) FROM stdin;
11	datasheets/Data_Production_sheet_-_LK0117.csv	Data Production sheet - LK01(17).csv	2023-01-12 17:29:03.913+01	2023-04-04 15:21:24.984699+02
10	datasheets/Data_Production_sheet_-_PP0139.csv	Data Production sheet - PP01(39).csv	2022-12-14 09:48:55.746+01	2023-07-10 11:28:29.305384+02
9	datasheets/Data_Production_sheet_-_HH0143.csv	Data Production sheet - HH01(43).csv	2022-12-13 16:57:02.889+01	2023-07-17 15:32:26.95772+02
17	datasheets/Data_Production_sheet_-_SA0117.csv	Data Production sheet - SA01(17).csv	2023-05-12 13:21:12.787873+02	2023-07-19 10:52:06.310395+02
13	datasheets/Data_Production_sheet_-_GM019.csv	Data Production sheet - GM01(9).csv	2023-02-07 08:21:02.778763+01	2023-04-13 14:58:27.384769+02
15	datasheets/Data_Production_sheet_-_WO018.csv	Data Production sheet - WO01(8).csv	2023-04-25 18:06:35.508831+02	2023-06-28 08:49:47.269876+02
14	datasheets/Data_Production_sheet_-_BD0120.csv	Data Production sheet - BD01(20).csv	2023-02-23 13:10:02.967696+01	2023-06-30 09:50:26.246225+02
\.


--
-- Data for Name: api_favouritlist; Type: TABLE DATA; Schema: public; Owner: wiki
--

COPY public.api_favouritlist (movelist_ptr_id, "isDefault", shared) FROM stdin;
96	f	f
196	f	f
197	f	f
198	t	f
199	t	f
200	f	f
201	f	f
206	f	f
207	f	f
210	f	f
211	f	f
216	f	f
217	f	f
218	t	f
219	t	f
221	f	f
222	f	f
240	t	f
241	f	f
242	t	f
249	t	f
250	t	f
1885	t	f
1797	f	f
1838	t	f
1841	f	f
1799	f	f
1802	t	f
1805	t	f
1844	t	f
1792	t	f
2356	f	t
2057	t	f
1889	t	f
1812	t	f
1816	t	f
1819	f	f
1822	t	f
1825	f	f
1827	f	f
1830	f	f
1834	f	f
2359	f	t
2362	t	t
2365	t	t
1930	t	f
2415	t	f
2688	t	t
1891	t	f
1898	f	f
1897	f	f
2373	t	f
1808	t	f
1861	t	f
1864	t	f
1867	t	f
1872	f	f
1873	f	f
1876	t	f
1847	t	f
2496	t	f
1879	f	f
1882	t	f
2685	t	f
2380	f	t
2451	t	t
2453	t	f
2411	t	t
2490	t	f
2051	t	t
2470	t	f
2960	t	f
2939	t	t
2467	t	f
2058	t	t
2139	t	f
2487	t	t
2624	t	f
1913	t	t
2957	t	f
2963	t	f
2966	t	f
2969	t	f
2448	t	f
2942	t	f
2627	t	f
2943	t	f
2567	t	t
2666	t	f
2669	t	f
2946	f	f
2949	f	t
2663	t	f
2672	t	f
2199	t	f
2202	t	f
2205	t	f
2208	t	f
2211	t	f
2214	t	f
2217	t	f
2220	t	f
2223	t	f
2226	t	f
2229	t	f
2233	t	f
2241	t	f
2244	t	f
2247	t	f
2250	t	f
2253	t	f
2294	t	f
2298	t	f
2301	t	f
2305	t	t
2308	t	t
2311	t	t
2314	t	t
2317	t	t
2408	t	t
2421	t	t
2340	f	t
2343	t	f
2346	f	t
2349	t	f
2678	t	f
2383	t	f
2424	f	t
2414	t	t
2427	f	t
2430	f	t
2433	f	t
2436	f	t
2368	t	f
2386	t	f
2389	t	f
2675	t	f
2395	t	f
2398	t	f
2681	t	f
2405	t	f
2684	f	f
2439	t	f
2442	t	f
2418	t	f
2445	f	f
2499	t	f
2493	t	f
2484	t	f
2953	t	t
2978	t	t
2502	t	f
2954	t	f
2981	t	f
2598	t	f
2997	t	f
2985	t	f
3001	t	f
2994	t	f
3009	t	f
2987	t	t
3004	t	f
3007	t	f
3013	t	f
3016	t	t
3019	t	f
3022	f	f
3024	f	f
3029	t	f
3032	t	f
3035	t	f
3038	t	f
3040	t	f
3043	t	f
3048	t	f
1795	t	f
1848	t	f
1798	t	f
1803	t	f
1851	t	f
1857	t	f
1859	t	f
1862	t	f
2357	f	t
2360	f	t
2070	t	t
2363	f	t
2366	t	t
2370	t	f
2372	t	f
2375	t	f
1839	f	f
1806	t	f
1842	f	f
1845	t	f
1800	t	f
1809	t	f
1870	f	f
1813	t	f
1815	f	f
1817	f	f
1820	t	f
1823	f	f
1826	t	f
1828	f	f
1868	f	f
1541	t	f
2623	t	f
2378	f	t
1874	t	f
1831	t	f
1877	f	f
1880	f	f
2625	t	f
1895	f	f
3044	t	f
1836	t	f
1883	t	f
2440	t	f
2381	t	f
1598	t	f
1929	t	t
2416	t	t
2454	t	f
2055	t	f
2500	t	f
1892	t	f
2482	t	f
2104	t	f
2140	t	f
3023	t	f
2661	t	t
2664	t	f
2667	t	f
3020	t	f
2673	t	f
2676	t	f
2679	t	f
2682	t	f
1902	t	t
3026	t	f
2947	t	f
2950	f	t
2955	f	f
2958	t	f
2961	t	f
2200	t	f
2203	t	f
2206	t	f
2209	t	f
2212	t	f
2215	t	f
2218	t	f
2221	t	f
2224	t	f
2227	t	f
2230	t	f
2236	t	f
2242	t	f
2245	t	f
2248	t	f
2251	t	f
2254	t	f
2291	t	f
2296	t	f
2964	t	f
2300	t	f
2059	t	t
2303	t	t
2306	t	t
2491	t	f
2309	t	t
2312	t	t
2315	t	t
2318	f	t
2384	t	f
2338	f	t
2341	f	t
2344	t	f
2347	f	t
2497	t	f
2350	t	f
2970	t	f
2352	t	f
2355	t	f
2967	t	f
2393	t	f
2940	t	f
2935	t	t
2988	t	f
2446	t	f
2419	t	t
2422	t	t
2425	t	t
2428	f	t
2431	f	t
2409	t	f
2434	f	t
2437	t	f
2992	f	f
2503	t	f
2449	t	f
2485	t	t
2568	t	f
2488	t	f
2452	t	f
2412	t	t
3008	t	f
2689	t	f
2670	t	f
2982	t	f
3010	t	f
3014	t	f
3017	t	t
2944	t	f
2998	t	f
3002	t	f
3005	t	f
2986	t	f
3041	t	f
3049	t	f
3030	t	f
3033	t	f
3036	t	f
3039	t	f
1837	f	f
1840	f	f
1843	t	f
1860	t	f
1893	f	f
1866	t	f
1871	f	f
1869	t	f
1849	t	f
1762	f	f
1852	t	f
1796	t	f
1804	t	f
1807	t	f
1811	f	f
1814	f	f
1818	f	f
1821	f	f
1824	f	f
1833	f	f
1829	t	f
1832	t	f
2060	t	f
2358	f	t
1875	t	f
1878	f	f
1881	f	f
2361	f	t
2364	f	t
1801	t	f
2049	t	t
1959	t	t
2053	t	t
2056	t	f
1888	t	f
1887	t	f
1884	t	f
2569	t	t
2492	t	f
2379	f	t
2441	t	f
2489	t	t
2956	t	f
2959	t	f
2466	t	f
2105	t	t
2965	t	f
2941	t	f
2962	t	f
2968	t	f
2665	t	f
2662	t	f
2668	t	f
2671	t	f
2674	t	f
2677	t	f
2680	t	f
2683	f	f
1932	t	f
2198	t	f
2201	t	f
2204	t	f
2207	t	f
2210	t	f
2213	t	f
2216	t	f
2219	t	f
2222	t	f
2225	t	f
2228	t	f
2231	t	f
2240	t	f
2243	t	f
2246	t	f
2249	t	f
2252	t	f
2255	t	f
2948	f	f
2304	t	t
2307	t	t
2310	t	t
2313	t	t
2316	t	t
2319	f	t
2382	t	f
2339	f	t
2945	t	f
2367	t	f
2432	t	f
2420	t	f
2417	t	t
2348	t	f
2423	f	t
2429	f	t
2385	t	f
2996	t	t
2388	t	f
2391	t	f
2971	t	f
2397	t	f
2400	t	f
2402	t	f
2407	t	f
2351	t	t
2435	f	t
2990	t	f
2977	t	f
2980	f	f
2410	t	f
2951	t	t
2483	t	f
2447	t	f
2450	t	f
2438	t	f
2687	t	t
2495	t	f
3000	t	f
3003	t	f
3006	t	f
2486	t	f
2690	t	f
3012	t	f
3021	t	f
2501	t	f
3015	t	f
3018	t	f
2984	t	f
2993	f	f
3028	t	f
3031	t	f
3034	t	f
3037	t	f
3042	t	f
3045	f	f
3046	f	f
3047	f	f
\.


--
-- Data for Name: api_hashtag; Type: TABLE DATA; Schema: public; Owner: wiki
--

COPY public.api_hashtag (name) FROM stdin;
dance
party
basic
buildup
core
\.


--
-- Data for Name: api_historyunlockedmoves; Type: TABLE DATA; Schema: public; Owner: wiki
--

COPY public.api_historyunlockedmoves (id, created_at, move_id, user_id) FROM stdin;
1	2023-01-16 17:38:42.878+01	409	1
2	2023-01-16 17:57:57.862+01	11	1
3	2023-01-16 17:58:05.736+01	31	1
4	2023-01-16 21:33:08.685+01	475	2
5	2023-01-16 21:33:08.692+01	39	2
6	2023-01-16 21:34:26.081+01	24	2
7	2023-01-16 21:34:26.089+01	450	2
8	2023-01-16 21:35:42.899+01	11	2
9	2023-01-16 21:35:42.906+01	110	2
10	2023-01-16 21:36:59.797+01	112	2
11	2023-01-16 21:36:59.806+01	63	2
12	2023-01-16 21:38:16.791+01	452	2
13	2023-01-16 21:38:16.8+01	103	2
14	2023-01-16 21:39:34.008+01	472	2
15	2023-01-16 21:39:34.017+01	536	2
16	2023-01-16 22:03:59.272+01	490	2
17	2023-01-16 22:03:59.279+01	82	2
18	2023-01-16 22:06:20.117+01	101	2
19	2023-01-16 22:06:20.126+01	86	2
20	2023-01-16 22:08:13.165+01	45	2
21	2023-01-16 22:08:13.173+01	67	2
22	2023-01-16 22:10:24.434+01	83	2
23	2023-01-16 22:10:24.446+01	30	2
24	2023-01-16 22:12:31.538+01	25	2
25	2023-01-16 22:12:31.547+01	28	2
26	2023-01-16 22:14:38.647+01	79	2
27	2023-01-16 22:14:38.655+01	108	2
28	2023-01-17 09:30:01.012+01	695	1
29	2023-01-17 09:30:01.028+01	68	1
30	2023-01-17 15:35:20.343+01	423	2
31	2023-01-17 15:54:58.234+01	130	1
32	2023-01-17 18:45:58.478+01	407	2
33	2023-01-17 18:46:03.753+01	411	2
34	2023-01-17 18:46:06.964+01	420	2
35	2023-01-17 18:46:34.051+01	416	2
36	2023-01-17 18:46:40.252+01	437	2
37	2023-01-17 18:46:52.06+01	453	2
38	2023-01-17 18:47:03.753+01	484	2
39	2023-01-17 18:47:14.972+01	462	2
40	2023-01-17 18:47:43.192+01	497	2
41	2023-01-17 18:48:11.51+01	444	2
42	2023-01-17 18:48:19.033+01	470	2
43	2023-01-17 18:48:39.311+01	415	2
44	2023-01-17 20:03:29.717+01	742	2
45	2023-01-17 20:03:29.733+01	432	2
46	2023-01-17 20:03:34.142+01	425	2
47	2023-01-17 20:03:37.629+01	426	2
48	2023-01-17 22:51:27.139428+01	98	2
49	2023-01-17 22:51:27.147689+01	751	2
50	2023-01-18 06:59:28.112061+01	630	1
51	2023-01-18 06:59:28.126281+01	119	1
52	2023-01-18 12:19:40.647263+01	113	1
53	2023-01-18 14:09:58.06092+01	428	2
54	2023-01-18 14:10:02.392431+01	412	2
55	2023-01-18 14:10:05.90017+01	410	2
56	2023-01-19 17:57:57.061361+01	182	2
57	2023-01-19 17:58:04.809722+01	119	2
58	2023-01-20 00:47:19.924713+01	629	1
59	2023-01-20 06:13:08.509878+01	778	2
60	2023-01-20 06:13:08.522846+01	809	2
61	2023-01-20 06:14:20.15308+01	741	2
62	2023-01-20 06:14:20.160792+01	4	2
63	2023-01-20 06:15:31.811412+01	756	2
64	2023-01-20 06:15:31.819398+01	776	2
65	2023-01-20 06:16:43.503453+01	797	2
66	2023-01-20 06:16:43.511951+01	752	2
67	2023-01-20 06:18:05.098778+01	807	2
68	2023-01-20 06:18:05.108887+01	799	2
69	2023-01-20 06:18:05.118426+01	128	2
70	2023-01-20 13:06:32.102913+01	416	1
71	2023-01-20 15:45:03.165036+01	169	2
72	2023-01-20 15:45:09.064918+01	142	2
73	2023-01-20 16:04:08.153142+01	775	2
74	2023-01-20 16:04:08.167545+01	212	2
76	2023-01-20 16:04:08.197865+01	217	2
77	2023-01-20 16:04:08.20594+01	191	2
78	2023-01-20 16:04:08.214204+01	753	2
79	2023-01-20 16:04:08.222061+01	234	2
80	2023-01-20 16:04:08.229731+01	409	2
81	2023-01-20 16:04:08.237692+01	215	2
82	2023-01-20 16:04:08.246026+01	7	2
83	2023-01-20 16:04:08.254207+01	210	2
84	2023-01-20 16:04:08.261566+01	166	2
85	2023-01-20 16:04:08.268881+01	207	2
86	2023-01-20 16:04:08.276462+01	481	2
87	2023-01-20 16:04:08.284259+01	704	2
88	2023-01-20 16:04:08.292479+01	102	2
89	2023-01-20 16:04:08.314716+01	496	2
90	2023-01-20 16:04:08.331179+01	473	2
91	2023-01-20 16:04:08.346862+01	810	2
92	2023-01-20 16:04:08.354213+01	492	2
93	2023-01-20 16:04:08.361524+01	178	2
94	2023-01-20 16:04:08.37031+01	187	2
95	2023-01-20 16:04:08.377938+01	466	2
96	2023-01-20 16:04:08.384846+01	19	2
97	2023-01-20 16:04:08.393672+01	231	2
98	2023-01-20 16:04:08.401749+01	818	2
99	2023-01-20 16:04:08.410012+01	240	2
100	2023-01-20 16:04:08.420973+01	242	2
101	2023-01-20 16:04:08.431364+01	457	2
102	2023-01-20 16:04:08.442376+01	479	2
103	2023-01-20 16:04:08.450769+01	75	2
104	2023-01-20 16:04:08.45822+01	745	2
105	2023-01-20 16:04:08.466167+01	204	2
106	2023-01-20 16:04:08.476371+01	800	2
107	2023-01-20 16:04:08.48316+01	526	2
109	2023-01-20 16:04:08.497176+01	9	2
110	2023-01-20 16:04:08.504591+01	774	2
111	2023-01-20 16:04:08.511495+01	66	2
112	2023-01-20 16:04:08.520556+01	803	2
113	2023-01-20 16:04:08.527524+01	504	2
114	2023-01-20 16:04:08.534415+01	241	2
115	2023-01-20 16:04:08.541232+01	227	2
116	2023-01-20 16:04:08.548713+01	804	2
117	2023-01-20 16:04:08.556297+01	647	2
118	2023-01-20 16:04:08.5634+01	498	2
119	2023-01-20 16:04:08.57502+01	525	2
120	2023-01-20 21:24:38.97013+01	117	1
121	2023-01-20 21:27:01.6851+01	235	1
122	2023-01-20 21:27:01.696493+01	244	1
123	2023-01-20 21:27:01.708458+01	221	1
124	2023-01-20 21:27:01.721039+01	660	1
125	2023-01-20 21:27:01.733855+01	57	1
126	2023-01-20 21:27:01.746487+01	240	1
127	2023-01-20 21:27:01.759214+01	425	1
128	2023-01-20 21:27:01.772137+01	637	1
129	2023-01-20 21:27:01.784607+01	635	1
130	2023-01-20 21:27:01.797199+01	112	1
131	2023-01-20 21:27:01.808683+01	186	1
132	2023-01-20 21:27:01.819425+01	643	1
133	2023-01-20 21:27:01.83141+01	486	1
134	2023-01-20 21:27:01.840547+01	13	1
135	2023-01-20 21:27:01.849237+01	720	1
136	2023-01-20 21:27:01.857539+01	712	1
137	2023-01-20 21:27:01.865811+01	63	1
138	2023-01-20 21:27:01.875323+01	640	1
139	2023-01-20 21:27:01.883138+01	213	1
140	2023-01-20 21:27:01.892972+01	692	1
141	2023-01-20 21:27:01.901653+01	166	1
142	2023-01-20 21:27:01.910282+01	463	1
143	2023-01-20 21:27:01.91844+01	704	1
144	2023-01-20 21:27:01.930795+01	214	1
145	2023-01-20 21:27:01.939014+01	751	1
146	2023-01-20 21:27:01.946927+01	691	1
147	2023-01-20 21:27:01.954674+01	508	1
148	2023-01-20 21:27:01.962097+01	474	1
149	2023-01-20 21:27:01.969173+01	440	1
150	2023-01-20 21:27:01.976322+01	158	1
151	2023-01-20 21:27:01.984173+01	684	1
152	2023-01-20 21:27:01.992055+01	570	1
153	2023-01-20 21:27:02.000633+01	77	1
154	2023-01-20 21:27:02.008173+01	58	1
155	2023-01-20 21:27:02.015016+01	100	1
156	2023-01-20 21:27:02.021747+01	192	1
157	2023-01-20 21:27:02.02863+01	218	1
158	2023-01-20 21:27:02.035559+01	180	1
159	2023-01-20 21:27:02.042391+01	740	1
160	2023-01-20 21:27:02.04904+01	80	1
161	2023-01-20 21:27:02.056123+01	647	1
162	2023-01-20 21:27:02.063545+01	663	1
163	2023-01-20 21:27:02.073411+01	59	1
164	2023-01-20 21:27:02.081865+01	737	1
165	2023-01-20 21:27:06.522957+01	747	1
166	2023-01-21 16:23:32.032132+01	6	2
167	2023-01-21 17:12:59.796005+01	15	2
168	2023-01-22 16:05:18.346966+01	696	2
169	2023-01-22 16:05:18.357543+01	60	2
170	2023-01-22 16:05:18.370325+01	245	2
172	2023-01-22 16:05:18.395704+01	220	2
173	2023-01-22 16:05:18.406934+01	136	2
174	2023-01-22 16:05:18.418425+01	84	2
175	2023-01-22 16:05:18.428557+01	750	2
176	2023-01-22 16:05:18.43862+01	714	2
178	2023-01-22 16:05:18.463196+01	740	2
179	2023-01-22 16:05:18.474709+01	438	2
180	2023-01-22 16:05:18.492238+01	441	2
181	2023-01-22 16:05:18.500859+01	216	2
182	2023-01-22 16:05:18.515153+01	113	2
183	2023-01-22 16:05:18.526447+01	744	2
184	2023-01-22 16:05:18.538766+01	507	2
185	2023-01-22 16:05:18.550432+01	630	2
186	2023-01-22 16:05:18.564002+01	193	2
188	2023-01-22 16:05:18.590619+01	175	2
189	2023-01-22 16:05:18.602334+01	208	2
190	2023-01-22 16:05:18.610729+01	106	2
191	2023-01-22 16:05:18.62255+01	454	2
192	2023-01-22 16:05:18.647202+01	710	2
193	2023-01-22 16:05:18.673442+01	722	2
194	2023-01-22 16:05:18.691866+01	190	2
195	2023-01-22 16:05:18.714027+01	449	2
196	2023-01-22 16:05:18.738451+01	218	2
197	2023-01-22 16:05:18.766273+01	747	2
198	2023-01-22 16:05:18.78669+01	501	2
199	2023-01-22 16:05:18.81547+01	424	2
200	2023-01-22 16:05:18.834558+01	506	2
201	2023-01-22 16:05:18.866534+01	81	2
202	2023-01-22 16:05:18.890369+01	488	2
203	2023-01-22 16:05:18.916863+01	703	2
204	2023-01-22 16:05:18.939268+01	456	2
205	2023-01-22 16:05:18.968099+01	221	2
206	2023-01-22 16:05:18.987874+01	139	2
207	2023-01-22 16:05:19.010588+01	533	2
208	2023-01-22 16:05:19.040405+01	38	2
209	2023-01-22 16:05:19.066134+01	228	2
210	2023-01-22 16:05:19.086367+01	180	2
211	2023-01-22 16:06:45.423572+01	181	2
212	2023-01-22 16:06:45.432766+01	719	2
213	2023-01-22 16:06:45.448852+01	746	2
214	2023-01-22 16:06:45.457296+01	664	2
215	2023-01-22 16:06:45.465611+01	487	2
216	2023-01-22 16:06:45.473794+01	238	2
217	2023-01-22 16:06:45.480838+01	179	2
218	2023-01-22 16:06:45.487611+01	12	2
219	2023-01-22 16:06:45.494777+01	436	2
220	2023-01-22 16:06:45.507628+01	645	2
221	2023-01-22 16:06:45.520693+01	524	2
222	2023-01-22 16:06:45.531542+01	564	2
223	2023-01-22 16:06:45.54597+01	222	2
224	2023-01-22 16:06:45.554324+01	687	2
225	2023-01-22 16:06:45.566324+01	44	2
226	2023-01-22 16:06:45.599113+01	483	2
228	2023-01-22 16:06:45.632357+01	188	2
229	2023-01-22 16:06:45.650576+01	158	2
230	2023-01-22 16:06:45.667663+01	57	2
231	2023-01-22 16:06:45.681058+01	132	2
232	2023-01-22 16:06:45.694808+01	683	2
233	2023-01-22 16:06:45.705667+01	640	2
234	2023-01-22 16:06:45.718306+01	519	2
235	2023-01-22 16:06:45.729563+01	80	2
236	2023-01-22 16:06:45.742317+01	174	2
237	2023-01-22 16:06:45.753247+01	58	2
238	2023-01-22 16:06:45.766211+01	177	2
239	2023-01-22 16:06:45.779793+01	491	2
240	2023-01-22 16:06:45.794523+01	517	2
241	2023-01-22 16:06:45.806473+01	708	2
242	2023-01-22 16:06:45.819842+01	516	2
243	2023-01-22 16:06:45.834239+01	442	2
244	2023-01-22 16:06:45.845474+01	114	2
245	2023-01-22 16:06:45.858356+01	447	2
246	2023-01-22 16:06:45.87416+01	120	2
247	2023-01-22 16:06:45.886108+01	115	2
248	2023-01-22 16:06:45.900517+01	430	2
249	2023-01-22 16:06:45.914405+01	735	2
250	2023-01-22 16:06:45.926307+01	685	2
251	2023-01-22 16:06:45.938332+01	711	2
252	2023-01-22 16:06:45.948318+01	209	2
253	2023-01-22 16:06:45.960122+01	455	2
254	2023-01-23 08:32:43.555017+01	74	1
255	2023-01-23 14:03:57.586312+01	749	2
256	2023-01-23 18:25:50.805426+01	31	2
257	2023-01-23 19:48:11.791936+01	689	2
258	2023-01-23 19:48:16.564833+01	688	2
259	2023-01-23 21:02:31.531557+01	491	1
260	2023-01-23 21:02:31.544501+01	132	1
261	2023-01-23 21:21:33.633455+01	677	2
262	2023-01-23 21:23:24.363481+01	74	2
263	2023-01-23 21:25:14.986815+01	755	2
264	2023-01-23 21:27:05.550569+01	99	2
265	2023-01-23 21:28:56.578191+01	105	2
266	2023-01-23 21:30:46.911643+01	3	2
267	2023-01-23 22:36:35.834717+01	662	2
268	2023-01-23 22:36:44.440143+01	659	2
269	2023-01-23 22:36:46.922876+01	651	2
270	2023-01-23 22:36:49.795107+01	658	2
271	2023-01-24 00:36:48.240555+01	686	2
272	2023-01-24 00:38:38.950015+01	782	2
273	2023-01-24 00:41:56.018846+01	701	2
274	2023-01-24 01:21:17.645982+01	435	2
275	2023-01-24 01:23:49.992616+01	709	2
276	2023-01-24 01:26:22.081431+01	478	2
277	2023-01-24 01:53:39.338275+01	5	2
278	2023-01-24 01:53:39.353222+01	634	2
279	2023-01-24 01:56:05.227192+01	657	2
280	2023-01-24 08:29:28.139346+01	748	2
281	2023-01-24 08:31:21.324533+01	96	2
282	2023-01-24 08:33:15.017544+01	733	2
283	2023-01-24 08:35:15.951962+01	55	2
284	2023-01-24 08:37:09.57511+01	790	2
285	2023-01-24 19:07:57.082134+01	406	2
286	2023-01-24 23:11:05.132238+01	29	2
287	2023-01-24 23:17:15.051746+01	639	2
288	2023-01-25 06:48:57.790641+01	406	1
289	2023-01-25 09:26:08.28273+01	136	1
290	2023-01-25 09:40:29.546736+01	16	2
291	2023-01-25 09:46:42.312446+01	422	2
292	2023-01-25 09:49:04.376166+01	783	2
293	2023-01-25 09:51:17.430691+01	429	2
294	2023-01-25 11:27:09.07608+01	665	2
295	2023-01-25 11:31:53.66148+01	643	2
296	2023-01-25 13:20:10.907206+01	168	1
297	2023-01-25 13:30:55.138219+01	732	2
298	2023-01-25 14:14:44.916838+01	407	1
299	2023-01-25 14:14:47.419464+01	412	1
300	2023-01-25 14:14:50.613163+01	415	1
301	2023-01-25 15:37:22.985745+01	414	2
302	2023-01-25 15:50:20.208349+01	666	2
303	2023-01-25 17:29:11.945646+01	665	1
304	2023-01-25 20:06:19.919554+01	134	2
305	2023-01-25 21:43:29.524086+01	502	2
306	2023-01-26 11:48:52.068941+01	775	1
307	2023-01-26 13:18:06.823033+01	517	1
308	2023-01-26 15:25:01.657345+01	414	1
309	2023-01-26 15:32:29.697133+01	422	1
310	2023-01-26 18:25:06.043114+01	434	2
311	2023-01-26 18:52:13.450771+01	50	2
312	2023-01-26 18:55:33.976425+01	17	2
313	2023-01-26 18:57:14.171807+01	47	2
314	2023-01-26 20:08:03.936719+01	35	2
315	2023-01-26 20:09:36.046077+01	56	2
316	2023-01-26 20:11:07.760406+01	36	2
317	2023-01-27 03:42:51.956986+01	736	2
318	2023-01-27 03:45:52.434189+01	68	2
319	2023-01-27 03:55:27.309197+01	104	2
320	2023-01-27 03:58:15.223927+01	109	2
321	2023-01-27 04:01:03.22934+01	107	2
322	2023-01-27 04:06:59.975218+01	43	2
323	2023-01-27 04:08:36.458588+01	10	2
324	2023-01-27 04:11:57.829012+01	46	2
325	2023-01-27 04:15:15.248819+01	62	2
326	2023-01-27 04:16:47.494054+01	61	2
327	2023-01-27 04:20:00.572717+01	26	2
328	2023-01-27 04:28:03.292202+01	1	2
329	2023-01-27 04:29:39.811916+01	2	2
330	2023-01-27 04:32:40.298206+01	37	2
331	2023-01-27 04:35:40.850557+01	13	2
332	2023-01-27 04:38:45.551954+01	49	2
333	2023-01-27 04:40:26.216498+01	52	2
334	2023-01-27 04:49:09.47049+01	32	2
335	2023-01-27 09:42:16.019652+01	783	1
336	2023-01-27 17:23:57.296016+01	408	1
337	2023-01-27 17:24:07.73319+01	506	1
338	2023-01-27 23:17:06.751803+01	443	2
339	2023-01-27 23:22:53.603758+01	692	2
340	2023-01-28 05:17:12.950767+01	201	2
341	2023-01-28 05:28:31.6098+01	699	2
342	2023-01-28 05:30:04.027038+01	729	2
343	2023-01-28 05:31:36.348693+01	482	2
344	2023-01-28 05:34:41.061147+01	712	2
345	2023-01-28 05:36:13.457985+01	707	2
346	2023-01-28 05:37:45.805592+01	464	2
347	2023-01-28 05:39:18.15128+01	680	2
348	2023-01-28 05:45:27.938052+01	706	2
349	2023-01-28 11:41:18.879722+01	459	2
350	2023-01-28 11:41:18.892876+01	486	2
351	2023-01-28 11:41:29.561121+01	684	2
352	2023-01-28 13:18:37.676721+01	495	2
353	2023-01-28 13:34:13.065308+01	499	2
354	2023-01-28 13:35:45.688388+01	509	2
355	2023-01-28 15:27:53.224877+01	408	2
356	2023-01-28 15:28:09.864354+01	421	2
357	2023-01-28 15:28:37.680552+01	468	2
358	2023-01-28 15:28:41.458953+01	469	2
359	2023-01-28 15:28:47.079631+01	523	2
360	2023-01-28 15:28:51.122605+01	527	2
361	2023-01-28 15:29:02.666635+01	471	2
362	2023-01-28 15:29:10.601845+01	511	2
363	2023-01-28 15:29:14.802669+01	515	2
364	2023-01-28 15:49:46.579773+01	646	2
365	2023-01-29 08:48:40.822618+01	648	2
366	2023-01-29 08:50:19.372716+01	661	2
367	2023-01-29 11:10:21.277671+01	477	2
368	2023-01-29 11:15:23.079115+01	521	2
369	2023-01-29 11:20:24.720806+01	570	2
370	2023-01-29 14:31:47.260685+01	629	2
371	2023-01-29 14:34:00.668018+01	633	2
372	2023-01-29 14:34:04.529943+01	632	2
373	2023-01-29 22:38:52.600985+01	649	2
374	2023-01-30 07:46:07.008317+01	666	1
375	2023-01-30 07:46:14.259998+01	631	1
376	2023-01-30 17:24:18.62829+01	638	2
377	2023-01-30 19:57:30.737592+01	485	2
378	2023-01-30 20:00:48.885034+01	652	2
379	2023-01-30 20:02:52.701243+01	637	2
380	2023-01-30 20:06:48.687331+01	22	2
381	2023-01-30 23:54:12.388579+01	642	2
382	2023-01-31 01:34:31.820709+01	655	2
383	2023-01-31 06:37:26.366657+01	452	1
384	2023-01-31 06:51:49.602105+01	475	1
385	2023-01-31 06:53:18.234196+01	483	1
386	2023-01-31 06:53:21.037994+01	437	1
387	2023-01-31 06:54:39.814623+01	472	1
388	2023-01-31 21:50:08.220656+01	142	1
389	2023-01-31 22:11:56.809812+01	508	2
390	2023-02-01 09:20:37.836247+01	494	2
391	2023-02-01 09:22:29.572215+01	566	2
392	2023-02-03 18:31:48.428638+01	631	2
393	2023-02-03 18:38:01.766916+01	663	2
394	2023-02-03 18:39:22.894799+01	636	2
395	2023-02-03 18:41:04.617851+01	641	2
396	2023-02-03 18:50:09.103044+01	787	2
397	2023-02-03 18:52:51.47577+01	697	2
398	2023-02-03 18:58:16.121477+01	730	2
399	2023-02-03 19:07:48.990407+01	65	2
400	2023-02-03 19:13:13.761343+01	635	2
401	2023-02-03 19:17:17.247211+01	529	2
402	2023-02-03 19:18:38.467434+01	806	2
403	2023-02-03 19:21:20.917977+01	691	2
404	2023-02-03 19:22:42.049543+01	644	2
405	2023-02-03 19:26:45.671714+01	133	2
406	2023-02-03 19:30:49.303864+01	159	2
407	2023-02-03 19:32:10.443935+01	40	2
408	2023-02-03 19:33:31.654509+01	779	2
409	2023-02-03 19:36:14.061715+01	183	2
410	2023-02-03 19:37:35.246944+01	562	2
411	2023-02-03 19:40:17.718308+01	781	2
412	2023-02-03 19:41:38.910769+01	145	2
413	2023-02-03 19:44:21.280509+01	761	2
414	2023-02-03 19:47:03.709461+01	772	2
415	2023-02-03 19:52:28.551046+01	71	2
416	2023-02-03 19:53:49.765156+01	205	2
417	2023-02-03 19:55:11.023367+01	117	2
418	2023-02-03 19:56:32.219226+01	69	2
419	2023-02-03 19:57:53.420377+01	123	2
420	2023-02-03 20:01:57.192762+01	660	2
421	2023-02-03 20:04:39.834486+01	33	2
422	2023-02-03 20:08:43.882016+01	118	2
423	2023-02-03 22:58:20.069492+01	125	2
424	2023-02-03 23:07:29.481467+01	206	2
425	2023-02-03 23:10:44.779687+01	503	2
426	2023-02-03 23:59:31.558571+01	743	2
427	2023-02-06 12:45:29.436296+01	451	2
428	2023-02-06 12:48:56.755562+01	650	2
429	2023-02-06 15:21:25.092766+01	721	2
430	2023-02-06 15:21:28.876004+01	679	2
431	2023-02-06 15:26:06.525337+01	805	2
432	2023-02-06 15:32:54.405219+01	53	2
433	2023-02-06 15:33:34.665192+01	789	2
434	2023-02-06 15:34:14.841078+01	192	2
435	2023-02-06 15:37:50.506645+01	151	2
436	2023-02-06 15:42:31.874607+01	154	2
437	2023-02-06 15:43:12.06939+01	239	2
438	2023-02-06 15:45:56.559552+01	76	2
439	2023-02-06 15:47:17.818212+01	737	2
440	2023-02-06 15:47:58.022964+01	439	2
441	2023-02-06 15:51:18.983602+01	463	2
442	2023-02-06 15:53:19.587213+01	21	2
443	2023-02-06 15:53:59.797227+01	813	2
444	2023-02-06 15:55:20.18036+01	41	2
445	2023-02-06 15:56:40.629991+01	85	2
446	2023-02-06 15:58:41.480821+01	440	2
447	2023-02-06 15:59:21.863682+01	489	2
448	2023-02-06 16:00:42.178805+01	734	2
449	2023-02-06 16:01:22.404075+01	219	2
450	2023-02-06 16:03:23.101988+01	786	2
451	2023-02-06 16:06:44.225668+01	203	2
452	2023-02-06 16:08:44.869175+01	537	2
453	2023-02-06 16:10:45.666989+01	448	2
454	2023-02-06 16:11:25.868175+01	676	2
455	2023-02-06 16:12:06.100734+01	230	2
456	2023-02-06 16:12:46.349932+01	170	2
457	2023-02-06 16:16:07.54554+01	168	2
458	2023-02-06 17:13:05.666259+01	794	2
459	2023-02-06 17:13:05.667243+01	794	2
460	2023-02-07 08:44:25.70323+01	831	2
461	2023-02-07 08:48:24.889566+01	829	2
462	2023-02-07 08:48:24.897614+01	829	2
463	2023-02-07 10:28:51.366752+01	718	2
464	2023-02-07 10:40:45.317355+01	832	2
465	2023-02-07 10:42:12.907112+01	87	2
466	2023-02-07 10:58:30.648303+01	827	2
467	2023-02-07 10:58:30.659917+01	827	2
468	2023-02-07 10:59:54.934971+01	739	2
469	2023-02-07 11:00:13.562204+01	214	2
470	2023-02-07 11:00:22.990535+01	828	2
471	2023-02-07 12:36:48.428184+01	480	2
472	2023-02-07 12:50:46.021962+01	427	2
473	2023-02-07 16:17:28.403426+01	164	2
474	2023-02-07 16:18:08.850924+01	196	2
475	2023-02-07 16:20:53.698353+01	186	2
476	2023-02-07 16:21:33.510567+01	173	2
477	2023-02-07 16:24:54.27331+01	137	2
478	2023-02-07 16:25:34.350259+01	705	2
479	2023-02-07 16:26:14.628994+01	171	2
480	2023-02-07 16:26:55.071843+01	531	2
481	2023-02-07 16:28:14.911348+01	811	2
482	2023-02-07 16:28:55.497736+01	144	2
483	2023-02-07 16:29:35.270167+01	197	2
484	2023-02-07 16:32:16.281107+01	156	2
485	2023-02-07 16:41:25.652394+01	773	2
486	2023-02-07 16:41:25.660773+01	162	2
487	2023-02-07 16:41:31.107438+01	830	2
488	2023-02-07 17:38:23.164275+01	431	2
489	2023-02-07 17:53:32.878678+01	235	2
490	2023-02-07 18:03:10.512763+01	461	2
491	2023-02-07 18:15:36.901232+01	493	2
492	2023-02-07 18:16:32.758256+01	654	2
493	2023-02-07 18:19:10.730633+01	656	2
494	2023-02-07 18:23:35.491488+01	653	2
495	2023-02-07 18:25:21.461708+01	788	2
496	2023-02-07 18:27:07.440045+01	418	2
497	2023-02-07 18:28:00.4409+01	690	2
498	2023-02-07 18:29:46.439967+01	678	2
499	2023-02-07 18:30:39.396053+01	681	2
500	2023-02-07 18:31:32.297346+01	694	2
501	2023-02-08 11:04:50.90519+01	460	2
502	2023-02-08 11:53:37.026549+01	500	2
503	2023-02-08 12:03:24.256474+01	18	2
504	2023-02-09 10:49:48.361987+01	828	1
505	2023-02-09 10:51:05.891938+01	633	1
506	2023-02-09 10:51:08.048593+01	634	1
507	2023-02-09 10:51:08.898239+01	644	1
508	2023-02-09 18:56:46.906302+01	700	2
509	2023-02-09 20:32:36.641781+01	446	2
510	2023-02-09 20:34:37.149411+01	157	2
511	2023-02-09 20:37:17.409946+01	716	2
512	2023-02-09 20:37:57.672171+01	698	2
513	2023-02-09 20:39:18.011783+01	126	2
514	2023-02-09 20:39:57.931005+01	122	2
515	2023-02-09 20:41:18.217998+01	54	2
516	2023-02-09 20:41:58.391874+01	34	2
517	2023-02-09 20:42:38.619273+01	713	2
518	2023-02-09 20:43:18.667388+01	232	2
519	2023-02-09 20:43:58.789623+01	143	2
520	2023-02-09 20:45:59.235927+01	42	2
521	2023-02-09 20:47:59.820934+01	717	2
522	2023-02-09 20:50:00.21429+01	720	2
523	2023-02-09 20:50:40.29828+01	100	2
524	2023-02-09 20:51:20.422272+01	147	2
525	2023-02-09 20:52:00.570104+01	715	2
526	2023-02-09 20:53:20.89262+01	695	2
527	2023-02-09 20:54:01.175472+01	530	2
528	2023-02-09 20:55:21.370163+01	97	2
529	2023-02-09 20:56:41.851268+01	77	2
530	2023-02-09 20:58:42.173954+01	73	2
531	2023-02-09 21:00:42.613212+01	165	2
532	2023-02-09 21:01:22.793129+01	51	2
533	2023-02-09 21:03:23.446354+01	129	2
534	2023-02-09 21:04:03.430984+01	160	2
535	2023-02-09 21:06:03.923311+01	802	2
536	2023-02-09 21:07:24.393271+01	172	2
537	2023-02-09 21:08:04.782851+01	199	2
538	2023-02-09 21:08:44.700576+01	130	2
539	2023-02-09 21:10:05.019092+01	792	2
540	2023-02-09 21:10:45.495815+01	520	2
541	2023-02-09 21:14:46.175623+01	150	2
542	2023-02-09 21:16:06.657082+01	417	2
543	2023-02-09 21:16:46.710442+01	8	2
544	2023-02-09 21:19:27.37105+01	777	2
545	2023-02-09 21:20:07.550232+01	149	2
546	2023-02-09 21:26:46.500856+01	510	2
547	2023-02-09 21:27:18.637698+01	702	2
548	2023-02-09 21:28:22.289091+01	135	2
549	2023-02-09 21:29:58.422427+01	513	2
550	2023-02-09 21:32:05.840191+01	445	2
551	2023-02-09 21:33:09.696637+01	563	2
552	2023-02-09 21:33:41.663979+01	812	2
553	2023-02-09 21:34:13.542642+01	233	2
554	2023-02-09 22:58:55.408623+01	682	2
555	2023-02-09 22:59:35.609278+01	225	2
556	2023-02-09 23:01:46.824767+01	827	1
557	2023-02-09 23:01:52.412377+01	722	1
558	2023-02-10 09:19:00.772084+01	774	1
559	2023-02-10 09:19:00.77263+01	774	1
560	2023-02-10 09:19:00.769326+01	774	1
561	2023-02-10 14:40:03.228519+01	127	2
562	2023-02-10 17:53:05.68767+01	766	2
563	2023-02-10 17:56:36.897257+01	784	2
564	2023-02-10 21:34:41.440619+01	185	2
565	2023-02-10 21:34:41.451346+01	693	2
566	2023-02-11 01:47:55.597547+01	808	2
567	2023-02-11 01:50:42.757519+01	141	2
568	2023-02-11 09:14:39.764613+01	48	2
569	2023-02-11 09:16:06.675766+01	27	2
570	2023-02-11 10:21:39.860184+01	167	2
571	2023-02-11 10:25:11.199643+01	768	2
572	2023-02-12 13:12:33.090534+01	111	2
573	2023-02-12 13:20:21.8732+01	474	2
574	2023-02-12 13:25:09.319949+01	70	2
575	2023-02-12 16:30:38.32224+01	202	2
576	2023-02-12 16:31:18.698395+01	176	2
577	2023-02-12 18:16:10.609801+01	419	2
578	2023-02-12 18:23:53.859449+01	791	2
579	2023-02-12 18:33:43.266097+01	20	2
580	2023-02-12 21:21:01.014354+01	774	3
581	2023-02-12 21:21:11.581238+01	406	3
582	2023-02-12 21:21:13.533652+01	407	3
583	2023-02-12 21:21:15.274412+01	409	3
584	2023-02-12 21:21:17.602645+01	410	3
585	2023-02-12 21:21:19.993515+01	411	3
586	2023-02-12 21:21:21.797883+01	412	3
587	2023-02-12 21:21:24.080532+01	414	3
588	2023-02-12 21:21:26.273089+01	424	3
589	2023-02-12 21:21:29.131722+01	434	3
590	2023-02-12 21:21:32.347726+01	506	3
591	2023-02-12 21:21:41.058884+01	408	3
592	2023-02-12 21:27:44.133236+01	527	3
593	2023-02-12 21:27:44.133831+01	527	3
594	2023-02-12 21:40:48.504839+01	415	3
595	2023-02-12 21:49:55.385409+01	665	3
596	2023-02-12 21:51:13.273438+01	511	3
597	2023-02-12 21:55:49.970492+01	416	3
598	2023-02-12 21:55:49.981614+01	813	3
599	2023-02-12 21:56:01.079484+01	51	3
600	2023-02-12 21:58:30.230963+01	420	3
601	2023-02-12 21:58:32.264688+01	421	3
602	2023-02-12 21:58:34.49034+01	425	3
603	2023-02-12 23:01:20.582989+01	429	3
604	2023-02-12 23:01:20.580999+01	429	3
605	2023-02-12 23:01:20.583666+01	429	3
606	2023-02-12 23:07:25.994334+01	490	3
607	2023-02-12 23:12:38.982724+01	832	3
608	2023-02-12 23:13:11.153706+01	79	3
609	2023-02-12 23:13:43.438255+01	430	3
610	2023-02-12 23:18:00.031979+01	805	3
611	2023-02-12 23:19:41.0631+01	525	3
612	2023-02-12 23:21:45.173452+01	716	3
613	2023-02-13 00:36:26.360747+01	666	3
614	2023-02-13 00:36:27.36832+01	629	3
615	2023-02-13 00:36:28.913831+01	631	3
616	2023-02-13 00:36:30.48745+01	633	3
617	2023-02-13 00:36:31.984605+01	634	3
618	2023-02-13 00:36:33.407834+01	644	3
619	2023-02-13 00:36:34.847811+01	648	3
620	2023-02-13 00:36:36.347372+01	635	3
621	2023-02-13 00:36:37.653859+01	636	3
622	2023-02-13 00:36:39.048988+01	637	3
623	2023-02-13 00:36:40.610216+01	639	3
624	2023-02-13 00:36:43.000061+01	640	3
625	2023-02-13 00:36:44.767524+01	632	3
626	2023-02-13 00:36:45.969661+01	638	3
627	2023-02-13 00:36:49.643209+01	642	3
628	2023-02-13 00:36:50.963578+01	643	3
629	2023-02-13 00:36:52.468318+01	649	3
630	2023-02-13 00:37:02.001535+01	756	3
631	2023-02-13 00:37:03.283064+01	761	3
632	2023-02-13 00:37:04.799494+01	766	3
633	2023-02-13 00:37:06.315228+01	768	3
634	2023-02-13 00:37:07.62893+01	772	3
635	2023-02-13 00:37:09.131151+01	773	3
636	2023-02-13 00:37:10.660376+01	775	3
637	2023-02-13 00:37:12.039209+01	776	3
638	2023-02-13 00:37:13.48807+01	777	3
639	2023-02-13 00:37:14.867713+01	778	3
640	2023-02-13 00:37:16.366634+01	779	3
641	2023-02-13 00:37:21.419993+01	781	3
642	2023-02-13 00:37:22.445296+01	782	3
643	2023-02-13 00:37:28.663588+01	783	3
644	2023-02-13 00:37:30.223222+01	784	3
645	2023-02-13 00:37:33.191179+01	787	3
646	2023-02-13 00:37:35.723012+01	786	3
647	2023-02-13 00:37:37.931133+01	788	3
648	2023-02-13 00:37:39.32769+01	789	3
649	2023-02-13 00:37:40.899591+01	790	3
650	2023-02-13 00:37:43.786772+01	791	3
651	2023-02-13 00:37:46.985037+01	792	3
652	2023-02-13 00:37:48.462455+01	794	3
653	2023-02-13 00:37:50.847405+01	795	3
654	2023-02-13 00:37:52.514017+01	797	3
655	2023-02-13 00:37:54.070365+01	798	3
656	2023-02-13 00:37:56.519075+01	799	3
657	2023-02-13 00:37:58.01563+01	800	3
658	2023-02-13 00:37:59.511598+01	802	3
659	2023-02-13 00:38:02.14871+01	803	3
660	2023-02-13 00:38:03.588558+01	804	3
661	2023-02-13 00:38:06.085813+01	806	3
662	2023-02-13 00:38:07.648168+01	807	3
663	2023-02-13 00:38:09.071866+01	808	3
664	2023-02-13 00:38:11.603846+01	809	3
665	2023-02-13 00:38:13.095629+01	810	3
666	2023-02-13 00:38:14.793826+01	811	3
667	2023-02-13 00:38:16.78929+01	812	3
668	2023-02-13 00:38:18.279064+01	20	3
669	2023-02-13 00:38:20.549498+01	28	3
670	2023-02-13 00:38:23.80235+01	63	3
671	2023-02-13 00:38:25.568865+01	110	3
672	2023-02-13 00:38:28.03787+01	4	3
673	2023-02-13 00:38:29.615633+01	15	3
674	2023-02-13 00:38:31.146105+01	21	3
675	2023-02-13 00:38:33.564447+01	24	3
676	2023-02-13 00:38:35.021062+01	25	3
677	2023-02-13 00:38:36.510092+01	30	3
678	2023-02-13 00:41:30.344517+01	469	3
679	2023-02-13 00:41:40.270883+01	536	3
680	2023-02-13 00:41:42.564406+01	519	3
681	2023-02-13 00:41:45.594406+01	479	3
682	2023-02-13 00:41:48.4353+01	435	3
683	2023-02-13 07:44:52.640952+01	434	1
684	2023-02-13 08:04:45.166783+01	566	3
685	2023-02-13 08:06:16.353488+01	475	3
686	2023-02-13 08:10:58.735379+01	134	3
687	2023-02-13 08:11:00.260899+01	132	3
688	2023-02-13 08:11:01.74799+01	136	3
689	2023-02-13 08:11:03.105355+01	137	3
690	2023-02-13 08:11:07.187269+01	139	3
691	2023-02-13 08:11:08.898165+01	142	3
692	2023-02-13 08:11:10.279053+01	144	3
693	2023-02-13 08:11:11.767579+01	151	3
694	2023-02-13 08:11:13.470179+01	158	3
695	2023-02-13 08:11:14.961022+01	162	3
696	2023-02-13 08:11:16.475632+01	164	3
697	2023-02-13 08:11:18.243616+01	166	3
698	2023-02-13 08:11:20.79887+01	167	3
699	2023-02-13 08:11:22.424414+01	168	3
700	2023-02-13 08:11:23.970504+01	171	3
701	2023-02-13 10:07:51.762578+01	452	3
702	2023-02-13 10:07:51.774579+01	524	3
703	2023-02-13 10:38:59.861112+01	423	3
704	2023-02-13 10:39:04.241867+01	477	3
705	2023-02-13 10:39:09.486366+01	470	3
706	2023-02-13 10:39:13.101561+01	493	3
707	2023-02-13 10:47:20.491958+01	426	3
708	2023-02-13 11:41:15.407804+01	429	1
709	2023-02-13 12:30:06.170816+01	495	3
710	2023-02-13 12:30:06.177814+01	495	3
711	2023-02-13 12:31:03.023711+01	564	3
712	2023-02-13 16:24:01.867193+01	411	1
713	2023-02-13 17:06:12.496665+01	455	3
714	2023-02-13 19:34:38.271629+01	468	3
715	2023-02-13 19:34:38.282348+01	523	3
716	2023-02-14 10:31:51.029488+01	406	5
717	2023-02-14 10:39:28.986167+01	15	5
718	2023-02-14 10:39:28.996823+01	460	5
719	2023-02-14 10:39:57.514608+01	412	5
720	2023-02-14 11:43:51.057381+01	428	3
721	2023-02-14 11:43:51.068568+01	500	3
722	2023-02-14 16:24:51.25938+01	427	3
723	2023-02-14 16:25:52.789026+01	515	3
724	2023-02-14 16:26:50.535897+01	509	3
725	2023-02-14 16:27:48.335514+01	472	3
726	2023-02-14 16:28:46.109306+01	52	3
727	2023-02-14 16:29:43.907867+01	570	3
728	2023-02-14 16:30:41.683327+01	78	3
729	2023-02-14 16:31:39.482331+01	86	3
730	2023-02-14 16:32:37.302491+01	9	3
731	2023-02-14 16:33:35.145204+01	478	3
732	2023-02-14 16:34:32.987687+01	456	3
733	2023-02-14 16:35:30.76379+01	448	3
734	2023-02-14 16:38:12.09921+01	471	3
735	2023-02-14 16:41:39.649235+01	526	3
736	2023-02-14 16:48:53.51329+01	491	3
737	2023-02-14 16:50:58.216231+01	118	3
738	2023-02-14 16:53:02.877535+01	450	3
739	2023-02-14 16:54:53.800799+01	705	3
740	2023-02-14 16:55:04.46782+01	658	3
741	2023-02-14 16:55:06.325174+01	655	3
742	2023-02-14 16:55:10.793914+01	652	3
743	2023-02-14 17:04:56.163567+01	436	3
744	2023-02-14 17:07:18.090624+01	494	3
745	2023-02-14 17:11:18.710736+01	463	3
746	2023-02-14 17:13:31.691258+01	432	3
747	2023-02-14 17:15:44.754545+01	703	3
748	2023-02-14 17:17:57.773015+01	488	3
749	2023-02-14 17:21:08.16839+01	485	3
750	2023-02-14 17:23:21.174976+01	481	3
751	2023-02-14 17:25:34.215936+01	466	3
752	2023-02-14 17:27:47.091045+01	474	3
753	2023-02-14 17:30:00.059371+01	459	3
754	2023-02-14 17:32:04.408156+01	441	3
755	2023-02-15 09:44:13.940739+01	98	3
756	2023-02-15 09:48:39.867118+01	38	3
757	2023-02-15 09:57:31.865755+01	68	3
758	2023-02-15 10:00:45.193546+01	70	3
759	2023-02-15 10:06:31.54441+01	97	3
760	2023-02-15 10:06:33.555878+01	741	3
761	2023-02-15 10:06:35.361955+01	742	3
762	2023-02-15 10:06:37.308107+01	36	3
763	2023-02-15 10:06:41.942766+01	69	3
764	2023-02-15 10:06:43.523474+01	80	3
765	2023-02-15 10:06:45.216616+01	18	3
766	2023-02-15 10:06:47.080375+01	19	3
767	2023-02-15 10:06:50.064269+01	23	3
768	2023-02-15 10:06:51.809874+01	48	3
769	2023-02-15 10:06:55.014425+01	106	3
770	2023-02-15 10:06:56.720906+01	740	3
771	2023-02-15 10:06:58.527337+01	752	3
772	2023-02-15 10:07:02.472424+01	754	3
773	2023-02-15 10:07:05.027227+01	1	3
774	2023-02-15 10:07:08.47287+01	14	3
775	2023-02-15 10:07:10.864626+01	29	3
776	2023-02-15 10:07:17.106736+01	76	3
777	2023-02-15 10:07:20.898651+01	735	3
778	2023-02-15 10:07:23.35898+01	3	3
779	2023-02-15 10:07:25.855726+01	16	3
780	2023-02-15 10:07:28.163882+01	59	3
781	2023-02-15 10:07:30.598513+01	75	3
782	2023-02-15 10:18:49.832613+01	646	3
783	2023-02-15 10:23:33.884909+01	641	3
784	2023-02-15 11:54:28.522698+01	508	3
785	2023-02-16 12:17:48.531857+01	14	2
786	2023-02-16 13:06:02.481371+01	13	3
787	2023-02-16 13:06:02.482313+01	13	3
788	2023-02-16 13:06:02.497658+01	96	3
789	2023-02-16 13:06:02.498525+01	96	3
790	2023-02-16 13:06:02.513806+01	102	3
791	2023-02-16 17:50:14.06595+01	406	6
792	2023-02-16 20:56:06.994861+01	518	2
793	2023-02-16 23:29:43.1277+01	134	7
794	2023-02-17 10:08:54.321262+01	78	2
795	2023-02-17 10:27:39.891337+01	501	3
796	2023-02-17 10:37:13.824931+01	449	3
797	2023-02-17 10:37:15.590112+01	457	3
798	2023-02-17 10:37:23.768921+01	697	3
799	2023-02-17 10:37:37.566248+01	700	3
800	2023-02-17 14:05:16.166129+01	424	1
801	2023-02-17 14:05:17.910534+01	410	1
802	2023-02-17 14:44:37.799405+01	23	2
803	2023-02-17 14:44:41.56511+01	754	2
804	2023-02-17 14:44:46.068871+01	59	2
805	2023-02-17 16:13:05.719245+01	517	3
806	2023-02-19 01:03:04.76541+01	478	1
807	2023-02-19 01:07:49.496126+01	471	1
808	2023-02-19 01:07:49.496599+01	471	1
809	2023-02-19 01:07:49.495597+01	471	1
810	2023-02-19 09:35:52.631156+01	34	3
811	2023-02-19 09:36:29.412192+01	47	3
812	2023-02-19 10:17:27.529851+01	56	3
813	2023-02-19 10:18:02.241851+01	10	3
814	2023-02-20 14:16:55.078936+01	516	3
815	2023-02-20 14:17:29.981774+01	496	3
816	2023-02-20 15:15:27.032482+01	710	3
817	2023-02-20 15:23:25.51503+01	451	3
818	2023-02-21 09:30:16.318207+01	832	1
819	2023-02-21 09:30:48.379239+01	811	1
820	2023-02-21 09:31:10.287543+01	636	1
821	2023-02-21 09:31:10.292784+01	636	1
822	2023-02-21 10:39:35.34379+01	237	2
823	2023-02-21 10:39:35.344292+01	237	2
824	2023-02-21 10:52:20.117821+01	8	3
825	2023-02-21 14:55:59.151238+01	676	3
826	2023-02-21 18:21:11.124599+01	515	1
827	2023-02-21 20:44:21.570496+01	647	3
828	2023-02-22 08:02:28.597156+01	153	1
829	2023-02-22 08:11:29.852171+01	428	1
830	2023-02-22 11:52:13.484456+01	663	3
831	2023-02-22 15:21:31.181567+01	492	3
832	2023-02-22 23:11:42.478968+01	17	3
833	2023-02-23 07:51:53.706343+01	638	1
834	2023-02-23 07:58:43.827168+01	492	1
835	2023-02-23 07:58:43.827976+01	492	1
836	2023-02-23 07:59:46.074836+01	639	1
837	2023-02-23 07:59:46.075368+01	639	1
838	2023-02-23 11:18:16.302212+01	100	3
839	2023-02-23 11:19:45.084298+01	112	3
840	2023-02-23 11:59:12.388628+01	30	1
841	2023-02-23 13:38:33.989497+01	164	8
842	2023-02-23 15:17:52.567426+01	420	1
843	2023-02-23 17:58:18.087324+01	421	8
844	2023-02-23 18:00:21.639203+01	629	8
845	2023-02-24 15:44:01.583482+01	118	1
846	2023-02-27 01:06:19.826115+01	685	3
847	2023-02-27 01:06:19.825691+01	685	3
848	2023-02-27 09:50:51.209884+01	58	3
849	2023-02-27 10:31:28.932701+01	719	3
850	2023-02-27 10:32:34.840005+01	504	3
851	2023-02-27 11:05:47.564351+01	422	3
852	2023-02-27 12:43:05.486282+01	204	3
853	2023-02-27 13:17:26.519458+01	173	3
854	2023-02-27 13:20:44.345507+01	680	3
855	2023-02-27 13:22:22.477314+01	745	3
856	2023-02-27 13:24:01.149244+01	154	3
857	2023-02-27 13:27:18.382465+01	169	3
858	2023-02-27 13:33:52.809705+01	480	3
859	2023-02-27 13:35:31.417654+01	689	3
860	2023-02-27 14:02:13.999094+01	22	3
861	2023-02-27 14:03:52.600957+01	221	3
862	2023-02-27 14:37:26.060419+01	202	3
863	2023-02-27 14:38:31.902561+01	65	3
864	2023-02-27 14:39:37.677889+01	244	3
865	2023-02-27 14:41:49.129617+01	231	3
866	2023-02-27 14:42:54.872126+01	445	3
867	2023-02-27 14:44:00.668145+01	197	3
868	2023-02-27 14:46:12.20891+01	212	3
869	2023-02-27 15:01:13.943012+01	163	3
870	2023-02-27 15:04:31.345731+01	205	3
871	2023-02-27 15:06:10.070017+01	533	3
872	2023-02-27 15:09:27.134319+01	108	3
873	2023-02-27 15:11:11.439528+01	419	3
874	2023-02-27 15:12:17.149791+01	176	3
875	2023-02-27 15:22:20.119+01	62	3
876	2023-02-27 15:25:32.249202+01	681	3
877	2023-02-27 15:25:32.257835+01	116	3
878	2023-02-27 17:20:49.576453+01	692	3
879	2023-02-27 17:31:59.625969+01	66	3
880	2023-02-27 17:31:59.643084+01	216	3
881	2023-02-27 17:48:13.009019+01	715	3
882	2023-02-27 17:51:37.895612+01	682	3
883	2023-02-27 18:05:20.177178+01	117	3
884	2023-02-28 10:44:21.965472+01	454	3
885	2023-02-28 10:50:06.763099+01	521	3
886	2023-02-28 10:55:51.424585+01	440	3
887	2023-02-28 10:55:51.48764+01	483	3
888	2023-02-28 11:07:20.994169+01	438	3
889	2023-02-28 11:07:21.002983+01	499	3
890	2023-02-28 13:48:43.382456+01	437	3
891	2023-02-28 13:54:28.08517+01	453	3
892	2023-02-28 13:54:28.092429+01	431	3
893	2023-02-28 14:19:56.13048+01	679	3
894	2023-02-28 14:22:00.753334+01	707	3
895	2023-02-28 14:34:06.676224+01	721	3
896	2023-02-28 14:35:45.38187+01	482	3
897	2023-02-28 14:37:23.900073+01	687	3
898	2023-02-28 14:39:02.463586+01	713	3
899	2023-02-28 14:40:41.131748+01	730	3
900	2023-02-28 14:48:35.002395+01	503	3
901	2023-02-28 14:52:19.099658+01	498	3
902	2023-02-28 14:59:28.824548+01	443	3
903	2023-02-28 15:01:07.503002+01	701	3
904	2023-02-28 15:02:46.368384+01	486	3
905	2023-02-28 15:04:24.553179+01	702	3
906	2023-02-28 15:10:04.999125+01	691	3
907	2023-02-28 15:11:37.583347+01	684	3
908	2023-02-28 15:11:37.583865+01	684	3
909	2023-02-28 15:11:37.582907+01	684	3
910	2023-02-28 15:40:14.611977+01	722	3
911	2023-02-28 15:42:26.172735+01	487	3
912	2023-02-28 15:44:37.89283+01	464	3
913	2023-02-28 15:45:43.672709+01	484	3
914	2023-02-28 15:50:03.34775+01	688	3
915	2023-02-28 15:55:54.683571+01	686	3
916	2023-02-28 15:57:00.552827+01	720	3
917	2023-02-28 15:57:55.311539+01	698	3
918	2023-02-28 16:24:02.932052+01	693	3
919	2023-02-28 16:32:48.46261+01	530	3
920	2023-02-28 16:39:45.179118+01	462	3
921	2023-02-28 16:41:23.776243+01	712	3
922	2023-02-28 16:43:02.40788+01	143	3
923	2023-02-28 16:44:40.971395+01	447	3
924	2023-02-28 16:46:19.492267+01	518	3
925	2023-02-28 16:47:58.071536+01	489	3
926	2023-02-28 16:49:36.659537+01	729	3
927	2023-02-28 16:51:15.574169+01	473	3
928	2023-02-28 16:52:53.990557+01	695	3
929	2023-02-28 16:58:29.514863+01	717	3
930	2023-02-28 17:00:08.052267+01	704	3
931	2023-02-28 17:01:46.628465+01	709	3
932	2023-02-28 17:03:25.171662+01	699	3
933	2023-02-28 17:05:03.715849+01	718	3
934	2023-02-28 17:33:31.447128+01	460	3
935	2023-02-28 17:33:31.456304+01	714	3
936	2023-02-28 17:33:31.477335+01	706	3
937	2023-02-28 17:41:14.74785+01	708	1
938	2023-02-28 17:49:39.106022+01	690	3
939	2023-02-28 17:49:39.116335+01	683	3
940	2023-02-28 17:58:03.786876+01	199	3
941	2023-03-01 10:42:48.41542+01	696	3
942	2023-03-01 10:42:48.434956+01	708	3
943	2023-03-01 10:53:39.491393+01	186	3
944	2023-03-01 15:39:14.271815+01	743	3
945	2023-03-01 17:45:26.597267+01	33	3
946	2023-03-02 10:28:11.794728+01	211	3
947	2023-03-02 10:29:50.46011+01	113	3
948	2023-03-02 10:48:26.884605+01	210	3
949	2023-03-02 10:53:22.439845+01	744	3
950	2023-03-02 12:24:30.756718+01	160	3
951	2023-03-02 12:45:22.946736+01	170	3
952	2023-03-02 12:47:01.826105+01	6	3
953	2023-03-02 14:12:28.351941+01	746	3
954	2023-03-02 14:18:37.441266+01	232	3
955	2023-03-02 14:20:16.079922+01	141	3
956	2023-03-02 14:23:33.332626+01	181	3
957	2023-03-02 14:30:07.878345+01	734	3
958	2023-03-02 14:33:25.135149+01	188	3
959	2023-03-02 14:42:07.078848+01	237	3
960	2023-03-02 14:47:02.450181+01	49	3
961	2023-03-02 14:53:36.272625+01	512	3
962	2023-03-02 14:58:31.635158+01	44	3
963	2023-03-02 15:00:10.194326+01	830	3
964	2023-03-15 09:36:28.129663+01	461	3
965	2023-03-15 09:38:06.600036+01	439	3
966	2023-03-15 13:25:37.494996+01	502	3
967	2023-03-15 13:28:54.811442+01	444	3
968	2023-03-15 13:32:12.110992+01	442	3
969	2023-03-15 13:38:46.725227+01	507	3
\.


--
-- Data for Name: api_move; Type: TABLE DATA; Schema: public; Owner: wiki
--

COPY public.api_move (id, name, description, file_name, date, mirror, hide_in_search, instruction, steps, sub_names, title_frame, start_frame, fpb, rhythm, lpc, difficulty, quality_rating, updated_at, animation_catalog_id, background_id, category_1_id, category_2_id, category_3_id, default_avatar_id, parent_id, rights_holder_id, sub_category_id, user_id, muscle_nr, thresholds_id) FROM stdin;
97	Give Me Space		PP01_1030_FBX	2022-10-24	f	f	[]	[]		0	251	144	4/4	1	0.2	5	2023-07-10	1	1	1	49	32	44	\N	\N	\N	1	0	1
963	Shoulder Rotation		WO01_0630_FBX	2023-04-20	f	f	[]	[]		0	0	178	4/4	1	1.4	5	2023-06-28	9	1	54	55	\N	44	\N	\N	\N	3	0	1
666	CC Run Step by Step		LK01_0360_FBX	2022-08-25	f	t	[]	[]		0	53	124	4/4	1	2.8	5	2023-06-21	4	1	1	18	14	36	\N	\N	\N	1	0	1
909	Raised Arm Circles Mid Backward		WO01_0090_FBX	2023-04-20	f	f	[]	[]		0	0	169	4/4	4	0.32	5	2023-06-28	9	1	54	55	\N	44	\N	\N	\N	3	0	1
842	Muscle Man Lock		LK01_0450_FBX	2023-03-29	f	f	[]	[]		0	83	137	4/4	1	1.5	5	2023-06-21	4	1	1	18	36	36	\N	\N	\N	1	0	1
1013	Cossack Squats		WO01_1130_FBX	2023-04-20	f	f	[]	[]		0	0	178	4/4	1	2.4	5	2023-06-28	9	1	54	55	\N	44	\N	\N	\N	3	0	1
53	Dream Feet		PP01_0580_FBX	2022-10-19	f	f	[]	[]		0	4	148	4/4	1	0	5	2023-07-10	1	1	1	49	14	44	\N	\N	\N	1	0	1
83	Invisible Box Jump		PP01_0880_FBX	2022-10-19	f	f	[]	[]		0	122	132	4/4	1	0.8	5	2023-07-10	1	1	1	49	32	44	\N	\N	\N	1	0	1
844	Tony Gogo Lock		LK01_0461_FBX	2023-03-29	f	t	[]	[]		0	7	146	4/4	1	1.2	5	2023-06-21	4	1	1	18	36	36	\N	\N	\N	1	0	1
44	Futsal Shuffle		PP01_0470_FBX	2022-10-19	f	f	[]	[]		0	96	132	4/4	2	1.7	5	2023-07-10	1	1	1	49	33	44	\N	\N	\N	1	0	1
67	Pon Pon Dance		PP01_0720_FBX	2022-10-19	f	f	[]	[]		0	467	132	4/4	1	1.5	5	2023-07-10	1	1	1	49	14	44	\N	\N	\N	1	0	1
751	Shovel Walz L		PP01_0821_FBX	2022-10-19	f	f	[]	[]		0	244	132	4/4	1	1.2	5	2023-07-10	1	1	1	49	\N	44	\N	\N	\N	1	0	1
1270	PLUS 1 COUNT BEGIN		HH01_2092_FBX	2022-11-24	f	f	[]	[]		0	40	160	4/4	1	2.13	5	2023-07-17	3	1	1	12	14	38	\N	\N	\N	3	0	1
87	Frog		PP01_0920_FBX	2022-10-24	f	f	[]	[]		0	15	144	4/4	1	1.8	5	2023-07-10	1	1	1	49	32	44	\N	\N	\N	1	0	1
85	Scarecrow		PP01_0900_FBX	2022-10-19	f	f	[]	[]		0	11	132	4/4	4	0.8	5	2023-07-10	1	1	1	49	32	44	\N	\N	\N	1	0	1
84	Loser Dance		PP01_0890_FBX	2022-10-19	f	f	[]	[]		0	10	132	4/4	4	0.9	5	2023-07-10	1	1	1	49	32	44	\N	\N	\N	1	0	1
96	Ruum Ram		PP01_1020_FBX	2022-10-24	f	f	[]	[]		0	24	144	4/4	1	0.6	5	2023-07-10	1	1	1	49	32	44	\N	\N	\N	1	0	1
732	Morrocan Wedding L		PP01_0031_FBX	2022-10-19	f	f	[]	[]		0	251	132	4/4	1	0.6	5	2023-07-10	1	1	1	49	32	44	\N	\N	\N	1	0	1
95	To di World		PP01_1010_FBX	2022-10-24	f	f	[]	[]		0	46	144	4/4	1	0.4	5	2023-07-10	1	1	1	49	14	44	\N	\N	\N	1	0	1
678	Give Me More Space		PP01_1031_FBX	2022-10-24	f	f	[]	[]		0	325	144	4/4	1	1.2	5	2023-07-10	1	1	1	49	14	44	\N	\N	\N	1	0	1
974	Hop Heel Click		WO01_0740_FBX	2023-04-20	f	f	[]	[]		0	0	162	4/4	1	1.62	5	2023-06-28	9	1	54	55	\N	44	\N	\N	\N	3	0	1
1269	Bounce Run		HH01_0018_FBX	2022-08-07	f	f	[]	[]		0	0	178	4/4	1	0.1	5	2023-07-17	3	1	1	12	19	38	\N	\N	\N	3	0	1
3	Morrocan Wedding R		PP01_0030_FBX	2022-10-19	f	f	[]	[]		0	251	132	4/4	1	0.6	5	2023-07-10	1	1	1	49	33	44	\N	\N	\N	1	0	1
12	That Way		PP01_0130_FBX	2022-10-19	f	f	[]	[]		0	70	132	4/4	1	1.3	5	2023-07-10	1	1	1	49	33	44	\N	\N	\N	1	0	1
4	Pepper Grinder		PP01_0040_FBX	2022-10-19	f	f	[]	[]		0	228	132	4/4	1	0.2	5	2023-07-10	1	1	1	49	32	44	\N	\N	\N	1	0	1
50	Strip This R		PP01_0540_FBX	2022-10-19	f	f	[]	[]		0	176	131	4/4	1	1.9	5	2023-07-10	1	1	1	49	33	44	\N	\N	\N	1	0	1
964	Hand Clench & Unclench (Arms vary)		WO01_0640_FBX	2023-04-20	f	f	[]	[]		0	0	178	4/4	1	1.42	5	2023-06-28	9	1	54	55	\N	44	\N	\N	\N	3	0	1
47	Criss Cross Grab		PP01_0510_FBX	2022-10-19	f	f	[]	[]		0	128	132	4/4	2	1.9	5	2023-07-10	1	1	1	49	\N	44	\N	\N	\N	1	0	1
733	The Pentaque Move L		PP01_0061_FBX	2022-10-19	f	f	[]	[]		0	112	132	4/4	4	1.8	5	2023-07-10	1	1	1	49	\N	44	\N	\N	\N	1	0	1
735	Azonto L		PP01_0151_FBX	2022-10-19	f	f	[]	[]		0	11	132	4/4	2	0.5	5	2023-07-10	1	1	1	49	33	44	\N	\N	\N	1	0	1
1037	Overhead Arm Lock Hold		WO01_1370_FBX	2023-04-20	f	f	[]	[]		0	0	178	4/4	1	2.88	5	2023-06-28	9	1	54	55	\N	44	\N	\N	\N	3	0	1
1016	Single Leg Deadlifts		WO01_1160_FBX	2023-04-20	f	f	[]	[]		0	0	178	4/4	1	2.46	5	2023-06-28	9	1	54	55	\N	44	\N	\N	\N	3	0	1
10	Kupe Dance R		PP01_0110_FBX	2022-10-19	f	f	[]	[]		0	58	132	4/4	1	1.9	5	2023-07-10	1	1	1	49	32	44	\N	\N	\N	1	0	1
2	Embody the Confidence		PP01_0020_FBX	2022-10-19	f	f	[]	[]		0	115	132	4/4	1	1.1	5	2023-07-10	1	1	1	49	\N	44	\N	\N	\N	1	0	1
38	The Floss		PP01_0410_FBX	2022-10-19	f	f	[]	[]		0	28	148	4/4	2	1.9	5	2023-07-10	1	1	1	49	32	44	\N	\N	\N	1	0	1
903	Jump Squats		WO01_0030_FBX	2023-04-20	f	f	[]	[]		0	0	222	4/4	2	0.3	5	2023-06-28	9	1	54	55	\N	44	\N	\N	\N	3	0	1
1091	Double Chest Expansions		WO01_1910_FBX	2023-04-20	f	f	[]	[]		0	0	178	4/4	1	1.2	5	2023-06-28	9	1	54	55	\N	44	\N	\N	\N	3	0	1
1119	Side Elbow Planks		WO01_2190_FBX	2023-04-20	f	f	[]	[]		0	0	178	4/4	1	1.76	5	2023-06-28	9	1	54	55	\N	44	\N	\N	\N	3	0	1
114	Ellbow Mobility	Exercise	BD01_0020_FBX	2022-06-04	f	t	[]	[]		0	0	144	4/4	1	1	5	2023-06-30	2	1	1	2	29	38	\N	\N	\N	1	0	1
452	Bart Simpson 		HH01_0440_FBX	2022-08-07	f	f	[]	[]		0	69	144	4/4	1	0.6	5	2023-07-17	3	1	1	12	19	38	\N	\N	\N	1	0	1
107	The Shovel 1.0 R		PP01_1141_FBX	2022-10-24	f	f	[]	[]		0	70	144	4/4	2	1	5	2023-07-10	1	1	1	49	33	44	\N	\N	\N	1	0	1
546	Step Touch Cross Back into Outlaw (Touch the Floor)		HH01_1280_FBX	2022-09-28	f	f	[]	[]		0	0	132	4/4	1	0.3	5	2023-07-17	3	1	1	12	\N	38	\N	\N	\N	1	0	1
503	Alf Magic 3 		HH01_0930_FBX	2022-08-07	f	f	[]	[]		0	264	144	4/4	1	2.5	5	2023-07-17	3	1	1	12	31	38	\N	\N	\N	1	0	1
101	Footloose R		PP01_1070_FBX	2022-10-24	f	f	[]	[]		0	497	144	4/4	1	1.2	5	2023-07-10	1	1	1	49	\N	44	\N	\N	\N	1	0	1
416	Step Touch Side Downbeat V1		HH01_0080_FBX	2022-08-07	f	f	[]	[]		0	143	144	4/4	1	0.3	5	2023-07-17	3	1	1	12	19	38	\N	\N	\N	1	0	1
755	The Shovel 1.0 L		PP01_1143_FBX	2022-10-24	f	f	[]	[]		0	70	144	4/4	2	1	5	2023-07-10	1	1	1	49	32	44	\N	\N	\N	1	0	1
1055	Fast Push-Ups		WO01_1550_FBX	2023-04-20	f	f	[]	[]		0	0	178	4/4	1	0.48	5	2023-06-28	9	1	54	55	\N	44	\N	\N	\N	3	0	1
539	Step Touch Cross Front into Hook	First rep: singles / second: all directions combo	HH01_1230_FBX	2022-09-28	f	t	[]	[]		0	27	132	4/4	1	0.5	5	2023-07-17	3	1	1	12	19	38	\N	\N	\N	1	0	1
489	Roger Rabbit Magic 3		HH01_0790_FBX	2022-08-07	f	f	[]	[]		0	105	144	4/4	1	2.3	5	2023-07-17	3	1	1	12	31	38	\N	\N	\N	1	0	1
131	Double Mill (with entrance)	Double Mill	BD01_0151_FBX	2022-06-04	f	t	[]	[]		0	0	144	4/4	1	2.9	5	2023-06-30	2	1	1	2	3	38	\N	\N	10	1	0	1
122	Windmill (with entrance)	Windmill with entrance	BD01_0081_FBX	2022-06-04	f	t	[]	[]		0	0	144	4/4	1	0	5	2023-06-30	2	1	1	2	3	38	\N	\N	10	1	0	1
108	Happy Hour		PP01_1150_FBX	2022-10-24	f	f	[]	[]		0	22	144	4/4	4	1.4	5	2023-07-10	1	1	1	49	32	44	\N	\N	\N	1	0	1
159	Windmill to Airflare (with entrance)	Windmill to Airflare	BD01_0341_FBX	2022-06-04	f	t	[]	[]		0	0	144	4/4	1	1	5	2023-06-30	2	1	1	2	3	38	\N	\N	\N	1	0	1
567	Grapevine Cross Front Jump		HH01_1470_FBX	2022-09-28	f	f	[]	[]		0	0	132	4/4	1	0.3	5	2023-07-17	3	1	1	12	\N	38	\N	\N	\N	1	0	1
304	2-Step into Under Leg Through		BD01_1770_FBX	2022-09-14	f	f	[]	[]		0	0	132	4/4	1	1	5	2023-06-30	2	1	1	2	9	38	\N	\N	50	1	0	1
144	Flare 		BD01_0230_FBX	2022-06-04	f	f	[]	[]	Thomas Flare	0	0	144	4/4	1	1	5	2023-06-30	2	1	1	2	3	38	\N	\N	5	1	0	1
162	Windmill Flare		BD01_0370_FBX	2022-06-04	f	f	[]	[]		0	0	144	4/4	1	1	5	2023-06-30	2	1	1	2	3	38	\N	\N	\N	1	0	1
178	Air Freeze 4		BD01_0510_FBX	2022-06-04	f	f	[]	[]		0	0	144	4/4	1	1	5	2023-06-30	2	1	1	2	11	38	\N	\N	\N	1	0	1
282	2-Step Hip Circle (aka ‘The Salsa’ or ‘The Mambo’)		BD01_1550_FBX	2022-09-14	f	f	[]	[]		0	0	132	4/4	2	1	5	2023-06-30	2	1	1	2	9	38	\N	\N	50	1	0	1
201	Cross-Step into Step-Around		BD01_0740_FBX	2022-08-17	f	f	[]	[]		0	4	151	4/4	1	1	5	2023-06-30	2	1	1	2	9	38	\N	\N	53	1	0	1
707	31		HH01_2153_FBX	2022-11-24	f	f	[]	[]		0	17	142	4/4	1	2.35	5	2023-07-17	3	1	1	12	14	38	\N	\N	\N	1	0	1
867	Kick		BD01_9260_FBX	2022-08-07	f	f	[]	[]		0	14	144	4/4	2	0.2	5	2023-06-30	2	1	1	2	9	38	\N	\N	50	3	0	1
382	MT Kick-Ball-Change (KBC)		BD01_2480_FBX	2022-09-28	f	f	[]	[]		0	0	132	4/4	1	1	5	2023-06-30	2	1	1	2	9	38	\N	\N	51	1	0	1
505	Side Step Side2Side (Regular)		HH01_0950_FBX	2022-09-28	f	t	[]	[]		0	14	132	4/4	1	0.3	5	2023-07-17	3	1	1	12	19	38	\N	\N	\N	1	0	1
529	Back Step Turn 90° Turn Front 360°		HH01_1190_FBX	2022-09-28	f	t	[]	[]		0	88	132	4/4	1	0.6	5	2023-07-17	3	1	1	12	19	38	\N	\N	\N	1	0	1
626	Box Step Jump Around		HH01_2040_FBX	2022-10-12	f	f	[]	[]		0	0	132	4/4	1	0.8	5	2023-07-17	3	1	1	12	\N	38	\N	\N	\N	1	0	1
590	3-Corner-Step | ▷-Form Side Back Double Time		HH01_1690_FBX	2022-10-12	f	f	[]	[]		0	0	132	4/4	1	0.3	5	2023-07-17	3	1	1	12	\N	38	\N	\N	\N	1	0	1
1256	Bounce 2		HH01_0012_FBX	2022-08-07	f	f	[]	[]		0	83	180	4/4	2	0.1	5	2023-07-17	3	1	1	12	19	38	\N	\N	\N	3	0	1
1153	Back Stretch		WO01_2540_FBX	2023-04-20	f	f	[]	[]		0	0	178	4/4	1	2.46	5	2023-06-28	9	1	54	55	\N	44	\N	\N	\N	3	0	1
1154	Scissors Step		WO01_2550_FBX	2023-04-20	f	f	[]	[]		0	0	178	4/4	1	2.48	5	2023-06-28	9	1	54	55	\N	44	\N	\N	\N	3	0	1
599	4-Corner-Step | 8 - Form Front-Back Double Time		HH01_1770_FBX	2022-10-12	f	f	[]	[]		0	0	132	4/4	1	0.6	5	2023-07-17	3	1	1	12	\N	38	\N	\N	\N	1	0	1
1272	It's going down Intro		HH01_2230_FBX	2023-04-05	f	f	[]	[]		0	0	137	4/4	1	0	5	2023-07-17	3	1	1	12	\N	38	\N	\N	\N	3	0	1
1273	It's going down Part 1		HH01_2231_FBX	2023-04-05	f	f	[]	[]		0	0	137	4/4	1	0	5	2023-07-17	3	1	1	12	\N	38	\N	\N	\N	3	0	1
1274	It's going down Hook		HH01_2232_FBX	2023-04-05	f	f	[]	[]		0	0	137	4/4	1	0	5	2023-07-17	3	1	1	12	\N	38	\N	\N	\N	3	0	1
1275	It's going down Part 2		HH01_2233_FBX	2023-04-05	f	f	[]	[]		0	0	137	4/4	1	0	5	2023-07-17	3	1	1	12	\N	38	\N	\N	\N	3	0	1
1276	It's going down Hook		HH01_2234_FBX	2023-04-05	f	f	[]	[]		0	0	137	4/4	1	0	5	2023-07-17	3	1	1	12	\N	38	\N	\N	\N	3	0	1
207	Cross-Step into Wind It Up		BD01_0800_FBX	2022-08-17	f	f	[]	[]		0	185	151	4/4	1	1	5	2023-06-30	2	1	1	2	9	38	\N	\N	53	1	0	1
1271	Boxer Hips Side 2 Side		PP01_0851_FBX	2022-10-24	f	f	[]	[]		0	227	144	4/4	1	0.3	5	2023-07-10	1	1	1	49	32	44	\N	\N	\N	3	0	1
1277	It's going down Part 3		HH01_2235_FBX	2023-04-05	f	f	[]	[]		0	0	137	4/4	1	0	5	2023-07-17	3	1	1	12	\N	38	\N	\N	\N	3	0	1
109	Hawaii Dance		PP01_1170_FBX	2022-10-24	f	f	[]	[]		0	68	144	4/4	2	1	5	2023-07-10	1	1	1	49	33	44	\N	\N	\N	1	0	1
1278	It's going down Hook		HH01_2236_FBX	2023-04-05	f	f	[]	[]		0	0	137	4/4	1	0	5	2023-07-17	3	1	1	12	\N	38	\N	\N	\N	3	0	1
110	Last Dance		PP01_1180_FBX	2022-10-24	f	f	[]	[]		0	0	132	4/4	1	0.1	5	2023-07-10	1	1	1	49	32	44	\N	\N	\N	1	0	1
1279	It's going down End		HH01_2237_FBX	2023-04-05	f	f	[]	[]		0	0	137	4/4	1	0	5	2023-07-17	3	1	1	12	\N	38	\N	\N	\N	3	0	1
132	Tombstone Mill	Tumbstone Mill	BD01_0160_FBX	2022-06-04	f	f	[]	[]		0	0	144	4/4	1	1	5	2023-06-30	2	1	1	2	3	38	\N	\N	10	1	0	1
513	Side Step Turn-Out Back		HH01_1030_FBX	2022-09-28	f	t	[]	[]		0	31	132	4/4	1	0.6	5	2023-07-17	3	1	1	12	19	38	\N	\N	\N	1	0	1
1182	Side Step with Armstyling 1		SA01_0070_FBX	2023-05-08	f	f	[]	[]		0	33	198	4/4	1	0.17	5	2023-07-19	10	1	1	67	73	44	\N	\N	\N	3	0	1
1262	Circle around in 2 Count with Hip Action		SA01_0661_FBX	2023-05-09	f	f	[]	[]		0	316	196	4/4	1	1.18	5	2023-07-19	10	1	1	67	71	44	\N	\N	\N	3	0	1
169	Freeze Floor Side		BD01_0420_FBX	2022-06-04	f	f	[]	[]		0	0	144	4/4	1	1	5	2023-06-30	2	1	1	2	11	38	\N	\N	\N	1	0	1
447	Cross Over Shuffle Spin Jump		HH01_0390_FBX	2022-08-07	f	f	[]	[]		0	62	144	4/4	1	2.4	5	2023-03-28	3	1	1	12	31	38	\N	\N	\N	1		1
244	Cross-Step into Toe-Heel-Pull-Back		BD01_1170_FBX	2022-08-17	f	f	[]	[]		0	148	151	4/4	1	1	5	2023-06-30	2	1	1	2	9	38	\N	\N	53	1	0	1
287	2-Step from Happy Feet Front		BD01_1600_FBX	2022-09-14	f	f	[]	[]		0	66	132	4/4	2	1	5	2023-06-30	2	1	1	2	9	38	\N	\N	50	1	0	1
323	KBC Backstep Double		BD01_1960_FBX	2022-09-21	f	f	[]	[]		0	43	132	4/4	1	1	5	2023-06-30	2	1	1	2	9	38	\N	\N	52	1	0	1
360	MT into Swing (Same)		BD01_2270_FBX	2022-09-28	f	f	[]	[]		0	0	132	4/4	1	1	5	2023-06-30	2	1	1	2	9	38	\N	\N	51	1	0	1
895	Alex 6		BD01_2880_FBX	2023-04-05	f	f	[]	[]		0	25	126	4/4	1	1	5	2023-06-30	2	1	1	2	41	38	\N	\N	\N	3	0	1
445	Kick Ball Change Jump Cross 		HH01_0370_FBX	2022-08-07	f	f	[]	[]		0	14	144	4/4	1	2	5	2023-03-28	3	1	1	12	31	38	\N	\N	\N	1		1
487	Runinng Man Twist		HH01_0770_FBX	2022-08-07	f	f	[]	[]		0	160	144	4/4	1	2	5	2023-07-17	3	1	1	12	31	38	\N	\N	\N	1	0	1
531	Step Touch Stop’n’Go Side2Side	 	HH01_1210_FBX	2022-09-28	f	t	[]	[]		0	241	132	4/4	1	0.3	5	2023-07-17	3	1	1	12	19	38	\N	\N	\N	1	0	1
535	Step Touch Slide Combo		HH01_1220_FBX	2022-09-28	f	t	[]	[]		0	0	132	4/4	1	0.5	5	2023-07-17	3	1	1	12	19	38	\N	\N	\N	1	0	1
752	Rappers Dance L		PP01_0831_FBX	2022-10-24	f	f	[]	[]		0	69	138	4/4	2	0.4	5	2023-07-10	1	1	1	49	33	44	\N	\N	\N	1	0	1
181	Cross-Step Regular (Original)		BD01_0540_FBX	2022-08-17	f	f	[]	[]	Cross-Foot-Shuffle,Indian Shuffle	0	13	151	4/4	2	1	5	2023-06-30	2	1	1	2	9	38	\N	\N	53	1	0	1
442	Kick Ball Change Back Diagonal Back		HH01_0340_FBX	2022-08-07	f	f	[]	[]		0	12	144	4/4	1	1.5	5	2023-03-28	3	1	1	12	30	38	\N	\N	\N	1		1
677	Air Guitar 3		PP01_0522_FBX	2022-10-19	f	f	[]	[]		0	187	132	4/4	1	0.9	5	2023-07-10	1	1	1	49	32	44	\N	\N	\N	1	0	1
480	Running Man Side		HH01_0700_FBX	2022-08-07	f	f	[]	[]		0	17	144	4/4	2	1.2	5	2023-07-17	3	1	1	12	30	38	\N	\N	\N	1	0	1
687	11		HH01_2101_FBX	2022-11-24	f	f	[]	[]		0	17	142	4/4	1	2.15	5	2023-07-17	3	1	1	12	14	38	\N	\N	\N	1	0	1
688	12		HH01_2102_FBX	2022-11-24	f	f	[]	[]		0	17	142	4/4	1	2.16	5	2023-07-17	3	1	1	12	14	38	\N	\N	\N	1	0	1
357	MT Half-Time Side2Side		BD01_2240_FBX	2022-09-28	f	f	[]	[]		0	236	132	4/4	1	1	5	2023-06-30	2	1	1	2	9	38	\N	\N	51	1	0	1
778	Intro Idle 23		GM01_0230_FBX	2023-01-13	f	t	[]	[]		0	0	132	4/4	1	0	5	2023-04-14	1	1	1	49	23	38	\N	\N	26	1		1
631	Carry Up Side2Side		LK01_0030_FBX	2022-08-25	f	f	[]	[]		0	4	124	4/4	1	0.3	5	2023-06-21	4	1	1	18	39	36	\N	\N	\N	1	0	1
1	Bhangra		PP01_0010_FBX	2022-10-19	f	f	[]	[]		0	109	132	4/4	2	0.5	5	2023-07-10	1	1	1	49	\N	44	\N	\N	\N	1	0	53
208	Cross-Step into Run Around / Circle		BD01_0810_FBX	2022-08-17	f	f	[]	[]		0	73	151	4/4	1	1	5	2023-06-30	2	1	1	2	9	38	\N	\N	53	1	0	1
242	Cross-Step into Thinking Man Toe-Pull Fast		BD01_1150_FBX	2022-08-17	f	f	[]	[]		0	142	151	4/4	1	1	5	2023-06-30	2	1	1	2	9	38	\N	\N	53	1	0	1
224	Cross-Step into Reverse Rope Skip (Double Dutch)		BD01_0970_FBX	2022-08-17	f	f	[]	[]		0	0	151	4/4	1	1	5	2023-06-30	2	1	1	2	9	38	\N	\N	53	1	0	1
113	Shoulder Mobility	Exercise	BD01_0010_FBX	2022-06-04	f	t	[]	[]		0	0	144	4/4	1	1	5	2023-06-30	2	1	1	2	29	38	\N	\N	\N	1	0	1
874	Kick Ball Change Side Slide		BD01_9350_FBX	2022-08-07	f	f	[]	[]		0	113	144	4/4	1	2.1	5	2023-06-30	2	1	1	2	9	38	\N	\N	52	3	0	1
271	Cross-Step into Heel-Toe-See-Saw / Side2Side (Chasing Concept)		BD01_1440_FBX	2022-09-14	f	f	[]	[]		0	189	132	4/4	1	1	5	2023-06-30	2	1	1	2	9	38	\N	\N	53	1	0	1
952	?		WO01_0520_FBX	2023-04-20	f	f	[]	[]		0	0	178	4/4	1	1.18	5	2023-06-28	9	1	54	55	\N	44	\N	\N	\N	3	0	1
972	Sitting Twists		WO01_0720_FBX	2023-04-20	f	f	[]	[]		0	0	178	4/4	1	1.58	5	2023-04-25	9	1	54	55	\N	38	\N	\N	\N	3		1
1015	Balance Side Lunges		WO01_1150_FBX	2023-04-20	f	f	[]	[]		0	0	178	4/4	1	2.44	5	2023-04-25	9	1	54	55	\N	38	\N	\N	\N	3		1
1058	Slow Side Lunges		WO01_1580_FBX	2023-04-20	f	f	[]	[]		0	0	178	4/4	1	0.54	5	2023-06-28	9	1	54	55	\N	44	\N	\N	\N	3	0	1
1098	Hop Side-to-Side One Leg		WO01_1980_FBX	2023-04-20	f	f	[]	[]		0	0	178	4/4	1	1.34	5	2023-06-28	9	1	54	55	\N	44	\N	\N	\N	3	0	1
991	Raised Leg Kick		WO01_0910_FBX	2023-04-20	f	f	[]	[]		0	0	178	4/4	1	1.96	5	2023-06-28	9	1	54	55	\N	44	\N	\N	\N	3	0	1
1168	Lunge Step-Ups		WO01_0241_FBX	2023-04-20	f	f	[]	[]		0	0	159	4/4	2	0.62	5	2023-06-28	9	1	54	55	\N	44	\N	\N	\N	3	0	1
60	Pure Salty		PP01_0650_FBX	2022-10-19	f	f	[]	[]		0	236	132	4/4	1	0.7	5	2023-07-10	1	1	1	49	33	44	\N	\N	\N	1	0	1
73	Marsh Walk		PP01_0780_FBX	2022-10-19	f	f	[]	[]		0	395	132	4/4	1	1	5	2023-07-10	1	1	1	49	\N	44	\N	\N	\N	1	0	1
585	3-Corner-Step | ∞-Form Side Front		HH01_1650_FBX	2022-10-12	f	f	[]	[]		0	0	132	4/4	1	0.8	5	2023-07-17	3	1	1	12	\N	38	\N	\N	\N	1	0	1
520	Front Step Turn 90° Turn-Out Front		HH01_1100_FBX	2022-09-28	f	t	[]	[]		0	75	132	4/4	1	0.4	5	2023-07-17	3	1	1	12	19	38	\N	\N	\N	1	0	1
684	8		HH01_2090_FBX	2022-11-24	f	f	[]	[]		0	20	160	4/4	1	2.12	5	2023-07-17	3	1	1	12	14	38	\N	\N	\N	1	0	1
5	The Pentaque Move R		PP01_0060_FBX	2022-10-19	f	f	[]	[]		0	112	132	4/4	4	1.8	5	2023-07-10	1	1	1	49	\N	44	\N	\N	\N	1	0	1
698	22		HH01_2134_FBX	2022-11-24	f	f	[]	[]		0	17	142	4/4	1	2.26	5	2023-07-17	3	1	1	12	14	38	\N	\N	\N	1	0	1
6	Mum's Cha Cha Cha		PP01_0070_FBX	2022-10-19	f	f	[]	[]		0	64	132	4/4	2	1.2	5	2023-07-10	1	1	1	49	33	44	\N	\N	\N	1	0	1
7	The No Shame		PP01_0080_FBX	2022-10-19	f	f	[]	[]		0	133	132	4/4	1	0.7	5	2023-07-10	1	1	1	49	32	44	\N	\N	\N	1	0	1
706	30		HH01_2152_FBX	2022-11-24	f	f	[]	[]		0	17	142	4/4	1	2.34	5	2023-07-17	3	1	1	12	14	38	\N	\N	\N	1	0	1
8	Tari Sunda		PP01_0090_FBX	2022-10-19	f	f	[]	[]		0	134	132	4/4	1	0.8	5	2023-07-10	1	1	1	49	32	44	\N	\N	\N	1	0	1
13	Bollywood		PP01_0140_FBX	2022-10-19	f	f	[]	[]		0	225	132	4/4	1	1.5	5	2023-07-10	1	1	1	49	33	44	\N	\N	\N	1	0	1
14	Azonto R		PP01_0150_FBX	2022-10-19	f	f	[]	[]		0	11	132	4/4	2	0.5	5	2023-07-10	1	1	1	49	32	44	\N	\N	\N	1	0	1
722	46		HH01_2210_FBX	2022-11-24	f	f	[]	[]		0	2334	180	4/4	1	2.51	5	2023-07-17	3	1	1	12	14	38	\N	\N	\N	1	0	1
15	Onda Onda		PP01_0160_FBX	2022-10-19	f	f	[]	[]		0	18	132	4/4	1	0.2	5	2023-07-10	1	1	1	49	32	44	\N	\N	\N	1	0	1
16	Do you hear me R		PP01_0180_FBX	2022-10-19	f	f	[]	[]		0	99	132	4/4	1	0.6	5	2023-07-10	1	1	1	49	32	44	\N	\N	\N	1	0	1
458	Roof Top Chest Aight 		HH01_0500_FBX	2022-08-07	f	t	[]	[]		0	19	144	4/4	2	2.5	5	2023-07-17	3	1	1	12	31	38	\N	\N	\N	1	0	1
507	Side Step Double Time		HH01_0970_FBX	2022-09-28	f	f	[]	[]		0	19	132	4/4	2	1	5	2023-07-17	3	1	1	12	30	38	\N	\N	\N	1	0	1
510	Side Step Cross Front Turn Back 90° (In-&-Out)		HH01_1000_FBX	2022-09-28	f	t	[]	[]		0	236	132	4/4	1	0.4	5	2023-07-17	3	1	1	12	19	38	\N	\N	\N	1	0	1
17	The Sprinkler R		PP01_0190_FBX	2022-10-19	f	f	[]	[]		0	206	132	4/4	1	0.8	5	2023-07-10	1	1	1	49	\N	44	\N	\N	43	1	0	1
570	Grapevine Turn Backward Close 360° (180°/180°)		HH01_1500_FBX	2022-10-12	f	f	[]	[]		0	216	132	4/4	1	0.4	5	2023-07-17	3	1	1	12	19	38	\N	\N	\N	1	0	1
619	Box Step from Backstep Kombo		HH01_1970_FBX	2022-10-12	f	f	[]	[]		0	0	132	4/4	1	0.3	5	2023-07-17	3	1	1	12	\N	38	\N	\N	\N	1	0	1
835	Carry Up V3		LK01_0390_FBX	2023-03-29	f	f	[]	[]		0	120	120	4/4	1	1.2	5	2023-06-21	4	1	1	18	39	36	\N	\N	\N	1	0	1
836	Carry Up V2		LK01_0391_FBX	2023-03-29	f	f	[]	[]		0	43	124	4/4	1	1.5	5	2023-06-21	4	1	1	18	39	36	\N	\N	\N	1	0	1
32	Single Ladies		PP01_0340_FBX	2022-10-19	f	f	[]	[]		0	8	132	4/4	1	1.3	5	2023-07-10	1	1	1	49	\N	44	\N	\N	\N	1	0	1
34	Everyday Shuffle R		PP01_0360_FBX	2022-10-19	f	t	[]	[]		0	143	132	4/4	1	1.9	5	2023-07-10	1	1	1	49	\N	44	\N	\N	\N	1	0	1
35	Twerk R		PP01_0380_FBX	2022-10-19	f	f	[]	[]		0	35	136	4/4	2	0.7	5	2023-07-10	1	1	1	49	33	44	\N	\N	\N	1	0	56
36	Dab		PP01_0390_FBX	2022-10-19	f	f	[]	[]		0	9	132	4/4	1	0.3	5	2023-07-10	1	1	1	49	32	44	\N	\N	\N	1	0	1
39	The Shoot R		PP01_0420_FBX	2022-10-19	f	f	[]	[]		0	15	131	4/4	2	0.7	5	2023-07-10	1	1	1	49	32	44	\N	\N	\N	1	0	1
40	Billy Bounce		PP01_0430_FBX	2022-10-19	f	f	[]	[]		0	203	99	4/4	4	1	5	2023-07-10	1	1	1	49	\N	44	\N	\N	\N	1	0	1
41	Stoopid		PP01_0440_FBX	2022-10-19	f	f	[]	[]		0	59	132	4/4	4	0	5	2023-07-10	1	1	1	49	\N	44	\N	\N	\N	1	0	1
42	Orange Justice		PP01_0450_FBX	2022-10-19	f	f	[]	[]		0	131	132	4/4	1	1.9	5	2023-07-10	1	1	1	49	\N	44	\N	\N	\N	1	0	1
49	Boneless		PP01_0530_FBX	2022-10-19	f	f	[]	[]		0	27	99	4/4	2	2.2	5	2023-07-10	1	1	1	49	\N	44	\N	\N	\N	1	0	1
51	Cat humb		PP01_0550_FBX	2022-10-19	f	f	[]	[]		0	34	132	4/4	1	0.2	5	2023-07-10	1	1	1	49	\N	44	\N	\N	\N	1	0	1
23	The Booty Slap R		PP01_0250_FBX	2022-10-19	f	f	[]	[]		0	171	129	4/4	1	0.4	5	2023-07-10	1	1	1	49	33	44	\N	\N	\N	1	0	1
54	Pump It Up		PP01_0590_FBX	2022-10-19	f	f	[]	[]		0	381	132	4/4	1	0	5	2023-07-10	1	1	1	49	14	44	\N	\N	\N	1	0	1
24	Lonely Slow Dance R		PP01_0260_FBX	2022-10-19	f	f	[]	[]		0	262	132	4/4	1	0.2	5	2023-07-10	1	1	1	49	32	44	\N	\N	\N	1	0	1
19	John Travolta L		PP01_0201_FBX	2022-10-19	f	f	[]	[]		0	23	132	4/4	1	0.4	5	2023-07-10	1	1	1	49	32	44	\N	\N	\N	1	0	1
57	Backstroke		PP01_0620_FBX	2022-10-19	f	f	[]	[]		0	18	132	4/4	1	1	5	2023-07-10	1	1	1	49	33	44	\N	\N	\N	1	0	1
58	Wiggle		PP01_0630_FBX	2022-10-19	f	f	[]	[]		0	50	108	4/4	4	0.9	5	2023-07-10	1	1	1	49	32	44	\N	\N	\N	1	0	1
61	Hootenanny		PP01_0660_FBX	2022-10-19	f	f	[]	[]		0	10	132	4/4	1	1.9	5	2023-07-10	1	1	1	49	32	44	\N	\N	\N	1	0	1
62	Tidy R		PP01_0670_FBX	2022-10-19	f	f	[]	[]		0	37	132	4/4	2	0.8	5	2023-07-10	1	1	1	49	32	44	\N	\N	\N	1	0	1
63	Jubilation		PP01_0680_FBX	2022-10-19	f	f	[]	[]		0	304	165	4/4	2	0.1	5	2023-07-10	1	1	1	49	32	44	\N	\N	\N	1	0	1
30	Hardbass		PP01_0310_FBX	2022-10-19	f	f	[]	[]		0	115	132	4/4	4	0.2	5	2023-07-10	1	1	1	49	32	44	\N	\N	\N	1	0	1
31	Wild Flamenco		PP01_0320_FBX	2022-10-19	f	f	[]	[]		0	37	132	4/4	1	1.5	5	2023-07-10	1	1	1	49	\N	44	\N	\N	\N	1	0	1
55	Shimmer		PP01_0600_FBX	2022-10-19	f	f	[]	[]		0	464	132	4/4	1	1.5	5	2023-07-10	1	1	1	49	\N	44	\N	\N	\N	1	0	1
56	Rambunctious		PP01_0610_FBX	2022-10-19	f	f	[]	[]		0	295	132	4/4	1	1.3	5	2023-07-10	1	1	1	49	33	44	\N	\N	\N	1	0	1
64	The Robot		PP01_0690_FBX	2022-10-19	f	f	[]	[]		0	102	165	4/4	1	0.1	5	2023-07-10	1	1	1	49	\N	44	\N	\N	\N	1	0	1
65	Poki Dance		PP01_0700_FBX	2022-10-19	f	t	[]	[]		0	503	132	4/4	2	0.1	5	2023-07-10	1	1	1	49	14	44	\N	\N	\N	1	0	1
734	Kupe Dance L		PP01_0111_FBX	2022-10-19	f	f	[]	[]		0	58	132	4/4	1	1.9	5	2023-07-10	1	1	1	49	33	44	\N	\N	\N	1	0	1
18	John Travolta R		PP01_0200_FBX	2022-10-19	f	f	[]	[]		0	23	132	4/4	1	0.4	5	2023-07-10	1	1	1	49	33	44	\N	\N	\N	1	0	1
868	Kick Walk		BD01_9270_FBX	2022-08-07	f	f	[]	[]		0	14	144	4/4	2	1.2	5	2023-06-30	2	1	1	2	9	38	\N	\N	52	3	0	1
20	Thrusting		PP01_0210_FBX	2022-10-19	f	f	[]	[]		0	15	130	4/4	2	0.1	5	2023-07-10	1	1	1	49	\N	44	\N	\N	\N	1	0	1
25	The Lawn Mower R		PP01_0270_FBX	2022-10-19	f	f	[]	[]		0	69	132	4/4	2	0.2	5	2023-07-10	1	1	1	49	32	44	\N	\N	\N	1	0	1
27	The Swim		PP01_0280_FBX	2022-10-19	f	f	[]	[]		0	253	132	4/4	2	0.8	5	2023-07-10	1	1	1	49	32	44	\N	\N	\N	1	0	1
28	The Passed Out		PP01_0290_FBX	2022-10-19	f	f	[]	[]		0	64	132	4/4	1	0.1	5	2023-07-10	1	1	1	49	32	44	\N	\N	\N	1	0	1
29	Axe		PP01_0300_FBX	2022-10-19	f	f	[]	[]		0	256	131	4/4	1	0.5	5	2023-07-10	1	1	1	49	33	44	\N	\N	\N	1	0	1
43	Jay Walk		PP01_0460_FBX	2022-10-19	f	f	[]	[]		0	21	132	4/4	1	1.9	5	2023-07-10	1	1	1	49	\N	44	\N	\N	\N	1	0	1
52	Donkey		PP01_0560_FBX	2022-10-19	f	f	[]	[]		0	35	132	4/4	2	2.9	5	2023-07-10	1	1	1	49	\N	44	\N	\N	\N	1	0	1
116	Lounge	Exercise	BD01_0040_FBX	2022-06-04	f	t	[]	[]		0	0	144	4/4	1	1	5	2023-06-30	2	1	1	2	29	38	\N	\N	\N	1	0	1
119	Plank Mobility	Exercise	BD01_0060_FBX	2022-06-04	f	t	[]	[]		0	0	144	4/4	1	1	5	2023-06-30	2	1	1	2	29	38	\N	\N	\N	1	0	1
117	Chest Twist	Exercise	BD01_0050_FBX	2022-06-04	f	t	[]	[]		0	0	144	4/4	1	1	5	2023-06-30	2	1	1	2	29	38	\N	\N	\N	1	0	1
93	Twist (Knee Change)		PP01_0990_FBX	2022-10-24	f	f	[]	[]		0	0	144	4/4	1	0	5	2023-07-10	1	1	1	49	\N	44	\N	\N	\N	1	0	1
118	Chest Twist (straight arms)	Exercise	BD01_0051_FBX	2022-06-04	f	t	[]	[]		0	0	144	4/4	1	1	5	2023-06-30	2	1	1	2	29	38	\N	\N	\N	1	0	1
120	Squad Back Mobility	Exercise	BD01_0070_FBX	2022-06-04	f	t	[]	[]		0	0	144	4/4	1	1	5	2023-06-30	2	1	1	2	29	38	\N	\N	\N	1	0	1
99	Now you see me, now you don´t		PP01_1050_FBX	2022-10-24	f	f	[]	[]		0	42	144	4/4	1	1.2	5	2023-07-10	1	1	1	49	\N	44	\N	\N	\N	1	0	1
104	Will Smith 2		PP01_1100_FBX	2022-10-24	f	f	[]	[]		0	263	144	4/4	2	1.8	5	2023-07-10	1	1	1	49	\N	44	\N	\N	\N	1	0	1
69	Pee Wee		PP01_0740_FBX	2022-10-19	f	f	[]	[]		0	40	132	4/4	1	0.3	5	2023-07-10	1	1	1	49	33	44	\N	\N	\N	1	0	1
74	Smeeze		PP01_0790_FBX	2022-10-19	f	f	[]	[]		0	251	132	4/4	1	1.1	5	2023-07-10	1	1	1	49	\N	44	\N	\N	\N	1	0	1
77	Shovel Walz R		PP01_0820_FBX	2022-10-19	f	f	[]	[]		0	244	132	4/4	1	1.2	5	2023-07-10	1	1	1	49	33	44	\N	\N	\N	1	0	1
81	Toosy Slide		PP01_0860_FBX	2022-10-19	f	f	[]	[]		0	337	132	4/4	1	1.8	5	2023-07-10	1	1	1	49	14	44	\N	\N	\N	1	0	1
121	Windmill	Windmill	BD01_0080_FBX	2022-06-04	f	f	[]	[]		0	0	144	4/4	1	2.9	5	2023-06-30	2	1	1	2	3	38	\N	\N	10	1	0	1
75	Wanna See Me		PP01_0800_FBX	2022-10-19	f	f	[]	[]		0	8	132	4/4	1	0.6	5	2023-07-10	1	1	1	49	32	44	\N	\N	\N	1	0	1
82	Canny		PP01_0870_FBX	2022-10-19	f	f	[]	[]		0	133	132	4/4	1	0.9	5	2023-07-10	1	1	1	49	14	44	\N	\N	\N	1	0	1
100	The Crab		PP01_1060_FBX	2022-10-24	f	f	[]	[]		0	197	144	4/4	2	0.8	5	2023-07-10	1	1	1	49	32	44	\N	\N	\N	1	0	1
79	Cross Bounce		PP01_0840_FBX	2022-10-19	f	f	[]	[]		0	234	132	4/4	1	0.4	5	2023-07-10	1	1	1	49	\N	44	\N	\N	\N	1	0	1
105	Kung Fu Dance		PP01_1110_FBX	2022-10-24	f	f	[]	[]		0	179	144	4/4	1	0.9	5	2023-07-10	1	1	1	49	32	44	\N	\N	\N	1	0	1
94	Gallis Swing		PP01_1000_FBX	2022-10-24	f	f	[]	[]		0	0	144	4/4	1	0	5	2023-07-10	1	1	1	49	\N	44	\N	\N	\N	1	0	1
80	Boxer Hips Circle		PP01_0850_FBX	2022-10-24	f	f	[]	[]		0	41	116	4/4	2	0.3	5	2023-07-10	1	1	1	49	32	44	\N	\N	\N	1	0	1
71	Blinding Lights		PP01_0760_FBX	2022-10-19	f	f	[]	[]		0	39	132	4/4	1	0.6	5	2023-07-10	1	1	1	49	14	44	\N	\N	\N	1	0	1
86	Vulture		PP01_0910_FBX	2022-10-19	f	f	[]	[]		0	11	132	4/4	1	1.3	5	2023-07-10	1	1	1	49	32	44	\N	\N	\N	1	0	1
76	Duck Dance		PP01_0810_FBX	2022-10-19	f	f	[]	[]		0	14	132	4/4	1	0.5	5	2023-07-10	1	1	1	49	32	44	\N	\N	\N	1	0	1
72	Keep It Mello		PP01_0770_FBX	2022-10-24	f	f	[]	[]		0	0	132	4/4	1	1.3	5	2023-07-10	1	1	1	49	\N	44	\N	\N	\N	1	0	1
106	The Shovel R		PP01_1140_FBX	2022-10-24	f	f	[]	[]		0	260	144	4/4	4	0.4	5	2023-07-10	1	1	1	49	32	44	\N	\N	\N	1	0	1
102	Jeffrey		PP01_1080_FBX	2022-10-24	f	f	[]	[]		0	20	144	4/4	2	0.6	5	2023-07-10	1	1	1	49	32	44	\N	\N	\N	1	0	1
68	Headbanger		PP01_0730_FBX	2022-10-19	f	f	[]	[]		0	45	97	4/4	1	0.2	5	2023-07-10	1	1	1	49	32	44	\N	\N	\N	1	0	1
98	Punk Rock		PP01_1040_FBX	2022-10-24	f	f	[]	[]		0	290	144	4/4	1	1	5	2023-07-10	1	1	1	49	\N	44	\N	\N	\N	1	0	1
123	Windmill Exercise Turtle	Windmill Exercise Turtle	BD01_0090_FBX	2022-06-04	f	t	[]	[]		0	0	144	4/4	1	2	5	2023-06-30	2	1	1	2	3	38	\N	\N	10	1	0	1
124	Windmill Exercise Arm left right	Windmill Exercise Arm left right	BD01_0100_FBX	2022-06-04	f	t	[]	[]		0	0	144	4/4	1	1	5	2023-06-30	2	1	1	2	3	38	\N	\N	10	1	0	1
125	Windmill Exercise Turtle Start	Windmill Exercise Turtle Start	BD01_0110_FBX	2022-06-04	f	t	[]	[]		0	0	144	4/4	1	2	5	2023-06-30	2	1	1	2	3	38	\N	\N	10	1	0	1
126	Munchmill Entry	Munchmill Entry	BD01_0120_FBX	2022-06-04	f	t	[]	[]		0	0	144	4/4	1	1	5	2023-06-30	2	1	1	2	3	38	\N	\N	10	1	0	1
127	Munchmill Twist Exercise	Munchmill Twist Exercise	BD01_0130_FBX	2022-06-04	f	t	[]	[]		0	0	144	4/4	1	1	5	2023-06-30	2	1	1	2	3	38	\N	\N	10	1	0	1
128	Munchmill	Munchmill	BD01_0140_FBX	2022-06-04	f	f	[]	[]		0	0	144	4/4	1	2.9	5	2023-06-30	2	1	1	2	3	38	\N	\N	10	1	0	1
129	Munchmill (with entrance)	Munchmill	BD01_0141_FBX	2022-06-04	f	t	[]	[]		0	0	144	4/4	1	2.9	5	2023-06-30	2	1	1	2	3	38	\N	\N	10	1	0	1
133	Tombstone Mill (with entrance)	Tumbstone Mill	BD01_0161_FBX	2022-06-04	f	t	[]	[]		0	0	144	4/4	1	1	5	2023-06-30	2	1	1	2	3	38	\N	\N	10	1	0	1
134	Tracks	Tracks	BD01_0170_FBX	2022-06-04	f	f	[]	[]		0	0	144	4/4	1	1	5	2023-06-30	2	1	1	2	3	38	\N	\N	10	1	0	1
135	Tracks  (with entrance)	Tracks	BD01_0171_FBX	2022-06-04	f	t	[]	[]		0	0	144	4/4	1	1	5	2023-06-30	2	1	1	2	3	38	\N	\N	10	1	0	1
142	Flare Counter Turn		BD01_0220_FBX	2022-06-04	f	f	[]	[]		0	0	144	4/4	1	1	5	2023-06-30	2	1	1	2	3	38	\N	\N	5	1	0	1
137	Turtle Jumps	Turtle Jumps	BD01_0190_FBX	2022-06-04	f	f	[]	[]		0	0	144	4/4	1	1	5	2023-06-30	2	1	1	2	3	38	\N	\N	8	1	0	1
143	Flare Counter Turn		BD01_0221_FBX	2022-06-04	f	t	[]	[]		0	0	144	4/4	1	1	5	2023-06-30	2	1	1	2	3	38	\N	\N	5	1	0	1
138	Turtle Jumps (with entrance)	Turtle Jumps	BD01_0191_FBX	2022-06-04	f	t	[]	[]		0	0	144	4/4	1	1	5	2023-06-30	2	1	1	2	3	38	\N	\N	8	1	0	1
139	Headspin	Headspin	BD01_0200_FBX	2022-06-04	f	f	[]	[]		0	0	144	4/4	1	1	5	2023-06-30	2	1	1	2	3	38	\N	\N	4	1	0	1
140	Headspin (with entrance)	Headspin	BD01_0201_FBX	2022-06-04	f	t	[]	[]		0	0	144	4/4	1	1	5	2023-06-30	2	1	1	2	3	38	\N	\N	4	1	0	1
156	Airflare Jump Exercise 1		BD01_0320_FBX	2022-06-04	f	t	[]	[]		0	0	144	4/4	1	1	5	2023-06-30	2	1	1	2	3	38	\N	\N	\N	1	0	1
157	Airflare Jump Exercise 1		BD01_0330_FBX	2022-06-04	f	t	[]	[]		0	0	144	4/4	1	1	5	2023-06-30	2	1	1	2	3	38	\N	\N	\N	1	0	1
145	Flare 1		BD01_0231_FBX	2022-06-04	f	t	[]	[]	Thomas Flare	0	0	144	4/4	1	1	5	2023-06-30	2	1	1	2	3	38	\N	\N	5	1	0	1
146	Flare Slide Exercise		BD01_0240_FBX	2022-06-04	f	t	[]	[]		0	0	144	4/4	1	1	5	2023-06-30	2	1	1	2	3	38	\N	\N	5	1	0	1
147	Flare Mobility Exercise		BD01_0250_FBX	2022-06-04	f	t	[]	[]		0	0	144	4/4	1	1	5	2023-06-30	2	1	1	2	29	38	\N	\N	5	1	0	1
148	Flare Mobility Exercise II		BD01_0251_FBX	2022-06-04	f	t	[]	[]		0	0	144	4/4	1	1	5	2023-06-30	2	1	1	2	29	38	\N	\N	5	1	0	1
149	Flair Handstand Exercise		BD01_0260_FBX	2022-06-04	f	t	[]	[]		0	0	144	4/4	1	1	5	2023-06-30	2	1	1	2	29	38	\N	\N	5	1	0	1
150	Flare with Kicks Exercise		BD01_0270_FBX	2022-06-04	f	t	[]	[]		0	0	144	4/4	1	1	5	2023-06-30	2	1	1	2	3	38	\N	\N	5	1	0	1
151	Airflare		BD01_0280_FBX	2022-06-04	f	f	[]	[]		0	0	144	4/4	1	1	5	2023-06-30	2	1	1	2	3	38	\N	\N	\N	1	0	1
152	Airflare (with entrance)		BD01_0281_FBX	2022-06-04	f	t	[]	[]		0	0	144	4/4	1	1	5	2023-06-30	2	1	1	2	3	38	\N	\N	\N	1	0	1
153	Airflare Handstand Exercise		BD01_0290_FBX	2022-06-04	f	t	[]	[]		0	0	144	4/4	1	1	5	2023-06-30	2	1	1	2	3	38	\N	\N	\N	1	0	1
154	Airflare HS Exercise 2		BD01_0300_FBX	2022-06-04	f	t	[]	[]		0	0	144	4/4	1	1	5	2023-06-30	2	1	1	2	3	38	\N	\N	\N	1	0	1
155	Airflare HS Freeze		BD01_0310_FBX	2022-06-04	f	t	[]	[]		0	0	144	4/4	1	1	5	2023-06-30	2	1	1	2	3	38	\N	\N	\N	1	0	1
158	Windmill to Airflare	Windmill to Airflare	BD01_0340_FBX	2022-06-04	f	f	[]	[]		0	0	144	4/4	1	1	5	2023-06-30	2	1	1	2	3	38	\N	\N	\N	1	0	1
160	Windmill to Handstand		BD01_0350_FBX	2022-06-04	f	t	[]	[]		0	0	144	4/4	1	1	5	2023-06-30	2	1	1	2	3	38	\N	\N	\N	1	0	1
161	Windmill Enter Exercise		BD01_0360_FBX	2022-06-04	f	t	[]	[]		0	0	144	4/4	1	1	5	2023-06-30	2	1	1	2	3	38	\N	\N	\N	1	0	1
136	90s	90s	BD01_0180_FBX	2022-06-04	f	f	[]	[]		0	0	144	4/4	1	1	5	2023-06-30	2	1	1	2	3	38	\N	\N	4	1	0	1
163	Windmill Flare (with entrance)		BD01_0371_FBX	2022-06-04	f	t	[]	[]		0	0	144	4/4	1	1	5	2023-06-30	2	1	1	2	3	38	\N	\N	\N	1	0	1
164	Freeze to Flare		BD01_0380_FBX	2022-06-04	f	t	[]	[]		0	0	144	4/4	1	1	5	2023-06-30	2	1	1	2	34	38	\N	\N	\N	1	0	1
165	Windmill Flare Exercise		BD01_0390_FBX	2022-06-04	f	t	[]	[]		0	0	144	4/4	1	1	5	2023-06-30	2	1	1	2	3	38	\N	\N	\N	1	0	1
166	Headstand Turtle Exercise		BD01_0400_FBX	2022-06-04	f	t	[]	[]		0	0	144	4/4	1	1	5	2023-06-30	2	1	1	2	34	38	\N	\N	\N	1	0	1
170	Freeze Combo Ellbow HS		BD01_0430_FBX	2022-06-04	f	f	[]	[]		0	0	144	4/4	1	1	5	2023-06-30	2	1	1	2	11	38	\N	\N	\N	1	0	1
171	Dyn. Combo Mill Ewllbow		BD01_0440_FBX	2022-06-04	f	f	[]	[]		0	0	144	4/4	1	1	5	2023-06-30	2	1	1	2	3	38	\N	\N	\N	1	0	1
172	Air Freeze 1		BD01_0450_FBX	2022-06-04	f	f	[]	[]		0	0	144	4/4	1	1	5	2023-06-30	2	1	1	2	11	38	\N	\N	\N	1	0	1
173	Air Chair 1		BD01_0460_FBX	2022-06-04	f	f	[]	[]		0	0	144	4/4	1	1	5	2023-06-30	2	1	1	2	11	38	\N	\N	\N	1	0	1
174	Air Chair 2		BD01_0470_FBX	2022-06-04	f	f	[]	[]		0	0	144	4/4	1	1	5	2023-06-30	2	1	1	2	11	38	\N	\N	\N	1	0	1
175	Air Chair 3		BD01_0480_FBX	2022-06-04	f	f	[]	[]		0	0	144	4/4	1	1	5	2023-06-30	2	1	1	2	11	38	\N	\N	\N	1	0	1
176	Air Freeze 2		BD01_0490_FBX	2022-06-04	f	f	[]	[]		0	0	144	4/4	1	1	5	2023-06-30	2	1	1	2	11	38	\N	\N	\N	1	0	1
177	Air Freeze 3		BD01_0500_FBX	2022-06-04	f	f	[]	[]		0	0	144	4/4	1	1	5	2023-06-30	2	1	1	2	11	38	\N	\N	\N	1	0	1
179	Chair Freeze		BD01_0520_FBX	2022-06-04	f	f	[]	[]		0	0	144	4/4	1	1	5	2023-06-30	2	1	1	2	11	38	\N	\N	\N	1	0	1
180	Ibot Run		BD01_0530_FBX	2022-06-04	f	f	[]	[]		0	0	144	4/4	1	1	5	2023-06-30	2	1	1	2	6	38	\N	\N	\N	1	0	1
183	Cross-Step Half-Time Side2Side		BD01_0560_FBX	2022-08-17	f	f	[]	[]		0	119	151	4/4	2	1	5	2023-06-30	2	1	1	2	9	38	\N	\N	53	1	0	1
184	Cross-Step Slap Jack Side2Side		BD01_0570_FBX	2022-08-17	f	f	[]	[]		0	66	151	4/4	2	1	5	2023-06-30	2	1	1	2	9	38	\N	\N	53	1	0	1
185	Cross-Step 2.0 / Circling by Poe One		BD01_0580_FBX	2022-08-17	f	f	[]	[]		0	77	151	4/4	2	1	5	2023-06-30	2	1	1	2	9	38	\N	\N	53	1	0	1
186	Cross-Step3.0 / Crossing		BD01_0590_FBX	2022-08-17	f	f	[]	[]		0	36	151	4/4	1	1	5	2023-06-30	2	1	1	2	9	38	\N	\N	53	1	0	1
187	Cross-Step 4.0 / Tackling		BD01_0600_FBX	2022-08-17	f	f	[]	[]		0	107	151	4/4	2	1	5	2023-06-30	2	1	1	2	9	38	\N	\N	53	1	0	1
188	Cross-Step 5.0 / Double Kick		BD01_0610_FBX	2022-08-17	f	f	[]	[]		0	57	151	4/4	1	1	5	2023-06-30	2	1	1	2	9	38	\N	\N	53	1	0	1
189	Cross-Step Reset Clap		BD01_0620_FBX	2022-08-17	f	f	[]	[]		0	140	151	4/4	2	1	5	2023-06-30	2	1	1	2	9	38	\N	\N	53	1	0	1
190	Cross-Step Reset Jump		BD01_0630_FBX	2022-08-17	f	f	[]	[]		0	116	151	4/4	2	1	5	2023-06-30	2	1	1	2	9	38	\N	\N	53	1	0	1
191	Cross-Step Fly-Over Front (Barrel Jump)		BD01_0640_FBX	2022-08-17	f	f	[]	[]		0	270	151	4/4	2	1	5	2023-06-30	2	1	1	2	9	38	\N	\N	53	1	0	1
192	Cross-Step Fly-Over Front Foot-Grab		BD01_0650_FBX	2022-08-17	f	f	[]	[]		0	262	151	4/4	2	1	5	2023-06-30	2	1	1	2	9	38	\N	\N	53	1	0	1
193	Cross-Step Fly-Over Back		BD01_0660_FBX	2022-08-17	f	f	[]	[]		0	130	151	4/4	1	1	5	2023-06-30	2	1	1	2	9	38	\N	\N	53	1	0	1
194	Cross-Step Fly-Over Back Foot-Grab		BD01_0670_FBX	2022-08-17	f	f	[]	[]		0	0	151	4/4	1	1	5	2023-06-30	2	1	1	2	9	38	\N	\N	53	1	0	1
195	Cross-Step Fly into Sling		BD01_0680_FBX	2022-08-17	f	f	[]	[]		0	129	151	4/4	1	1	5	2023-06-30	2	1	1	2	9	38	\N	\N	53	1	0	1
196	Cross-Step Turn 360°		BD01_0690_FBX	2022-08-17	f	f	[]	[]		0	291	151	4/4	1	1	5	2023-06-30	2	1	1	2	9	38	\N	\N	53	1	0	1
197	Cross-Step Turn 360° Kris Kross		BD01_0700_FBX	2022-08-17	f	f	[]	[]		0	130	151	4/4	1	1	5	2023-06-30	2	1	1	2	9	38	\N	\N	53	1	0	1
198	Cross-Step Turn 360° Step-Back		BD01_0710_FBX	2022-08-17	f	f	[]	[]		0	0	151	4/4	1	1	5	2023-06-30	2	1	1	2	9	38	\N	\N	53	1	0	1
199	Cross-Step Turn 360° In & Out		BD01_0720_FBX	2022-08-17	f	f	[]	[]		0	184	151	4/4	1	1	5	2023-06-30	2	1	1	2	9	38	\N	\N	53	1	0	1
325	KBC Backstep Side2Side Turnout 90°		BD01_1980_FBX	2022-09-21	f	f	[]	[]		0	115	132	4/4	2	1	5	2023-06-30	2	1	1	2	9	38	\N	\N	52	1	0	1
359	MT into Kick-Step		BD01_2260_FBX	2022-09-28	f	f	[]	[]		0	175	132	4/4	1	1	5	2023-06-30	2	1	1	2	9	38	\N	\N	51	1	0	1
890	Alex 1		BD01_2740_FBX	2023-04-05	f	f	[]	[]		0	6	94	4/4	1	1	5	2023-06-30	2	1	1	2	41	38	\N	\N	\N	3	0	1
202	Cross-Step into Soul Jazz		BD01_0750_FBX	2022-08-17	f	f	[]	[]		0	3	151	4/4	1	1	5	2023-06-30	2	1	1	2	9	38	\N	\N	53	1	0	1
203	Cross-Step into Tic Tac		BD01_0760_FBX	2022-08-17	f	f	[]	[]		0	214	151	4/4	1	1	5	2023-06-30	2	1	1	2	9	38	\N	\N	53	1	0	1
204	Cross-Step into Next Episode		BD01_0770_FBX	2022-08-17	f	f	[]	[]		0	142	151	4/4	2	1	5	2023-06-30	2	1	1	2	9	38	\N	\N	53	1	0	1
212	Cross-Step into Kris Kross Lift-Back		BD01_0850_FBX	2022-08-17	f	f	[]	[]		0	137	151	4/4	2	1	5	2023-06-30	2	1	1	2	9	38	\N	\N	53	1	0	1
213	Cross-Step into Kris Kross Jump		BD01_0860_FBX	2022-08-17	f	f	[]	[]		0	123	151	4/4	1	1	5	2023-06-30	2	1	1	2	9	38	\N	\N	53	1	0	1
214	Cross-Step into Smash It		BD01_0870_FBX	2022-08-17	f	f	[]	[]		0	129	151	4/4	2	1	5	2023-06-30	2	1	1	2	9	38	\N	\N	53	1	0	1
216	Cross-Step into Rub It In		BD01_0890_FBX	2022-08-17	f	f	[]	[]		0	150	151	4/4	2	1	5	2023-06-30	2	1	1	2	9	38	\N	\N	53	1	0	1
217	Cross-Step into Kickin It		BD01_0900_FBX	2022-08-17	f	f	[]	[]		0	58	151	4/4	2	1	5	2023-06-30	2	1	1	2	9	38	\N	\N	53	1	0	1
218	Cross-Step into Running Man		BD01_0910_FBX	2022-08-17	f	f	[]	[]		0	138	151	4/4	2	1	5	2023-06-30	2	1	1	2	9	38	\N	\N	53	1	0	1
219	Cross-Step into Roger Rabbit		BD01_0920_FBX	2022-08-17	f	f	[]	[]		0	172	151	4/4	1	1	5	2023-06-30	2	1	1	2	9	38	\N	\N	53	1	0	1
220	Cross-Step into Party Machine		BD01_0930_FBX	2022-08-17	f	f	[]	[]		0	5	151	4/4	1	1	5	2023-06-30	2	1	1	2	9	38	\N	\N	53	1	0	1
221	Cross-Step into Spongebob		BD01_0940_FBX	2022-08-17	f	f	[]	[]		0	235	151	4/4	1	1	5	2023-06-30	2	1	1	2	9	38	\N	\N	53	1	0	1
222	Cross-Step into Mike Tyson		BD01_0950_FBX	2022-08-17	f	f	[]	[]		0	53	151	4/4	1	1	5	2023-06-30	2	1	1	2	9	38	\N	\N	53	1	0	1
223	Cross-Step into Rope Skip (Double Dutch)		BD01_0960_FBX	2022-08-17	f	f	[]	[]		0	118	151	4/4	1	1	5	2023-06-30	2	1	1	2	9	38	\N	\N	53	1	0	1
225	Cross-Step into Foot-Pull-Knee		BD01_0980_FBX	2022-08-17	f	f	[]	[]		0	51	151	4/4	1	1	5	2023-06-30	2	1	1	2	9	38	\N	\N	53	1	0	1
226	Cross-Step into Balance On Line		BD01_0990_FBX	2022-08-17	f	f	[]	[]		0	0	151	4/4	1	1	5	2023-06-30	2	1	1	2	9	38	\N	\N	53	1	0	1
227	Cross-Step into Shuffle (Skate)		BD01_1000_FBX	2022-08-17	f	f	[]	[]		0	61	151	4/4	1	1	5	2023-06-30	2	1	1	2	9	38	\N	\N	53	1	0	1
228	Cross-Step into Scissors		BD01_1010_FBX	2022-08-17	f	f	[]	[]		0	75	151	4/4	1	1	5	2023-06-30	2	1	1	2	9	38	\N	\N	53	1	0	1
229	Cross-Step into Swing Circle Shift		BD01_1020_FBX	2022-08-17	f	f	[]	[]		0	0	151	4/4	1	1	5	2023-06-30	2	1	1	2	9	38	\N	\N	53	1	0	1
230	Cross-Step into Swing Back		BD01_1030_FBX	2022-08-17	f	f	[]	[]		0	28	151	4/4	1	1	5	2023-06-30	2	1	1	2	9	38	\N	\N	53	1	0	1
231	Cross-Step into Toe-Tap Back (Straight / Open-Close)		BD01_1040_FBX	2022-08-17	f	f	[]	[]		0	121	151	4/4	1	1	5	2023-06-30	2	1	1	2	9	38	\N	\N	53	1	0	1
232	Cross-Step into Toe-Heel-Toe Side2Side		BD01_1050_FBX	2022-08-17	f	f	[]	[]		0	46	151	4/4	1	1	5	2023-06-30	2	1	1	2	9	38	\N	\N	53	1	0	1
233	Cross-Step into Twist (aka Salsero)		BD01_1060_FBX	2022-08-17	f	f	[]	[]		0	276	151	4/4	1	1	5	2023-06-30	2	1	1	2	9	38	\N	\N	53	1	0	1
234	Cross-Step into Twist Turn 360° (aka Paddle Turn)		BD01_1070_FBX	2022-08-17	f	f	[]	[]		0	227	151	4/4	1	1	5	2023-06-30	2	1	1	2	9	38	\N	\N	53	1	0	1
235	Cross-Step into Sling-Hook Same		BD01_1080_FBX	2022-08-17	f	f	[]	[]		0	291	151	4/4	1	1	5	2023-06-30	2	1	1	2	9	38	\N	\N	53	1	0	1
236	Cross-Step into Sling-Hook Change		BD01_1090_FBX	2022-08-17	f	f	[]	[]		0	0	151	4/4	1	1	5	2023-06-30	2	1	1	2	9	38	\N	\N	53	1	0	1
237	Cross-Step into Sling-Hook Step		BD01_1100_FBX	2022-08-17	f	f	[]	[]		0	80	151	4/4	1	1	5	2023-06-30	2	1	1	2	9	38	\N	\N	53	1	0	1
239	Cross-Step into Sling-Sling Turn 360°		BD01_1120_FBX	2022-08-17	f	f	[]	[]		0	208	151	4/4	1	1	5	2023-06-30	2	1	1	2	9	38	\N	\N	53	1	0	1
240	Cross-Step into Thinking Man		BD01_1130_FBX	2022-08-17	f	f	[]	[]		0	34	151	4/4	1	1	5	2023-06-30	2	1	1	2	9	38	\N	\N	53	1	0	1
334	KBC Backstep Cross Back		BD01_2050_FBX	2022-09-21	f	f	[]	[]		0	36	132	4/4	1	1	5	2023-06-30	2	1	1	2	9	38	\N	\N	52	1	0	1
891	Alex 2		BD01_2760_FBX	2023-04-05	f	f	[]	[]		0	92	176	4/4	1	1	5	2023-06-30	2	1	1	2	41	38	\N	\N	\N	3	0	1
892	Alex 3		BD01_2770_FBX	2023-04-05	f	f	[]	[]		0	6	136	4/4	1	1	5	2023-06-30	2	1	1	2	41	38	\N	\N	\N	3	0	1
893	Alex 4		BD01_2830_FBX	2023-04-05	f	f	[]	[]		0	84	84	4/4	1	1	5	2023-06-30	2	1	1	2	41	38	\N	\N	\N	3	0	1
245	Cross-Step into Toe-Heel-Stand Slow		BD01_1180_FBX	2022-08-17	f	f	[]	[]		0	215	151	4/4	1	1	5	2023-06-30	2	1	1	2	9	38	\N	\N	53	1	0	1
246	Cross-Step into Toe-Heel-Stand Fast		BD01_1190_FBX	2022-08-17	f	f	[]	[]		0	215	151	4/4	1	1	5	2023-06-30	2	1	1	2	9	38	\N	\N	53	1	0	1
247	Cross-Step into Backslide		BD01_1200_FBX	2022-08-17	f	f	[]	[]		0	0	132	4/4	1	1	5	2023-06-30	2	1	1	2	9	38	\N	\N	53	1	0	1
248	Cross-Step into Backslide Back-Front		BD01_1210_FBX	2022-09-14	f	f	[]	[]		0	0	132	4/4	1	1	5	2023-06-30	2	1	1	2	9	38	\N	\N	53	1	0	1
250	Cross-Step into Charly Rock		BD01_1230_FBX	2022-09-14	f	f	[]	[]		0	133	132	4/4	1	1	5	2023-06-30	2	1	1	2	9	38	\N	\N	53	1	0	1
252	Cross-Step into Charly Rock (MJ) Step-Front		BD01_1250_FBX	2022-09-14	f	f	[]	[]		0	139	132	4/4	1	1	5	2023-06-30	2	1	1	2	9	38	\N	\N	53	1	0	1
253	Cross-Step into Charly Rock (MJ) Step-Back-Front		BD01_1260_FBX	2022-09-14	f	f	[]	[]		0	369	132	4/4	1	1	5	2023-06-30	2	1	1	2	9	38	\N	\N	53	1	0	1
254	Cross-Step into Charly Steppin		BD01_1270_FBX	2022-09-14	f	f	[]	[]		0	0	132	4/4	1	1	5	2023-06-30	2	1	1	2	9	38	\N	\N	53	1	0	1
255	Cross-Step into Scoob		BD01_1280_FBX	2022-09-14	f	f	[]	[]		0	162	132	4/4	1	1	5	2023-06-30	2	1	1	2	9	38	\N	\N	53	1	0	1
256	Cross-Step into Breed Single		BD01_1290_FBX	2022-09-14	f	f	[]	[]		0	116	132	4/4	1	1	5	2023-06-30	2	1	1	2	9	38	\N	\N	53	1	0	1
257	Cross-Step into Breed Double		BD01_1300_FBX	2022-09-14	f	f	[]	[]		0	169	132	4/4	1	1	5	2023-06-30	2	1	1	2	9	38	\N	\N	53	1	0	1
258	Cross-Step into Breed Triangle 1.0 / Side2Side		BD01_1310_FBX	2022-09-14	f	f	[]	[]		0	171	132	4/4	1	1	5	2023-06-30	2	1	1	2	9	38	\N	\N	53	1	0	1
259	Cross-Step into Breed Triangle 2.0 / Back-Front		BD01_1320_FBX	2022-09-14	f	f	[]	[]		0	135	132	4/4	1	1	5	2023-06-30	2	1	1	2	9	38	\N	\N	53	1	0	1
260	Cross-Step into Breed 3-Way-Kick		BD01_1330_FBX	2022-09-14	f	f	[]	[]		0	94	132	4/4	1	1	5	2023-06-30	2	1	1	2	9	38	\N	\N	53	1	0	1
261	Cross-Step into Foot-Grab Go-Down / Side2Side		BD01_1340_FBX	2022-09-14	f	f	[]	[]		0	89	132	4/4	1	1	5	2023-06-30	2	1	1	2	9	38	\N	\N	53	1	0	1
262	Cross-Step into Hook-Grab Pull Back / Back-Front		BD01_1350_FBX	2022-09-14	f	f	[]	[]		0	0	132	4/4	1	1	5	2023-06-30	2	1	1	2	9	38	\N	\N	53	1	0	1
263	Cross-Step into Hook-Grab Jojo / Side2Side		BD01_1360_FBX	2022-09-14	f	f	[]	[]		0	239	132	4/4	1	1	5	2023-06-30	2	1	1	2	9	38	\N	\N	53	1	0	1
264	Cross-Step into Toe-Grab Pull Back / Side2Side		BD01_1370_FBX	2022-09-14	f	f	[]	[]		0	170	132	4/4	1	1	5	2023-06-30	2	1	1	2	9	38	\N	\N	53	1	0	1
266	Cross-Step into Cross Kick Jump Over / Side2Side		BD01_1390_FBX	2022-09-14	f	f	[]	[]		0	160	132	4/4	1	1	5	2023-06-30	2	1	1	2	9	38	\N	\N	53	1	0	1
267	Cross-Step into Foot-Grab Jump Over / Side2Side		BD01_1400_FBX	2022-09-14	f	f	[]	[]		0	0	132	4/4	1	1	5	2023-06-30	2	1	1	2	9	38	\N	\N	53	1	0	1
268	Cross-Step into Heel-Walk-Back 1.0 / Side2Side		BD01_1410_FBX	2022-09-14	f	f	[]	[]		0	1	132	4/4	1	1	5	2023-06-30	2	1	1	2	9	38	\N	\N	53	1	0	1
269	Cross-Step into Heel-Walk-Back 2.0 / Side2Side		BD01_1420_FBX	2022-09-14	f	f	[]	[]		0	357	132	4/4	2	1	5	2023-06-30	2	1	1	2	9	38	\N	\N	53	1	0	1
270	Cross-Step into Heel-Walk-Back 3.0 / Side2Side		BD01_1430_FBX	2022-09-14	f	f	[]	[]		0	145	132	4/4	1	1	5	2023-06-30	2	1	1	2	9	38	\N	\N	53	1	0	1
272	Cross-Step into Heel-Fader / Side2Side		BD01_1450_FBX	2022-09-14	f	f	[]	[]		0	217	132	4/4	1	1	5	2023-06-30	2	1	1	2	9	38	\N	\N	53	1	0	1
273	Cross-Step into Snake / Side2Side		BD01_1460_FBX	2022-09-14	f	f	[]	[]		0	83	132	4/4	1	1	5	2023-06-30	2	1	1	2	9	38	\N	\N	53	1	0	1
274	Cross-Step into Spin-Down / Side2Side		BD01_1470_FBX	2022-09-14	f	f	[]	[]		0	0	132	4/4	1	1	5	2023-06-30	2	1	1	2	9	38	\N	\N	53	1	0	1
275	Cross-Step into Corkscrew / Side2Side		BD01_1480_FBX	2022-09-14	f	f	[]	[]		0	0	132	4/4	1	1	5	2023-06-30	2	1	1	2	9	38	\N	\N	53	1	0	1
342	KBC Twist (aka ‘The Mambo’)		BD01_2130_FBX	2022-09-21	f	f	[]	[]		0	97	132	4/4	1	1	5	2023-06-30	2	1	1	2	9	38	\N	\N	52	1	0	1
869	Kick Walk Magic 3		BD01_9280_FBX	2022-08-07	f	f	[]	[]		0	17	144	4/4	1	1.3	5	2023-06-30	2	1	1	2	9	38	\N	\N	52	3	0	1
870	Kick Ball Change Front		BD01_9310_FBX	2022-08-07	f	f	[]	[]		0	12	144	4/4	1	1.4	5	2023-06-30	2	1	1	2	9	38	\N	\N	52	3	0	1
894	Alex 5		BD01_2840_FBX	2023-04-05	f	f	[]	[]		0	148	129	4/4	1	1	5	2023-06-30	2	1	1	2	41	38	\N	\N	\N	3	0	1
241	Cross-Step into Thinking Man Toe-Pull Slow		BD01_1140_FBX	2022-08-17	f	f	[]	[]		0	162	151	4/4	1	1	5	2023-06-30	2	1	1	2	9	38	\N	\N	53	1	0	1
276	2-Step Traditional		BD01_1490_FBX	2022-09-14	f	f	[]	[]		0	34	132	4/4	2	1	5	2023-06-30	2	1	1	2	9	38	\N	\N	50	1	0	1
243	Cross-Step into Ankle Twist (aka Kid David)		BD01_1160_FBX	2022-08-17	f	f	[]	[]		0	0	151	4/4	1	1	5	2023-06-30	2	1	1	2	9	38	\N	\N	53	1	0	1
277	2-Step Hop (Indian Step)		BD01_1500_FBX	2022-09-14	f	f	[]	[]		0	61	132	4/4	2	1	5	2023-06-30	2	1	1	2	9	38	\N	\N	50	1	0	1
281	2-Step Circle		BD01_1540_FBX	2022-09-14	f	f	[]	[]		0	12	132	4/4	2	1	5	2023-06-30	2	1	1	2	9	38	\N	\N	50	1	0	1
283	2-Step Flying Over		BD01_1560_FBX	2022-09-14	f	f	[]	[]		0	86	132	4/4	2	1	5	2023-06-30	2	1	1	2	9	38	\N	\N	50	1	0	1
286	2-Step from Jack in the Box (aka ‘The Crab’)		BD01_1590_FBX	2022-09-14	f	f	[]	[]		0	135	132	4/4	2	1	5	2023-06-30	2	1	1	2	9	38	\N	\N	50	1	0	1
288	2-Step from Happy Feet Back		BD01_1610_FBX	2022-09-14	f	f	[]	[]		0	40	132	4/4	2	1	5	2023-06-30	2	1	1	2	9	38	\N	\N	50	1	0	1
289	2-Step from Happy Feet Parallel		BD01_1620_FBX	2022-09-14	f	f	[]	[]		0	41	132	4/4	2	1	5	2023-06-30	2	1	1	2	9	38	\N	\N	50	1	0	1
290	2-Step from Happy Feet Outwards		BD01_1630_FBX	2022-09-14	f	f	[]	[]		0	0	132	4/4	1	1	5	2023-06-30	2	1	1	2	9	38	\N	\N	50	1	0	1
291	2-Step from Happy Feet Inwards		BD01_1640_FBX	2022-09-14	f	f	[]	[]		0	0	132	4/4	1	1	5	2023-06-30	2	1	1	2	9	38	\N	\N	50	1	0	1
292	2-Step into Turn Back Time 360° (aka ‘The Sanford’)		BD01_1650_FBX	2022-09-14	f	f	[]	[]		0	17	132	4/4	1	1	5	2023-06-30	2	1	1	2	9	38	\N	\N	50	1	0	1
293	2-Step into Step Back Turn 360° (aka ‘The 3-Step-Turn’)		BD01_1660_FBX	2022-09-14	f	f	[]	[]		0	125	132	4/4	1	1	5	2023-06-30	2	1	1	2	9	38	\N	\N	50	1	0	1
294	2-Step into Step Around (aka ‘Star Step’)		BD01_1670_FBX	2022-09-14	f	f	[]	[]		0	41	132	4/4	1	1	5	2023-06-30	2	1	1	2	9	38	\N	\N	50	1	0	1
295	2-Step into Kick-Back/Side (aka ‘The Donkey’)		BD01_1680_FBX	2022-09-14	f	f	[]	[]		0	0	132	4/4	1	1	5	2023-06-30	2	1	1	2	9	38	\N	\N	50	1	0	1
296	2-Step into Ankle Twist (aka ‘The Kid David’)		BD01_1690_FBX	2022-09-14	f	f	[]	[]		0	0	132	4/4	1	1	5	2023-06-30	2	1	1	2	9	38	\N	\N	50	1	0	1
297	2-Step into Next Episode		BD01_1700_FBX	2022-09-14	f	f	[]	[]		0	266	132	4/4	2	1	5	2023-06-30	2	1	1	2	9	38	\N	\N	50	1	0	1
298	2-Step into Smash It (aka ‘The Thesis’)		BD01_1710_FBX	2022-09-14	f	f	[]	[]		0	178	132	4/4	1	1	5	2023-06-30	2	1	1	2	9	38	\N	\N	50	1	0	1
299	2-Step into Push Back		BD01_1720_FBX	2022-09-14	f	f	[]	[]		0	0	132	4/4	1	1	5	2023-06-30	2	1	1	2	9	38	\N	\N	50	1	0	1
300	2-Step into Pull Back		BD01_1730_FBX	2022-09-14	f	f	[]	[]		0	7	132	4/4	1	1	5	2023-06-30	2	1	1	2	9	38	\N	\N	50	1	0	1
301	2-Step into Figure 4		BD01_1740_FBX	2022-09-14	f	f	[]	[]		0	245	132	4/4	1	1	5	2023-06-30	2	1	1	2	9	38	\N	\N	50	1	0	1
302	2-Step into Sling-Step		BD01_1750_FBX	2022-09-14	f	f	[]	[]		0	140	132	4/4	2	1	5	2023-06-30	2	1	1	2	9	38	\N	\N	50	1	0	1
303	2-Step into Thinking Man		BD01_1760_FBX	2022-09-14	f	f	[]	[]		0	205	132	4/4	1	1	5	2023-06-30	2	1	1	2	9	38	\N	\N	50	1	0	1
305	2-Step into Thread-Front		BD01_1780_FBX	2022-09-14	f	f	[]	[]		0	230	132	4/4	1	1	5	2023-06-30	2	1	1	2	9	38	\N	\N	50	1	0	1
306	2-Step into Thread-Back		BD01_1790_FBX	2022-09-14	f	f	[]	[]		0	0	132	4/4	1	1	5	2023-06-30	2	1	1	2	9	38	\N	\N	50	1	0	1
307	2-Step into Foot Grab Back		BD01_1800_FBX	2022-09-14	f	t	[]	[]		0	25	132	4/4	1	1	5	2023-06-30	2	1	1	2	9	38	\N	\N	50	1	0	1
308	KBC Marching		BD01_1810_FBX	2022-09-21	f	f	[]	[]		0	46	132	4/4	2	1	5	2023-06-30	2	1	1	2	9	38	\N	\N	52	1	0	1
310	KBC Marching Side2Side Double Back		BD01_1830_FBX	2022-09-21	f	f	[]	[]		0	147	132	4/4	1	1	5	2023-06-30	2	1	1	2	9	38	\N	\N	52	1	0	1
311	KBC Marching Side2Side Magic3 Back		BD01_1840_FBX	2022-09-21	f	f	[]	[]		0	0	132	4/4	1	1	5	2023-06-30	2	1	1	2	9	38	\N	\N	52	1	0	1
312	KBC Marching Side2Side Single Front		BD01_1850_FBX	2022-09-21	f	f	[]	[]		0	135	132	4/4	2	1	5	2023-06-30	2	1	1	2	9	38	\N	\N	52	1	0	1
313	KBC Marching Side2Side Double Front		BD01_1860_FBX	2022-09-21	f	f	[]	[]		0	227	132	4/4	1	1	5	2023-06-30	2	1	1	2	9	38	\N	\N	52	1	0	1
314	KBC Marching Side2Side Magic3 Front		BD01_1870_FBX	2022-09-21	f	f	[]	[]		0	140	132	4/4	2	1	5	2023-06-30	2	1	1	2	9	38	\N	\N	52	1	0	1
352	Patrick Freestyle Run 2		BD01_2212_FBX	2022-09-21	f	f	[]	[]		0	0	132	4/4	1	1	5	2023-06-30	2	1	1	2	9	38	\N	\N	\N	1	0	1
251	Cross-Step into Charly Rock (MJ) Step-Back		BD01_1240_FBX	2022-09-14	f	f	[]	[]		0	20	132	4/4	1	1	5	2023-06-30	2	1	1	2	9	38	\N	\N	53	1	0	1
284	2-Step Flying Over Turn 180°		BD01_1570_FBX	2022-09-14	f	f	[]	[]		0	0	132	4/4	2	1	5	2023-06-30	2	1	1	2	9	38	\N	\N	50	1	0	1
285	2-Step Flying Over Turn 360°		BD01_1580_FBX	2022-09-14	f	f	[]	[]		0	0	132	4/4	2	1	5	2023-06-30	2	1	1	2	9	38	\N	\N	50	1	0	1
317	KBC Backstep Side2Side		BD01_1900_FBX	2022-09-21	f	f	[]	[]		0	96	132	4/4	1	1	5	2023-06-30	2	1	1	2	9	38	\N	\N	52	1	0	1
319	KBS Frontstep Side2Side		BD01_1920_FBX	2022-09-21	f	f	[]	[]		0	20	132	4/4	1	1	5	2023-06-30	2	1	1	2	9	38	\N	\N	52	1	0	1
320	KBS Backstep Side2Side		BD01_1930_FBX	2022-09-21	f	f	[]	[]		0	40	132	4/4	1	1	5	2023-06-30	2	1	1	2	9	38	\N	\N	52	1	0	1
321	KBC Sidestep Double		BD01_1940_FBX	2022-09-21	f	f	[]	[]		0	160	132	4/4	1	1	5	2023-06-30	2	1	1	2	9	38	\N	\N	52	1	0	1
322	KBC Frontstep Double		BD01_1950_FBX	2022-09-21	f	f	[]	[]		0	222	132	4/4	1	1	5	2023-06-30	2	1	1	2	9	38	\N	\N	52	1	0	1
324	KBC Frontstep Side2Side Turnout 90°		BD01_1970_FBX	2022-09-21	f	f	[]	[]		0	203	132	4/4	2	1	5	2023-06-30	2	1	1	2	9	38	\N	\N	52	1	0	1
326	KBS Frontstep Side2Side Turnout 90°		BD01_1990_FBX	2022-09-21	f	f	[]	[]		0	143	132	4/4	2	1	5	2023-06-30	2	1	1	2	9	38	\N	\N	52	1	0	1
327	KBS Backstep Side2Side Turnout 90°		BD01_2000_FBX	2022-09-21	f	f	[]	[]		0	46	132	4/4	2	1	5	2023-06-30	2	1	1	2	9	38	\N	\N	52	1	0	1
328	KBS Sidestep Cross Front Turnout 90°		BD01_2001_FBX	2022-09-21	f	f	[]	[]		0	63	132	4/4	2	1	5	2023-06-30	2	1	1	2	9	38	\N	\N	52	1	0	1
329	KBS Sidestep Cross Back Turnout 90°		BD01_2002_FBX	2022-09-21	f	f	[]	[]		0	109	132	4/4	2	1	5	2023-06-30	2	1	1	2	9	38	\N	\N	52	1	0	1
330	KBC Sidestep Cross Back		BD01_2010_FBX	2022-09-21	f	f	[]	[]		0	198	132	4/4	1	1	5	2023-06-30	2	1	1	2	9	38	\N	\N	52	1	0	1
331	KBC Sidestep Cross Front		BD01_2020_FBX	2022-09-21	f	f	[]	[]		0	4	132	4/4	1	1	5	2023-06-30	2	1	1	2	9	38	\N	\N	52	1	0	1
332	KBC Frontstep Cross Back		BD01_2030_FBX	2022-09-21	f	f	[]	[]		0	264	132	4/4	1	1	5	2023-06-30	2	1	1	2	9	38	\N	\N	52	1	0	1
333	KBC Frontstep Cross Front		BD01_2040_FBX	2022-09-21	f	f	[]	[]		0	133	132	4/4	1	1	5	2023-06-30	2	1	1	2	9	38	\N	\N	52	1	0	1
336	KBC Flintstone		BD01_2070_FBX	2022-09-21	f	f	[]	[]		0	96	132	4/4	2	1	5	2023-06-30	2	1	1	2	9	38	\N	\N	52	1	0	1
337	KBC Flintstone Original		BD01_2080_FBX	2022-09-21	f	f	[]	[]		0	133	132	4/4	2	1	5	2023-06-30	2	1	1	2	9	38	\N	\N	52	1	0	1
338	KBC Flintstone Magic3		BD01_2090_FBX	2022-09-21	f	f	[]	[]		0	107	132	4/4	1	1	5	2023-06-30	2	1	1	2	9	38	\N	\N	52	1	0	1
339	KBC 2-Step Outlaw		BD01_2100_FBX	2022-09-21	f	f	[]	[]		0	59	132	4/4	1	1	5	2023-06-30	2	1	1	2	9	38	\N	\N	52	1	0	1
341	KBC 2-Step Outlaw Spin 360°		BD01_2120_FBX	2022-09-21	f	f	[]	[]		0	1	132	4/4	1	1	5	2023-06-30	2	1	1	2	9	38	\N	\N	52	1	0	1
343	KBC Twist Turn 360° (aka ‘The Paddle Turn’)		BD01_2140_FBX	2022-09-21	f	f	[]	[]		0	195	132	4/4	1	1	5	2023-06-30	2	1	1	2	9	38	\N	\N	52	1	0	1
344	KBC 2-Step Shift Side2Side		BD01_2150_FBX	2022-09-21	f	f	[]	[]		0	0	132	4/4	1	1	5	2023-06-30	2	1	1	2	9	38	\N	\N	52	1	0	1
345	KBC 2-Step Shift Side2Side Slide		BD01_2160_FBX	2022-09-21	f	f	[]	[]		0	44	132	4/4	1	1	5	2023-06-30	2	1	1	2	9	38	\N	\N	52	1	0	1
346	KBC Grapevine Side2Side		BD01_2170_FBX	2022-09-21	f	f	[]	[]		0	45	132	4/4	1	1	5	2023-06-30	2	1	1	2	9	38	\N	\N	52	1	0	1
347	KBC Grapevine Side2Side into Shuffle		BD01_2180_FBX	2022-09-21	f	f	[]	[]		0	50	132	4/4	1	1	5	2023-06-30	2	1	1	2	9	38	\N	\N	52	1	0	1
348	KBC Grapevine Side2Side into Cross Step		BD01_2190_FBX	2022-09-21	f	f	[]	[]		0	101	132	4/4	1	1	5	2023-06-30	2	1	1	2	9	38	\N	\N	52	1	0	1
349	KBC Grapevine Side2Side into Breed		BD01_2200_FBX	2022-09-21	f	f	[]	[]		0	63	132	4/4	1	1	5	2023-06-30	2	1	1	2	9	38	\N	\N	52	1	0	1
350	KBC Grapevine Side2Side into Step Back		BD01_2210_FBX	2022-09-21	f	f	[]	[]		0	70	132	4/4	1	1	5	2023-06-30	2	1	1	2	9	38	\N	\N	52	1	0	1
351	Patrick Freestyle Run 1		BD01_2211_FBX	2022-09-21	f	f	[]	[]		0	0	132	4/4	1	1	5	2023-06-30	2	1	1	2	9	38	\N	\N	\N	1	0	1
355	MT Original Side2Side		BD01_2220_FBX	2022-09-28	f	f	[]	[]		0	0	132	4/4	1	1	5	2023-06-30	2	1	1	2	9	38	\N	\N	51	1	0	1
356	MT Double Side2Side		BD01_2230_FBX	2022-09-28	f	f	[]	[]		0	60	132	4/4	1	1	5	2023-06-30	2	1	1	2	9	38	\N	\N	51	1	0	1
353	Patrick Freestyle Run 3		BD01_2213_FBX	2022-09-21	f	f	[]	[]		0	0	132	4/4	1	1	5	2023-06-30	2	1	1	2	9	38	\N	\N	\N	1	0	1
354	Patrick Freestyle Run 4		BD01_2214_FBX	2022-09-21	f	f	[]	[]		0	0	132	4/4	1	1	5	2023-06-30	2	1	1	2	9	38	\N	\N	\N	1	0	1
361	MT into Swing (Change)		BD01_2280_FBX	2022-09-28	f	f	[]	[]		0	30	132	4/4	1	1	5	2023-06-30	2	1	1	2	9	38	\N	\N	51	1	0	1
362	MT Turn 90° Side2Side		BD01_2281_FBX	2022-09-28	f	f	[]	[]		0	141	132	4/4	1	1	5	2023-06-30	2	1	1	2	9	38	\N	\N	51	1	0	1
363	MT Turn 180°		BD01_2290_FBX	2022-09-28	f	f	[]	[]		0	55	132	4/4	2	1	5	2023-06-30	2	1	1	2	9	38	\N	\N	51	1	0	1
365	MT Reset Clap		BD01_2310_FBX	2022-09-28	f	f	[]	[]		0	0	132	4/4	1	1	5	2023-06-30	2	1	1	2	9	38	\N	\N	51	1	0	1
366	MT Reset Jump		BD01_2320_FBX	2022-09-28	f	f	[]	[]		0	0	132	4/4	1	1	5	2023-06-30	2	1	1	2	9	38	\N	\N	51	1	0	1
368	MT Turn 360° Kris Kross		BD01_2340_FBX	2022-09-28	f	f	[]	[]		0	0	132	4/4	1	1	5	2023-06-30	2	1	1	2	9	38	\N	\N	51	1	0	1
369	MT Turn 360° Sanford (Turn Back Time)		BD01_2350_FBX	2022-09-28	f	f	[]	[]		0	0	132	4/4	1	1	5	2023-06-30	2	1	1	2	9	38	\N	\N	51	1	0	1
370	MT 2-Step Central		BD01_2360_FBX	2022-09-28	f	f	[]	[]		0	0	132	4/4	1	1	5	2023-06-30	2	1	1	2	9	38	\N	\N	51	1	0	1
371	MT 2-Step Central Fast		BD01_2370_FBX	2022-09-28	f	f	[]	[]		0	0	132	4/4	1	1	5	2023-06-30	2	1	1	2	9	38	\N	\N	51	1	0	1
372	MT 2-Step Shift		BD01_2380_FBX	2022-09-28	f	f	[]	[]		0	0	132	4/4	1	1	5	2023-06-30	2	1	1	2	9	38	\N	\N	51	1	0	1
374	MT 2-Step Traditional		BD01_2400_FBX	2022-09-28	f	f	[]	[]		0	0	132	4/4	1	1	5	2023-06-30	2	1	1	2	9	38	\N	\N	51	1	0	1
375	MT 2-Step Hop		BD01_2410_FBX	2022-09-28	f	f	[]	[]		0	0	132	4/4	1	1	5	2023-06-30	2	1	1	2	9	38	\N	\N	51	1	0	1
376	MT 2-Step Double Hop		BD01_2420_FBX	2022-09-28	f	f	[]	[]		0	0	132	4/4	1	1	5	2023-06-30	2	1	1	2	9	38	\N	\N	51	1	0	1
377	MT Tic Tac		BD01_2430_FBX	2022-09-28	f	f	[]	[]		0	0	132	4/4	1	1	5	2023-06-30	2	1	1	2	9	38	\N	\N	51	1	0	1
378	MT Next Episode		BD01_2440_FBX	2022-09-28	f	f	[]	[]		0	0	132	4/4	1	1	5	2023-06-30	2	1	1	2	9	38	\N	\N	51	1	0	1
379	MT Apache Walk		BD01_2450_FBX	2022-09-28	f	f	[]	[]		0	0	132	4/4	1	1	5	2023-06-30	2	1	1	2	9	38	\N	\N	51	1	0	1
380	MT Apache Hop		BD01_2460_FBX	2022-09-28	f	f	[]	[]		0	0	132	4/4	1	1	5	2023-06-30	2	1	1	2	9	38	\N	\N	51	1	0	1
383	MT Turn 360° into KBC		BD01_2490_FBX	2022-09-28	f	f	[]	[]		0	0	132	4/4	1	1	5	2023-06-30	2	1	1	2	9	38	\N	\N	51	1	0	1
384	MT Kick-Ball-Same (KBS)		BD01_2500_FBX	2022-09-28	f	f	[]	[]		0	0	132	4/4	1	1	5	2023-06-30	2	1	1	2	9	38	\N	\N	51	1	0	1
385	MT Turn 360° into KBS		BD01_2510_FBX	2022-09-28	f	f	[]	[]		0	0	132	4/4	1	1	5	2023-06-30	2	1	1	2	9	38	\N	\N	51	1	0	1
386	MT Hook		BD01_2520_FBX	2022-09-28	f	f	[]	[]		0	0	132	4/4	1	1	5	2023-06-30	2	1	1	2	9	38	\N	\N	51	1	0	1
387	MT Foot-Pull-Knee		BD01_2530_FBX	2022-09-28	f	f	[]	[]		0	0	132	4/4	1	1	5	2023-06-30	2	1	1	2	9	38	\N	\N	51	1	0	1
388	MT Sling		BD01_2540_FBX	2022-09-28	f	f	[]	[]		0	0	132	4/4	1	1	5	2023-06-30	2	1	1	2	9	38	\N	\N	51	1	0	1
390	MT Charly Rock (MJ) Step-Back		BD01_2560_FBX	2022-09-28	f	f	[]	[]		0	0	132	4/4	1	1	5	2023-06-30	2	1	1	2	9	38	\N	\N	51	1	0	1
391	MT Charly Rock (MJ) Step-Front		BD01_2570_FBX	2022-09-28	f	f	[]	[]		0	0	132	4/4	1	1	5	2023-06-30	2	1	1	2	9	38	\N	\N	51	1	0	1
392	MT Twist		BD01_2580_FBX	2022-09-28	f	f	[]	[]		0	0	132	4/4	1	1	5	2023-06-30	2	1	1	2	9	38	\N	\N	51	1	0	1
393	MT Twist Turn 360° (Paddle Turn)		BD01_2590_FBX	2022-09-28	f	f	[]	[]		0	0	132	4/4	1	1	5	2023-06-30	2	1	1	2	9	38	\N	\N	51	1	0	1
394	MT Circling		BD01_2600_FBX	2022-09-28	f	f	[]	[]		0	0	132	4/4	1	1	5	2023-06-30	2	1	1	2	9	38	\N	\N	51	1	0	1
395	MT Crossing		BD01_2610_FBX	2022-09-28	f	f	[]	[]		0	0	132	4/4	1	1	5	2023-06-30	2	1	1	2	9	38	\N	\N	51	1	0	1
396	MT Tackling		BD01_2620_FBX	2022-09-28	f	f	[]	[]		0	0	132	4/4	1	1	5	2023-06-30	2	1	1	2	9	38	\N	\N	51	1	0	1
397	MT Double Kick		BD01_2630_FBX	2022-09-28	f	f	[]	[]		0	0	132	4/4	1	1	5	2023-06-30	2	1	1	2	9	38	\N	\N	51	1	0	1
399	MT Kick Grab		BD01_2650_FBX	2022-09-28	f	f	[]	[]		0	0	132	4/4	1	1	5	2023-06-30	2	1	1	2	9	38	\N	\N	51	1	0	1
409	Front Step		HH01_0030_FBX	2022-08-07	f	f	[]	[]		0	121	144	4/4	1	0.2	5	2023-03-28	3	1	1	12	19	38	\N	\N	\N	1		1
411	Side Step		HH01_0032_FBX	2022-08-07	f	f	[]	[]		0	8	144	4/4	1	0.2	5	2023-03-28	3	1	1	12	19	38	\N	\N	\N	1		1
408	Bounce Magic 3		HH01_0020_FBX	2022-08-07	f	f	[]	[]		0	28	144	4/4	1	0.3	5	2023-07-17	3	1	1	12	19	38	\N	\N	\N	1	0	1
413	Side Step		HH01_0050_FBX	2022-08-07	f	f	[]	[]		0	72	144	4/4	2	0.2	5	2023-07-17	3	1	1	12	19	38	\N	\N	\N	1	0	1
414	Step Touch Side		HH01_0060_FBX	2022-08-07	f	f	[]	[]		0	111	144	4/4	1	0.2	5	2023-07-17	3	1	1	12	19	38	\N	\N	\N	1	0	1
434	Kick		HH01_0260_FBX	2022-08-07	f	f	[]	[]		0	14	144	4/4	2	0.2	5	2023-03-28	3	1	1	12	19	38	\N	\N	\N	1		1
435	Kick Walk		HH01_0270_FBX	2022-08-07	f	f	[]	[]		0	14	144	4/4	2	1.2	5	2023-03-28	3	1	1	12	30	38	\N	\N	\N	1		1
436	Kick Walk Magic 3		HH01_0280_FBX	2022-08-07	f	f	[]	[]		0	17	144	4/4	1	1.3	5	2023-03-28	3	1	1	12	30	38	\N	\N	\N	1		1
439	Kick Ball Change Front		HH01_0310_FBX	2022-08-07	f	f	[]	[]		0	12	144	4/4	1	1.4	5	2023-03-28	3	1	1	12	30	38	\N	\N	\N	1		1
441	Cross Over Shuffle		HH01_0330_FBX	2022-08-07	f	f	[]	[]		0	14	144	4/4	1	1.8	5	2023-03-28	3	1	1	12	30	38	\N	\N	\N	1		1
443	Kick Ball Change Side Slide		HH01_0350_FBX	2022-08-07	f	f	[]	[]		0	113	144	4/4	1	2.1	5	2023-03-28	3	1	1	12	31	38	\N	\N	\N	1		1
444	Kick Ball Change Front Side		HH01_0360_FBX	2022-08-07	f	f	[]	[]		0	15	144	4/4	1	1.6	5	2023-03-28	3	1	1	12	30	38	\N	\N	\N	1		1
446	Cross Over Shuffle Mambo		HH01_0380_FBX	2022-08-07	f	f	[]	[]		0	13	144	4/4	1	2.3	5	2023-03-28	3	1	1	12	31	38	\N	\N	\N	1		1
449	Kick Ball Change Side Mambo		HH01_0410_FBX	2022-08-07	f	f	[]	[]		0	251	144	4/4	1	2.1	5	2023-03-28	3	1	1	12	31	38	\N	\N	\N	1		1
450	Waiting Step 		HH01_0420_FBX	2022-08-07	f	f	[]	[]		0	92	144	4/4	1	1.3	5	2023-03-28	3	1	1	12	30	38	\N	\N	\N	1		1
451	Cross Over Shuffle Roger Rabbit		HH01_0430_FBX	2022-08-07	f	f	[]	[]		0	10	144	4/4	1	2.9	5	2023-03-28	3	1	1	12	31	38	\N	\N	\N	1		1
428	Slide Right/Left		HH01_0200_FBX	2022-08-07	f	f	[]	[]		0	82	144	4/4	1	0.3	5	2023-07-17	3	1	1	12	19	38	\N	\N	\N	1	0	1
419	Prep V3		HH01_0110_FBX	2022-08-07	f	f	[]	[]		0	22	144	4/4	1	0.3	5	2023-07-17	3	1	1	12	19	38	\N	\N	\N	1	0	1
429	Slide V1		HH01_0210_FBX	2022-08-07	f	f	[]	[]		0	6	144	4/4	1	0.3	5	2023-07-17	3	1	1	12	19	38	\N	\N	\N	1	0	1
430	Slide V2		HH01_0220_FBX	2022-08-07	f	f	[]	[]		0	50	144	4/4	1	0.4	5	2023-07-17	3	1	1	12	19	38	\N	\N	\N	1	0	1
364	MT Turn 360°		BD01_2300_FBX	2022-09-28	f	f	[]	[]		0	0	132	4/4	1	1	5	2023-06-30	2	1	1	2	9	38	\N	\N	51	1	0	1
423	Prep Magic 3		HH01_0150_FBX	2022-08-07	f	f	[]	[]		0	106	144	4/4	1	1.3	5	2023-07-17	3	1	1	12	30	38	\N	\N	\N	1	0	1
403	MT Toe-Heel-Toe		BD01_2690_FBX	2022-09-28	f	f	[]	[]		0	0	132	4/4	1	1	5	2023-06-30	2	1	1	2	9	38	\N	\N	51	1	0	1
426	Skate		HH01_0180_FBX	2022-08-07	f	f	[]	[]		0	1	144	4/4	1	0.4	5	2023-07-17	3	1	1	12	19	38	\N	\N	\N	1	0	1
427	Skate Right/Left		HH01_0190_FBX	2022-08-07	f	f	[]	[]		0	5	144	4/4	1	0.5	5	2023-07-17	3	1	1	12	19	38	\N	\N	\N	1	0	1
417	Step Touch Front/Back		HH01_0090_FBX	2022-08-07	f	f	[]	[]		0	185	144	4/4	1	1	5	2023-07-17	3	1	1	12	30	38	\N	\N	\N	1	0	1
418	Step Touch Downbeat		HH01_0100_FBX	2022-08-07	f	f	[]	[]		0	56	144	4/4	1	1	5	2023-07-17	3	1	1	12	30	38	\N	\N	\N	1	0	1
404	MT Heel-Toe-Heel		BD01_2700_FBX	2022-09-28	f	f	[]	[]		0	0	132	4/4	1	1	5	2023-06-30	2	1	1	2	9	38	\N	\N	51	1	0	1
168	90s		BD01_0410_FBX	2022-06-04	f	f	[]	[]		0	0	144	4/4	1	1	5	2023-06-30	2	1	1	2	3	38	\N	\N	\N	1	0	1
432	Slide Diagonal		HH01_0240_FBX	2022-08-07	f	f	[]	[]		0	8	144	4/4	1	1.1	5	2023-07-17	3	1	1	12	30	38	\N	\N	\N	1	0	1
433	Slide Club Version 		HH01_0250_FBX	2022-08-07	f	t	[]	[]		0	30	144	4/4	1	0.6	5	2023-07-17	3	1	1	12	19	38	\N	\N	\N	1	0	1
431	Slide Front/Back		HH01_0230_FBX	2022-08-07	f	f	[]	[]		0	20	144	4/4	1	1.1	5	2023-07-17	3	1	1	12	30	38	\N	\N	\N	1	0	1
438	Kick Ball Change Back		HH01_0300_FBX	2022-08-07	f	f	[]	[]		0	9	144	4/4	1	1.3	5	2023-07-17	3	1	1	12	30	38	\N	\N	\N	1	0	1
424	Smurf		HH01_0160_FBX	2022-08-07	f	f	[]	[]		0	98	144	4/4	1	0.2	5	2023-07-17	3	1	1	12	19	38	\N	\N	\N	1	0	60
420	Prep V1		HH01_0120_FBX	2022-08-07	f	f	[]	[]		0	21	144	4/4	1	0.3	5	2023-07-17	3	1	1	12	19	38	\N	\N	\N	1	0	59
422	Prep V2		HH01_0140_FBX	2022-08-07	f	f	[]	[]		0	31	144	4/4	1	0.8	5	2023-07-17	3	1	1	12	19	38	\N	\N	\N	1	0	1
478	Pepper Seat		HH01_0680_FBX	2022-08-07	f	f	[]	[]		0	3	144	4/4	1	0.6	5	2023-07-17	3	1	1	12	19	38	\N	\N	\N	1	0	1
463	Indian Step		HH01_0550_FBX	2022-08-07	f	f	[]	[]		0	71	144	4/4	1	1	5	2023-03-28	3	1	1	12	30	38	\N	\N	\N	1		1
466	Indian Step Kicked 		HH01_0580_FBX	2022-08-07	f	f	[]	[]		0	82	144	4/4	2	1.8	5	2023-03-28	3	1	1	12	30	38	\N	\N	\N	1		1
468	Back Step		HH01_0591_FBX	2022-08-07	f	f	[]	[]		0	40	144	4/4	2	0.3	5	2023-03-28	3	1	1	12	19	38	\N	\N	\N	1		1
469	Outlaw		HH01_0600_FBX	2022-08-07	f	f	[]	[]		0	86	144	4/4	2	0.3	5	2023-03-28	3	1	1	12	19	38	\N	\N	\N	1		1
481	Running Man Turn 180°		HH01_0710_FBX	2022-08-07	f	f	[]	[]		0	89	144	4/4	1	1.7	5	2023-07-17	3	1	1	12	30	38	\N	\N	\N	1	0	1
484	Running Man V1		HH01_0740_FBX	2022-08-07	f	f	[]	[]		0	15	144	4/4	2	2	5	2023-07-17	3	1	1	12	31	38	\N	\N	\N	1	0	1
485	Runinng Man Jump		HH01_0750_FBX	2022-08-07	f	f	[]	[]		0	18	144	4/4	2	1.7	5	2023-07-17	3	1	1	12	30	38	\N	\N	\N	1	0	1
490	Rooftop		HH01_0800_FBX	2022-08-07	f	f	[]	[]		0	43	144	4/4	1	0.6	5	2023-07-17	3	1	1	12	19	38	\N	\N	\N	1	0	1
491	Spongebob		HH01_0810_FBX	2022-08-07	f	f	[]	[]		0	7	144	4/4	2	1.3	5	2023-07-17	3	1	1	12	30	38	\N	\N	\N	1	0	1
492	Reebock		HH01_0820_FBX	2022-08-07	f	f	[]	[]		0	2	144	4/4	2	0.8	5	2023-07-17	3	1	1	12	19	38	\N	\N	\N	1	0	1
493	Reebock Magic 3		HH01_0830_FBX	2022-08-07	f	f	[]	[]		0	267	146	4/4	1	1.8	5	2023-07-17	3	1	1	12	30	38	\N	\N	\N	1	0	1
494	Wu Tang 		HH01_0840_FBX	2022-08-07	f	f	[]	[]		0	28	144	4/4	2	1.9	5	2023-07-17	3	1	1	12	30	38	\N	\N	\N	1	0	1
495	Cabbage Patch		HH01_0850_FBX	2022-08-07	f	t	[]	[]		0	144	144	4/4	1	0.8	5	2023-07-17	3	1	1	12	19	38	\N	\N	\N	1	0	1
496	Jerk		HH01_0860_FBX	2022-08-07	f	f	[]	[]		0	12	144	4/4	2	1.6	5	2023-07-17	3	1	1	12	30	38	\N	\N	\N	1	0	1
499	Dougie 		HH01_0890_FBX	2022-08-07	f	f	[]	[]		0	21	144	4/4	4	1.3	5	2023-07-17	3	1	1	12	30	38	\N	\N	\N	1	0	1
500	Dougie Magic 3		HH01_0900_FBX	2022-08-07	f	f	[]	[]		0	68	144	4/4	1	2.1	5	2023-07-17	3	1	1	12	31	38	\N	\N	\N	1	0	1
501	Walk It Out		HH01_0910_FBX	2022-08-07	f	f	[]	[]		0	7	144	4/4	1	0.4	5	2023-07-17	3	1	1	12	19	38	\N	\N	\N	1	0	1
530	Step Touch	First rep: singles / second: all directions combo	HH01_1200_FBX	2022-09-28	f	t	[]	[]		0	731	132	4/4	1	0.3	5	2023-07-17	3	1	1	12	19	38	\N	\N	\N	1	0	1
453	Monastery 		HH01_0450_FBX	2022-08-07	f	f	[]	[]		0	19	144	4/4	2	1.7	5	2023-07-17	3	1	1	12	30	38	\N	\N	\N	1	0	1
454	Monastery Magic 3		HH01_0460_FBX	2022-08-07	f	f	[]	[]		0	211	144	4/4	1	1.9	5	2023-07-17	3	1	1	12	30	38	\N	\N	\N	1	0	1
455	Fila		HH01_0470_FBX	2022-08-07	f	f	[]	[]		0	18	146	4/4	1	0.6	5	2023-07-17	3	1	1	12	19	38	\N	\N	\N	1	0	1
456	Shamrock		HH01_0480_FBX	2022-08-07	f	f	[]	[]		0	103	144	4/4	1	1.4	5	2023-07-17	3	1	1	12	30	38	\N	\N	\N	1	0	1
461	V-Step		HH01_0530_FBX	2022-08-07	f	f	[]	[]		0	18	144	4/4	2	1.2	5	2023-07-17	3	1	1	12	30	38	\N	\N	\N	1	0	1
462	V-Step Magic 3		HH01_0540_FBX	2022-08-07	f	f	[]	[]		0	145	146	4/4	1	2.2	5	2023-07-17	3	1	1	12	31	38	\N	\N	\N	1	0	1
465	Indian Step Circled 		HH01_0570_FBX	2022-08-07	f	t	[]	[]		0	63	144	4/4	1	0.6	5	2023-07-17	3	1	1	12	19	38	\N	\N	\N	1	0	1
467	Back Step Old		HH01_0590_FBX	2022-08-07	f	f	[]	[]		0	31	144	4/4	2	0.3	5	2023-07-17	3	1	1	12	19	38	\N	\N	\N	1	0	1
470	Charleston 		HH01_0610_FBX	2022-08-07	f	f	[]	[]		0	25	144	4/4	2	1.5	5	2023-07-17	3	1	1	12	30	38	\N	\N	\N	1	0	1
471	Kriss Kross		HH01_0620_FBX	2022-08-07	f	f	[]	[]		0	150	144	4/4	4	0.4	5	2023-07-17	3	1	1	12	19	38	\N	\N	\N	1	0	1
472	Kriss Kross Downbeat		HH01_0630_FBX	2022-08-07	f	f	[]	[]		0	42	144	4/4	2	0.8	5	2023-07-17	3	1	1	12	19	38	\N	\N	\N	1	0	1
473	James Brown		HH01_0640_FBX	2022-08-07	f	f	[]	[]		0	128	144	4/4	1	2.9	5	2023-07-17	3	1	1	12	31	38	\N	\N	\N	1	0	1
474	Steve Martin		HH01_0650_FBX	2022-08-07	f	t	[]	[]		0	234	144	4/4	1	1.3	5	2023-07-17	3	1	1	12	30	38	\N	\N	\N	1	0	1
475	The Wop		HH01_0660_FBX	2022-08-07	f	f	[]	[]		0	56	144	4/4	1	0.9	5	2023-07-17	3	1	1	12	19	38	\N	\N	\N	1	0	1
476	The Wop Var		HH01_0661_FBX	2022-08-07	f	f	[]	[]		0	200	144	4/4	1	0.4	5	2023-07-17	3	1	1	12	19	38	\N	\N	\N	1	0	1
477	Janet Jackson		HH01_0670_FBX	2022-08-07	f	f	[]	[]		0	220	144	4/4	2	1.4	5	2023-07-17	3	1	1	12	30	38	\N	\N	\N	1	0	1
483	Running Man Magic 3		HH01_0730_FBX	2022-08-07	f	f	[]	[]		0	38	144	4/4	2	1.1	5	2023-07-17	3	1	1	12	30	38	\N	\N	\N	1	0	1
542	Step Touch Cross Front into Outlaw (Touch the Floor)		HH01_1250_FBX	2022-09-28	f	f	[]	[]		0	0	132	4/4	1	1	5	2023-07-17	3	1	1	12	\N	38	\N	\N	\N	1	0	1
506	Side Step Double		HH01_0960_FBX	2022-09-28	f	f	[]	[]		0	164	132	4/4	1	0.2	5	2023-03-28	3	1	1	12	19	38	\N	\N	\N	1		1
508	Side Step Cross Front		HH01_0980_FBX	2022-09-28	f	f	[]	[]		0	157	132	4/4	1	0.9	5	2023-03-28	3	1	1	12	19	38	\N	\N	\N	1		1
509	Side Step Cross Back		HH01_0990_FBX	2022-09-28	f	f	[]	[]		0	72	132	4/4	1	0.9	5	2023-03-28	3	1	1	12	19	38	\N	\N	\N	1		1
511	Side Step Cross Back Turn Front 90° (In-&-Out)		HH01_1010_FBX	2022-09-28	f	f	[]	[]		0	200	132	4/4	1	0.4	5	2023-03-28	3	1	1	12	19	38	\N	\N	\N	1		1
516	Front Step Double Time		HH01_1060_FBX	2022-09-28	f	f	[]	[]		0	26	132	4/4	2	1	5	2023-07-17	3	1	1	12	30	38	\N	\N	\N	1	0	1
515	Front Step Side2Side Double		HH01_1050_FBX	2022-09-28	f	f	[]	[]		0	224	132	4/4	1	0.4	5	2023-03-28	3	1	1	12	19	38	\N	\N	\N	1		1
517	Front Step Cross Front		HH01_1070_FBX	2022-09-28	f	f	[]	[]		0	136	132	4/4	1	0.5	5	2023-03-28	3	1	1	12	19	38	\N	\N	\N	1		1
518	Front Step Cross Back		HH01_1080_FBX	2022-09-28	f	f	[]	[]		0	73	132	4/4	1	0.9	5	2023-03-28	3	1	1	12	19	38	\N	\N	\N	1		1
521	Front Step Turn 90° Turn Back 360°		HH01_1110_FBX	2022-09-28	f	f	[]	[]		0	211	132	4/4	1	1.8	5	2023-03-28	3	1	1	12	30	38	\N	\N	\N	1		1
525	Back Step Cross Back		HH01_1150_FBX	2022-09-28	f	f	[]	[]		0	161	132	4/4	1	0.5	5	2023-03-28	3	1	1	12	19	38	\N	\N	\N	1		1
526	Back Step Cross Front		HH01_1160_FBX	2022-09-28	f	f	[]	[]		0	214	132	4/4	1	0.5	5	2023-03-28	3	1	1	12	19	38	\N	\N	\N	1		1
543	Step Touch Cross Back into Hook		HH01_1260_FBX	2022-09-28	f	f	[]	[]		0	0	132	4/4	1	0.8	5	2023-07-17	3	1	1	12	\N	38	\N	\N	\N	1	0	1
504	Biz Markie		HH01_0940_FBX	2022-08-07	f	f	[]	[]		0	91	144	4/4	1	0.7	5	2023-07-17	3	1	1	12	19	38	\N	\N	\N	1	0	1
512	Side Step Turn-Out Front		HH01_1020_FBX	2022-09-28	f	t	[]	[]		0	238	132	4/4	1	0.6	5	2023-07-17	3	1	1	12	19	38	\N	\N	\N	1	0	1
514	Front Step Side2Side (Regular)		HH01_1040_FBX	2022-09-28	f	t	[]	[]		0	49	132	4/4	1	0.3	5	2023-07-17	3	1	1	12	19	38	\N	\N	\N	1	0	1
519	Front Step Turn 90°		HH01_1090_FBX	2022-09-28	f	f	[]	[]		0	119	132	4/4	2	0.8	5	2023-07-17	3	1	1	12	19	38	\N	\N	\N	1	0	1
522	Back Step Side2Side (Regular)		HH01_1120_FBX	2022-09-28	f	f	[]	[]		0	108	132	4/4	1	0.3	5	2023-07-17	3	1	1	12	19	38	\N	\N	\N	1	0	1
523	Back Step Double		HH01_1130_FBX	2022-09-28	f	f	[]	[]		0	229	132	4/4	1	0.3	5	2023-07-17	3	1	1	12	19	38	\N	\N	\N	1	0	1
316	KBC Frontstep Side2Side		BD01_1890_FBX	2022-09-21	f	f	[]	[]		0	47	132	4/4	1	1	5	2023-06-30	2	1	1	2	9	38	\N	\N	52	1	0	1
524	Back Step Double Time		HH01_1140_FBX	2022-09-28	f	t	[]	[]		0	19	132	4/4	2	1.2	5	2023-07-17	3	1	1	12	30	38	\N	\N	\N	1	0	1
532	Step Touch Stop’n’Go Front		HH01_1211_FBX	2022-09-28	f	t	[]	[]		0	256	132	4/4	1	0.3	5	2023-07-17	3	1	1	12	19	38	\N	\N	\N	1	0	1
534	Step Touch Stop’n’Go Combo		HH01_1213_FBX	2022-09-28	f	t	[]	[]		0	335	132	4/4	1	0.3	5	2023-07-17	3	1	1	12	19	38	\N	\N	\N	1	0	1
536	Slide Side2Side		HH01_1221_FBX	2022-09-28	f	f	[]	[]		0	189	132	4/4	1	0.8	5	2023-07-17	3	1	1	12	19	38	\N	\N	\N	1	0	1
537	Slide Front/Back		HH01_1222_FBX	2022-09-28	f	t	[]	[]		0	131	132	4/4	1	1.2	5	2023-07-17	3	1	1	12	30	38	\N	\N	\N	1	0	1
538	Step Touch Slide Back		HH01_1223_FBX	2022-09-28	f	t	[]	[]		0	205	132	4/4	1	0.5	5	2023-07-17	3	1	1	12	19	38	\N	\N	\N	1	0	1
540	Step Touch Cross Front into Outlaw		HH01_1240_FBX	2022-09-28	f	f	[]	[]		0	0	132	4/4	1	0.6	5	2023-07-17	3	1	1	12	31	38	\N	\N	\N	1	0	1
541	Step Touch Cross Front into Outlaw Combo		HH01_1241_FBX	2022-09-28	f	f	[]	[]		0	0	132	4/4	1	0.3	5	2023-07-17	3	1	1	12	31	38	\N	\N	\N	1	0	1
545	Step Touch Cross Back into Outlaw Combo		HH01_1271_FBX	2022-09-28	f	f	[]	[]		0	0	132	4/4	1	0.3	5	2023-07-17	3	1	1	12	\N	38	\N	\N	\N	1	0	1
547	Step Touch Cross Back Lift		HH01_1290_FBX	2022-09-28	f	f	[]	[]		0	0	132	4/4	1	1.2	5	2023-07-17	3	1	1	12	\N	38	\N	\N	\N	1	0	1
548	Step Touch Cross Back Lift Combo		HH01_1291_FBX	2022-09-28	f	f	[]	[]		0	0	132	4/4	1	0.3	5	2023-07-17	3	1	1	12	\N	38	\N	\N	\N	1	0	1
550	Step Touch Cross Front Lift Combo		HH01_1301_FBX	2022-09-28	f	f	[]	[]		0	0	132	4/4	1	0.6	5	2023-07-17	3	1	1	12	\N	38	\N	\N	\N	1	0	1
551	Cross Step Regular – 3-Count Version		HH01_1310_FBX	2022-09-28	f	f	[]	[]		0	0	132	4/4	1	0.3	5	2023-07-17	3	1	1	12	\N	38	\N	\N	\N	1	0	1
633	Tom & Jerry old		LK01_0050_FBX	2022-08-25	f	t	[]	[]		0	80	124	4/4	1	0.3	5	2023-06-21	4	1	1	18	\N	36	\N	\N	\N	1	0	1
554	Cross Step Slide (Cross, Back, Slide, Step)		HH01_1340_FBX	2022-09-28	f	f	[]	[]		0	0	132	4/4	1	0.8	5	2023-07-17	3	1	1	12	\N	38	\N	\N	\N	1	0	1
555	Cross Step Slide (Step, Cross & Back, Slide, Step)		HH01_1350_FBX	2022-09-28	f	f	[]	[]		0	0	132	4/4	1	0.3	5	2023-07-17	3	1	1	12	\N	38	\N	\N	\N	1	0	1
556	Pinguine (Swing) Regular (Original)	singles (side, front, back) + combo	HH01_1360_FBX	2022-09-28	f	t	[]	[]		0	675	132	4/4	1	0.5	5	2023-07-17	3	1	1	12	19	38	\N	\N	\N	1	0	1
557	Step Touch (Tap) Regular	singles (side, front, back) + combo	HH01_1370_FBX	2022-09-28	f	t	[]	[]		0	707	132	4/4	1	0.8	5	2023-07-17	3	1	1	12	19	38	\N	\N	\N	1	0	1
558	Step Touch Cross Back	singles (side, front, back) + combo	HH01_1380_FBX	2022-09-28	f	t	[]	[]		0	9	132	4/4	1	1.2	5	2023-07-17	3	1	1	12	19	38	\N	\N	\N	1	0	1
561	Step Touch Cross Front Lift	singles (side, front, back) + combo	HH01_1410_FBX	2022-09-28	f	t	[]	[]		0	0	132	4/4	1	0.6	5	2023-07-17	3	1	1	12	\N	38	\N	\N	\N	1	0	1
562	Patty Duke	singles (side, front, back) + combo	HH01_1420_FBX	2022-09-28	f	t	[]	[]		0	16	132	4/4	1	0.3	5	2023-07-17	3	1	1	12	19	38	\N	\N	\N	1	0	1
563	Patty Duke Magic 3		HH01_1430_FBX	2022-09-28	f	t	[]	[]		0	794	132	4/4	1	1	5	2023-07-17	3	1	1	12	19	38	\N	\N	\N	1	0	1
569	Grapevine Turn Backward Close 180°/ 180°		HH01_1490_FBX	2022-10-12	f	f	[]	[]		0	123	132	4/4	1	0.3	5	2023-07-17	3	1	1	12	19	38	\N	\N	\N	1	0	1
571	Grapevine Turn Frontward Close 90°/ 90°		HH01_1510_FBX	2022-10-12	f	f	[]	[]		0	0	132	4/4	1	0.6	5	2023-07-17	3	1	1	12	\N	38	\N	\N	\N	1	0	1
572	Grapevine Turn Frontward Close 180°/ 180°		HH01_1520_FBX	2022-10-12	f	f	[]	[]		0	0	132	4/4	1	0.3	5	2023-07-17	3	1	1	12	\N	38	\N	\N	\N	1	0	1
573	Grapevine Turn Frontward Close 360° (180°/180°)		HH01_1530_FBX	2022-10-12	f	f	[]	[]		0	0	132	4/4	1	0.3	5	2023-07-17	3	1	1	12	\N	38	\N	\N	\N	1	0	1
595	4-Corner-Step | ☐-Form Back-Front (Regular)		HH01_1730_FBX	2022-10-12	f	f	[]	[]		0	0	132	4/4	1	0.3	5	2023-07-17	3	1	1	12	\N	38	\N	\N	\N	1	0	1
574	4-Corner-Step | ☐-Form Front-Back (Regular)		HH01_1540_FBX	2022-10-12	f	f	[]	[]		0	0	132	4/4	1	0.3	5	2023-07-17	3	1	1	12	\N	38	\N	\N	\N	1	0	1
552	Cross Step Regular – 4-Count Version		HH01_1320_FBX	2022-09-28	f	f	[]	[]		0	0	132	4/4	1	0.3	5	2023-07-17	3	1	1	12	\N	38	\N	\N	\N	1	0	1
553	Cross Step Slide (Step, Cross, Back, Slide) – Pause! mit Bounce		HH01_1330_FBX	2022-09-28	f	f	[]	[]		0	0	132	4/4	1	0.3	5	2023-07-17	3	1	1	12	\N	38	\N	\N	\N	1	0	1
589	3-Corner-Step | ◁- Form Side Front Double Time		HH01_1680_FBX	2022-10-12	f	f	[]	[]		0	0	132	4/4	1	0.6	5	2023-07-17	3	1	1	12	\N	38	\N	\N	\N	1	0	1
591	3-Corner-Step | 8 - Form Front-Back Double Time		HH01_1700_FBX	2022-10-12	f	f	[]	[]		0	0	132	4/4	1	1	5	2023-07-17	3	1	1	12	\N	38	\N	\N	\N	1	0	1
594	4-Corner-Step | ☐-Form Front-Back (Regular)		HH01_1720_FBX	2022-10-12	f	f	[]	[]		0	0	132	4/4	1	0.3	5	2023-07-17	3	1	1	12	\N	38	\N	\N	\N	1	0	1
592	3-Corner-Step | ∞-Form Side Front Doubletime		HH01_1710_FBX	2022-10-12	f	f	[]	[]		0	0	132	4/4	1	0.8	5	2023-07-17	3	1	1	12	\N	38	\N	\N	\N	1	0	1
576	4-Corner-Step | 8 - Form Front-Back		HH01_1560_FBX	2022-10-12	f	f	[]	[]		0	0	132	4/4	1	0.3	5	2023-07-17	3	1	1	12	\N	38	\N	\N	\N	1	0	1
593	3-Corner-Step | ∞-Form Side Back Doubletime		HH01_1711_FBX	2022-10-12	f	f	[]	[]		0	0	132	4/4	1	0.4	5	2023-07-17	3	1	1	12	\N	38	\N	\N	\N	1	0	1
578	4-Corner-Step | ☐-Form Back-Front Double Time		HH01_1580_FBX	2022-10-12	f	f	[]	[]		0	0	132	4/4	1	0.8	5	2023-07-17	3	1	1	12	\N	38	\N	\N	\N	1	0	1
575	4-Corner-Step | ☐-Form Back-Front (Regular)		HH01_1550_FBX	2022-10-12	f	f	[]	[]		0	0	132	4/4	1	0.8	5	2023-07-17	3	1	1	12	\N	38	\N	\N	\N	1	0	1
577	4-Corner-Step | ☐-Form Front-Back Double Time		HH01_1570_FBX	2022-10-12	f	f	[]	[]		0	0	132	4/4	1	0.5	5	2023-07-17	3	1	1	12	\N	38	\N	\N	\N	1	0	1
582	3-Corner-Step | ◁- Form Side Front		HH01_1620_FBX	2022-10-12	f	f	[]	[]		0	0	132	4/4	1	0.8	5	2023-07-17	3	1	1	12	\N	38	\N	\N	\N	1	0	1
584	3-Corner-Step | 8 - Form Front-Back		HH01_1640_FBX	2022-10-12	f	f	[]	[]		0	0	132	4/4	1	0.5	5	2023-07-17	3	1	1	12	\N	38	\N	\N	\N	1	0	1
580	3-Corner-Step | ▽-Form Front-Back		HH01_1600_FBX	2022-10-12	f	f	[]	[]		0	0	132	4/4	1	0.5	5	2023-07-17	3	1	1	12	\N	38	\N	\N	\N	1	0	1
583	3-Corner-Step | ▷-Form Side Back		HH01_1630_FBX	2022-10-12	f	f	[]	[]		0	0	132	4/4	1	0.3	5	2023-07-17	3	1	1	12	\N	38	\N	\N	\N	1	0	1
588	3-Corner-Step | △-Form Back-Front Double Time		HH01_1670_FBX	2022-10-12	f	f	[]	[]		0	0	132	4/4	1	0.5	5	2023-07-17	3	1	1	12	\N	38	\N	\N	\N	1	0	1
586	3-Corner-Step | ∞-Form Side Back		HH01_1651_FBX	2022-10-12	f	f	[]	[]		0	0	132	4/4	1	1.2	5	2023-07-17	3	1	1	12	\N	38	\N	\N	\N	1	0	1
804	Outro Idle Master mit Fleisch		GM01_0490_FBX	2023-01-13	f	t	[]	[]		0	0	132	4/4	1	0	5	2023-04-14	1	1	1	49	23	38	\N	\N	24	1		1
629	Carry Up		LK01_0010_FBX	2022-08-25	f	f	[]	[]		0	159	124	4/4	2	0.3	5	2023-06-21	4	1	1	18	39	36	\N	\N	\N	1	0	1
630	Main Key		LK01_0020_FBX	2022-08-25	f	f	[]	[]		0	53	124	4/4	4	1.2	5	2023-06-21	4	1	1	18	39	36	\N	\N	\N	1	0	1
634	Tom & Jerry		LK01_0060_FBX	2022-08-25	f	f	[]	[]		0	24	124	4/4	2	0.3	5	2023-06-21	4	1	1	18	35	36	\N	\N	\N	1	0	1
596	4-Corner-Step | 8 - Form Front-Back		HH01_1740_FBX	2022-10-12	f	f	[]	[]		0	0	132	4/4	1	1.2	5	2023-07-17	3	1	1	12	\N	38	\N	\N	\N	1	0	1
615	Box Step from Cross-Back Kombo		HH01_1930_FBX	2022-10-12	f	f	[]	[]		0	0	132	4/4	1	0.3	5	2023-07-17	3	1	1	12	\N	38	\N	\N	\N	1	0	1
604	3-Corner-Step | 8 - Form Front-Back		HH01_1820_FBX	2022-10-12	f	f	[]	[]		0	0	132	4/4	1	0.3	5	2023-07-17	3	1	1	12	\N	38	\N	\N	\N	1	0	1
607	3-Corner-Step | △-Form Back-Front Double Time		HH01_1850_FBX	2022-10-12	f	f	[]	[]		0	0	132	4/4	1	1.2	5	2023-07-17	3	1	1	12	\N	38	\N	\N	\N	1	0	1
608	3-Corner-Step | ◁- Form Side2Side Double Time		HH01_1860_FBX	2022-10-12	f	f	[]	[]		0	0	132	4/4	1	0.5	5	2023-07-17	3	1	1	12	\N	38	\N	\N	\N	1	0	1
609	3-Corner-Step | ▷-Form Side2Side Double Time		HH01_1870_FBX	2022-10-12	f	f	[]	[]		0	0	132	4/4	1	0.5	5	2023-07-17	3	1	1	12	\N	38	\N	\N	\N	1	0	1
616	Box Step from Sidestep		HH01_1940_FBX	2022-10-12	f	f	[]	[]		0	0	132	4/4	1	0.3	5	2023-07-17	3	1	1	12	\N	38	\N	\N	\N	1	0	1
617	Box Step from Sidestep Kombo		HH01_1950_FBX	2022-10-12	f	f	[]	[]		0	0	132	4/4	1	0.3	5	2023-07-17	3	1	1	12	\N	38	\N	\N	\N	1	0	1
618	Box Step from Backstep		HH01_1960_FBX	2022-10-12	f	f	[]	[]		0	0	132	4/4	1	0.8	5	2023-07-17	3	1	1	12	\N	38	\N	\N	\N	1	0	1
620	Box Step Regular Turn 90°		HH01_1980_FBX	2022-10-12	f	f	[]	[]		0	0	132	4/4	1	0.5	5	2023-07-17	3	1	1	12	\N	38	\N	\N	\N	1	0	1
621	Box Step Regular Turn 180°		HH01_1990_FBX	2022-10-12	f	f	[]	[]		0	0	132	4/4	1	0.8	5	2023-07-17	3	1	1	12	\N	38	\N	\N	\N	1	0	1
622	Box Step Slide		HH01_2000_FBX	2022-10-12	f	f	[]	[]		0	0	132	4/4	1	1.2	5	2023-07-17	3	1	1	12	\N	38	\N	\N	\N	1	0	1
623	Box Step Slide Kombo		HH01_2010_FBX	2022-10-12	f	f	[]	[]		0	0	132	4/4	1	0.5	5	2023-07-17	3	1	1	12	\N	38	\N	\N	\N	1	0	1
624	Box Step Jump Over		HH01_2020_FBX	2022-10-12	f	f	[]	[]		0	0	132	4/4	1	0.5	5	2023-07-17	3	1	1	12	\N	38	\N	\N	\N	1	0	1
625	Box Step Jump Over Kombo		HH01_2030_FBX	2022-10-12	f	f	[]	[]		0	0	132	4/4	1	0.5	5	2023-07-17	3	1	1	12	\N	38	\N	\N	\N	1	0	1
598	4-Corner-Step | ☐-Form Back-Front Double Time		HH01_1760_FBX	2022-10-12	f	f	[]	[]		0	0	132	4/4	1	0.4	5	2023-07-17	3	1	1	12	\N	38	\N	\N	\N	1	0	1
610	3-Corner-Step | 8 - Form Front-Back Double Time		HH01_1880_FBX	2022-10-12	f	f	[]	[]		0	0	132	4/4	1	0.3	5	2023-07-17	3	1	1	12	\N	38	\N	\N	\N	1	0	1
611	3-Corner-Step | ∞-Form Side2Side Double Time		HH01_1890_FBX	2022-10-12	f	f	[]	[]		0	0	132	4/4	1	1.2	5	2023-07-17	3	1	1	12	\N	38	\N	\N	\N	1	0	1
613	Box Step from Cross-Front (Original from Jazz) Kombo		HH01_1910_FBX	2022-10-12	f	f	[]	[]		0	0	132	4/4	1	0.4	5	2023-07-17	3	1	1	12	\N	38	\N	\N	\N	1	0	1
614	Box Step from Cross-Back		HH01_1920_FBX	2022-10-12	f	f	[]	[]		0	0	132	4/4	1	0.6	5	2023-07-17	3	1	1	12	\N	38	\N	\N	\N	1	0	1
635	Point Side		LK01_0070_FBX	2022-08-25	f	f	[]	[]		0	78	124	4/4	2	0.4	5	2023-06-21	4	1	1	18	35	36	\N	\N	\N	1	0	1
636	Point Front		LK01_0080_FBX	2022-08-25	f	f	[]	[]		0	66	124	4/4	2	0.4	5	2023-06-21	4	1	1	18	35	36	\N	\N	\N	1	0	1
637	Point Back		LK01_0090_FBX	2022-08-25	f	f	[]	[]		0	7	124	4/4	1	0.4	5	2023-06-21	4	1	1	18	35	36	\N	\N	\N	1	0	1
638	Point Magic 3		LK01_0100_FBX	2022-08-25	f	f	[]	[]		0	73	124	4/4	1	0.5	5	2023-06-21	4	1	1	18	35	36	\N	\N	\N	1	0	1
639	Point Up		LK01_0110_FBX	2022-08-25	f	f	[]	[]		0	76	122	4/4	1	0.4	5	2023-06-21	4	1	1	18	35	36	\N	\N	\N	1	0	1
640	Point Down		LK01_0120_FBX	2022-08-25	f	f	[]	[]		0	122	124	4/4	1	0.4	5	2023-06-21	4	1	1	18	35	36	\N	\N	\N	1	0	1
641	Point Side Side Front		LK01_0130_FBX	2022-08-25	f	f	[]	[]		0	96	124	4/4	2	0.7	5	2023-06-21	4	1	1	18	35	36	\N	\N	\N	1	0	1
658	Skeeter Rabbit		LK01_0280_FBX	2022-08-25	f	f	[]	[]		0	107	124	4/4	2	1.7	5	2023-06-21	4	1	1	18	41	36	\N	\N	\N	1	0	1
851	Swoobop V1		LK01_0530_FBX	2023-03-29	f	f	[]	[]		0	95	137	4/4	1	1	5	2023-06-21	4	1	1	18	41	36	\N	\N	\N	1	0	1
852	Pace		LK01_0540_FBX	2023-03-29	f	f	[]	[]		0	20	135	4/4	2	1.2	5	2023-06-21	4	1	1	18	38	36	\N	\N	\N	1	0	1
605	3-Corner-Step | ∞-Form Side		HH01_1830_FBX	2022-10-12	f	f	[]	[]		0	0	132	4/4	1	0.5	5	2023-07-17	3	1	1	12	\N	38	\N	\N	\N	1	0	1
643	Break Down		LK01_0150_FBX	2022-08-25	f	f	[]	[]		0	177	124	4/4	2	0.5	5	2023-06-21	4	1	1	18	41	36	\N	\N	\N	1	0	1
683	7		HH01_2084_FBX	2022-11-24	f	f	[]	[]		0	20	160	4/4	1	2.11	5	2023-07-17	3	1	1	12	14	38	\N	\N	\N	1	0	1
690	14		HH01_2111_FBX	2022-11-24	f	f	[]	[]		0	17	142	4/4	1	2.18	5	2023-07-17	3	1	1	12	14	38	\N	\N	\N	1	0	1
691	15		HH01_2113_FBX	2022-11-24	f	f	[]	[]		0	17	142	4/4	1	2.19	5	2023-07-17	3	1	1	12	14	38	\N	\N	\N	1	0	1
692	16		HH01_2120_FBX	2022-11-24	f	f	[]	[]		0	17	142	4/4	1	2.2	5	2023-07-17	3	1	1	12	14	38	\N	\N	\N	1	0	1
693	17		HH01_2121_FBX	2022-11-24	f	f	[]	[]		0	17	142	4/4	1	2.21	5	2023-07-17	3	1	1	12	14	38	\N	\N	\N	1	0	1
602	3-Corner-Step | ◁- Form Side Front		HH01_1800_FBX	2022-10-12	f	f	[]	[]		0	0	132	4/4	1	0.3	5	2023-07-17	3	1	1	12	\N	38	\N	\N	\N	1	0	1
628	Box Step Kombo All-in-One		HH01_2060_FBX	2022-10-12	f	f	[]	[]		0	0	132	4/4	1	1	5	2023-07-17	3	1	1	12	\N	38	\N	\N	\N	1	0	1
679	3		HH01_2080_FBX	2022-11-24	f	f	[]	[]		0	20	160	4/4	1	2.7	5	2023-07-17	3	1	1	12	14	38	\N	\N	\N	1	0	1
680	4		HH01_2081_FBX	2022-11-24	f	f	[]	[]		0	20	160	4/4	1	2.8	5	2023-07-17	3	1	1	12	14	38	\N	\N	\N	1	0	1
644	Muscle Man		LK01_0160_FBX	2022-08-25	f	f	[]	[]		0	0	124	4/4	2	0.3	5	2023-06-21	4	1	1	18	36	36	\N	\N	\N	1	0	1
682	6		HH01_2083_FBX	2022-11-24	f	f	[]	[]		0	20	160	4/4	1	2.1	5	2023-07-17	3	1	1	12	14	38	\N	\N	\N	1	0	1
210	Cross-Step into Kris Kross		BD01_0830_FBX	2022-08-17	f	f	[]	[]		0	113	151	4/4	2	1	5	2023-06-30	2	1	1	2	9	38	\N	\N	53	1	0	1
645	Wrist Roll Right Hand		LK01_0170_FBX	2022-08-25	f	f	[]	[]		0	66	124	4/4	1	0.7	5	2023-06-21	4	1	1	18	40	36	\N	\N	\N	1	0	1
646	Wrist Roll Left Hand		LK01_0171_FBX	2022-08-25	f	f	[]	[]		0	66	124	4/4	1	0.7	5	2023-06-21	4	1	1	18	40	36	\N	\N	\N	1	0	1
647	Wrist Roll Both Hands		LK01_0172_FBX	2022-08-25	f	f	[]	[]		0	66	124	4/4	1	0.8	5	2023-06-21	4	1	1	18	40	36	\N	\N	\N	1	0	1
648	Lock		LK01_0180_FBX	2022-08-25	f	f	[]	[]		0	131	124	4/4	2	0.3	5	2023-06-21	4	1	1	18	36	36	\N	\N	\N	1	0	1
649	Give yourself 5		LK01_0190_FBX	2022-08-25	f	f	[]	[]		0	136	124	4/4	1	0.5	5	2023-06-21	4	1	1	18	42	36	\N	\N	\N	1	0	1
650	Scoop		LK01_0200_FBX	2022-08-25	f	f	[]	[]		0	117	124	4/4	2	0.8	5	2023-06-21	4	1	1	18	41	36	\N	\N	\N	1	0	1
651	Robot Shuffle		LK01_0210_FBX	2022-08-25	f	f	[]	[]		0	70	124	4/4	1	1.5	5	2023-06-21	4	1	1	18	41	36	\N	\N	\N	1	0	1
652	Funky Chicken		LK01_0220_FBX	2022-08-25	f	f	[]	[]		0	17	124	4/4	2	1	5	2023-06-21	4	1	1	18	36	36	\N	\N	43	1	0	1
653	Funky Chicken Double Time		LK01_0230_FBX	2022-08-25	f	f	[]	[]		0	84	124	4/4	2	1.2	5	2023-06-21	4	1	1	18	36	36	\N	\N	\N	1	0	1
654	Scooby Doo		LK01_0240_FBX	2022-08-25	f	f	[]	[]		0	50	124	4/4	2	1.5	5	2023-06-21	4	1	1	18	41	36	\N	\N	\N	1	0	1
655	Scoobot		LK01_0250_FBX	2022-08-25	f	f	[]	[]		0	108	122	4/4	1	1.8	5	2023-06-21	4	1	1	18	41	36	\N	\N	\N	1	0	1
656	Swoobop		LK01_0260_FBX	2022-08-25	f	f	[]	[]		0	83	124	4/4	1	1.6	5	2023-06-21	4	1	1	18	41	36	\N	\N	\N	1	0	1
657	Leo Walk		LK01_0270_FBX	2022-08-25	f	f	[]	[]		0	77	124	4/4	2	1.5	5	2023-06-21	4	1	1	18	41	36	\N	\N	\N	1	0	1
659	Stop & Go		LK01_0290_FBX	2022-08-25	f	f	[]	[]		0	86	124	4/4	2	1.1	5	2023-06-21	4	1	1	18	41	36	\N	\N	\N	1	0	1
660	Which-A-Way		LK01_0300_FBX	2022-08-25	f	f	[]	[]		0	43	124	4/4	1	2	5	2023-06-21	4	1	1	18	41	36	\N	\N	\N	1	0	1
661	Country Step		LK01_0310_FBX	2022-08-25	f	f	[]	[]		0	20	124	4/4	1	0.5	5	2023-06-21	4	1	1	18	41	36	\N	\N	\N	1	0	1
662	Kill the roach		LK01_0320_FBX	2022-08-25	f	f	[]	[]		0	31	124	4/4	1	2	5	2023-06-21	4	1	1	18	37	36	\N	\N	\N	1	0	1
663	Hitch Hiker		LK01_0330_FBX	2022-08-25	f	f	[]	[]		0	139	124	4/4	1	0.5	5	2023-06-21	4	1	1	18	41	36	\N	\N	\N	1	0	1
664	Knee Drop		LK01_0340_FBX	2022-08-25	f	f	[]	[]		0	63	126	4/4	1	2.6	5	2023-06-21	4	1	1	18	37	36	\N	\N	\N	1	0	1
665	CC Run		LK01_0350_FBX	2022-08-25	f	f	[]	[]		0	42	124	4/4	1	2.8	5	2023-06-21	4	1	1	18	14	36	\N	\N	\N	1	0	1
853	Pace R&L		LK01_0560_FBX	2023-03-29	f	f	[]	[]		0	8	139	4/4	2	1.8	5	2023-06-21	4	1	1	18	38	36	\N	\N	\N	1	0	1
854	Around the World		LK01_0570_FBX	2023-03-29	f	f	[]	[]		0	35	137	4/4	1	1.6	5	2023-06-21	4	1	1	18	41	36	\N	\N	\N	1	0	1
681	5		HH01_2082_FBX	2022-11-24	f	f	[]	[]		0	20	160	4/4	1	2.9	5	2023-07-17	3	1	1	12	14	38	\N	\N	\N	1	0	1
710	34		HH01_2161_FBX	2022-11-24	f	f	[]	[]		0	17	142	4/4	1	2.38	5	2023-07-17	3	1	1	12	14	38	\N	\N	\N	1	0	1
748	Tidy L		PP01_0671_FBX	2022-10-19	f	f	[]	[]		0	37	132	4/4	2	0.8	5	2023-07-10	1	1	1	49	33	44	\N	\N	\N	1	0	1
711	35		HH01_2162_FBX	2022-11-24	f	f	[]	[]		0	17	142	4/4	1	2.39	5	2023-07-17	3	1	1	12	14	38	\N	\N	\N	1	0	1
713	37		HH01_2170_FBX	2022-11-24	f	f	[]	[]		0	17	142	4/4	1	2.41	5	2023-07-17	3	1	1	12	14	38	\N	\N	\N	1	0	1
699	23		HH01_2140_FBX	2022-11-24	f	f	[]	[]		0	17	142	4/4	1	2.27	5	2023-07-17	3	1	1	12	14	38	\N	\N	\N	1	0	1
737	The Sprinkler L		PP01_0191_FBX	2022-10-19	f	f	[]	[]		0	206	132	4/4	1	0.8	5	2023-07-10	1	1	1	49	\N	44	\N	\N	\N	1	0	1
712	36		HH01_2163_FBX	2022-11-24	f	f	[]	[]		0	17	142	4/4	1	2.4	5	2023-07-17	3	1	1	12	14	38	\N	\N	\N	1	0	1
708	32		HH01_2154_FBX	2022-11-24	f	f	[]	[]		0	17	142	4/4	1	2.36	5	2023-07-17	3	1	1	12	14	38	\N	\N	\N	1	0	1
714	38		HH01_2171_FBX	2022-11-24	f	f	[]	[]		0	17	142	4/4	1	2.42	5	2023-07-17	3	1	1	12	14	38	\N	\N	\N	1	0	1
716	40		HH01_2173_FBX	2022-11-24	f	f	[]	[]		0	17	142	4/4	1	2.44	5	2023-07-17	3	1	1	12	14	38	\N	\N	\N	1	0	1
718	42		HH01_2181_FBX	2022-11-24	f	f	[]	[]		0	17	142	4/4	1	2.46	5	2023-07-17	3	1	1	12	14	38	\N	\N	\N	1	0	1
719	43		HH01_2182_FBX	2022-11-24	f	f	[]	[]		0	17	142	4/4	1	2.47	5	2023-07-17	3	1	1	12	14	38	\N	\N	\N	1	0	1
720	44		HH01_2183_FBX	2022-11-24	f	f	[]	[]		0	17	142	4/4	1	2.48	5	2023-07-17	3	1	1	12	14	38	\N	\N	\N	1	0	1
721	45		HH01_2200_FBX	2022-11-24	f	f	[]	[]		0	0	180	4/4	1	2.5	5	2023-07-17	3	1	1	12	14	38	\N	\N	\N	1	0	1
694	18		HH01_2130_FBX	2022-11-24	f	f	[]	[]		0	17	142	4/4	1	2.22	5	2023-07-17	3	1	1	12	14	38	\N	\N	\N	1	0	1
695	19		HH01_2131_FBX	2022-11-24	f	f	[]	[]		0	17	142	4/4	1	2.23	5	2023-07-17	3	1	1	12	14	38	\N	\N	\N	1	0	1
736	Do you hear me L		PP01_0181_FBX	2022-10-19	f	f	[]	[]		0	99	132	4/4	1	0.6	5	2023-07-10	1	1	1	49	\N	44	\N	\N	\N	1	0	1
697	21		HH01_2133_FBX	2022-11-24	f	f	[]	[]		0	17	142	4/4	1	2.25	5	2023-07-17	3	1	1	12	14	38	\N	\N	\N	1	0	1
738	John Travolta Var 1		PP01_0202_FBX	2022-10-19	f	f	[]	[]		0	476	132	4/4	1	0.2	5	2023-07-10	1	1	1	49	\N	44	\N	\N	\N	1	0	1
700	24		HH01_2141_FBX	2022-11-24	f	f	[]	[]		0	17	142	4/4	1	2.28	5	2023-07-17	3	1	1	12	14	38	\N	\N	\N	1	0	1
701	25		HH01_2142_FBX	2022-11-24	f	f	[]	[]		0	17	142	4/4	1	2.29	5	2023-07-17	3	1	1	12	14	38	\N	\N	\N	1	0	1
702	26		HH01_2143_FBX	2022-11-24	f	f	[]	[]		0	17	142	4/4	1	2.3	5	2023-07-17	3	1	1	12	14	38	\N	\N	\N	1	0	1
704	28		HH01_2150_FBX	2022-11-24	f	f	[]	[]		0	17	142	4/4	1	2.32	5	2023-07-17	3	1	1	12	14	38	\N	\N	\N	1	0	1
739	Saturday Night Fever L		PP01_0241_FBX	2022-10-19	f	f	[]	[]		0	15	132	4/4	4	0.9	5	2023-07-10	1	1	1	49	33	44	\N	\N	\N	1	0	55
740	The Booty Slap L		PP01_0251_FBX	2022-10-19	f	f	[]	[]		0	0	129	4/4	1	0.4	5	2023-07-10	1	1	1	49	\N	44	\N	\N	\N	1	0	1
709	33		HH01_2160_FBX	2022-11-24	f	f	[]	[]		0	17	142	4/4	1	2.37	5	2023-07-17	3	1	1	12	14	38	\N	\N	\N	1	0	1
741	Lonely Slow Dance L		PP01_0261_FBX	2022-10-19	f	f	[]	[]		0	262	132	4/4	1	0.2	5	2023-07-10	1	1	1	49	32	44	\N	\N	\N	1	0	1
742	The Lawn Mower L		PP01_0272_FBX	2022-10-19	f	f	[]	[]		0	69	132	4/4	2	0.2	5	2023-07-10	1	1	1	49	32	44	\N	\N	\N	1	0	1
743	Moving like Bernie L		PP01_0351_FBX	2022-10-19	f	f	[]	[]		0	235	132	4/4	1	0.9	5	2023-07-10	1	1	1	49	32	44	\N	\N	\N	1	0	1
746	The Shoot L		PP01_0421_FBX	2022-10-19	f	f	[]	[]		0	15	131	4/4	2	0.7	5	2023-07-10	1	1	1	49	32	44	\N	\N	\N	1	0	1
676	Air Guitar 2		PP01_0521_FBX	2022-10-19	f	f	[]	[]		0	71	132	4/4	2	0.6	5	2023-07-10	1	1	1	49	32	44	\N	\N	\N	1	0	1
750	Wanna See Me R		PP01_0801_FBX	2022-10-19	f	f	[]	[]		0	8	132	4/4	1	0.6	5	2023-07-10	1	1	1	49	33	44	\N	\N	\N	1	0	1
744	Everyday Shuffle L		PP01_0361_FBX	2022-10-19	f	f	[]	[]		0	143	132	4/4	1	1.9	5	2023-07-10	1	1	1	49	\N	44	\N	\N	\N	1	0	1
745	Twerk L		PP01_0381_FBX	2022-10-19	f	f	[]	[]		0	35	136	4/4	2	0.7	5	2023-07-10	1	1	1	49	33	44	\N	\N	\N	1	0	57
747	Strip This L		PP01_0541_FBX	2022-10-19	f	f	[]	[]		0	176	131	4/4	2	1.9	5	2023-07-10	1	1	1	49	32	44	\N	\N	\N	1	0	1
696	20		HH01_2132_FBX	2022-11-24	f	f	[]	[]		0	17	142	4/4	1	2.24	5	2023-07-17	3	1	1	12	14	38	\N	\N	\N	1	0	1
705	29		HH01_2151_FBX	2022-11-24	f	f	[]	[]		0	17	142	4/4	1	2.33	5	2023-07-17	3	1	1	12	14	38	\N	\N	\N	1	0	1
730	2		HH01_2071_FBX	2022-11-24	f	f	[]	[]		0	20	160	4/4	1	2.6	5	2023-07-17	3	1	1	12	14	38	\N	\N	\N	1	0	1
754	The Shovel L		PP01_1142_FBX	2022-10-24	f	f	[]	[]		0	260	144	4/4	4	0.4	5	2023-07-10	1	1	1	49	33	44	\N	\N	\N	1	0	1
760	Intro Idle 5		GM01_0050_FBX	2023-01-13	f	t	[]	[]		0	0	132	4/4	1	0	5	2023-04-14	1	1	1	49	23	38	\N	\N	26	1		1
761	Intro Idle 6		GM01_0060_FBX	2023-01-13	f	t	[]	[]		0	0	132	4/4	1	0	5	2023-04-14	1	1	1	49	23	38	\N	\N	26	1		1
762	Intro Idle 7		GM01_0070_FBX	2023-01-13	f	t	[]	[]		0	0	132	4/4	1	0	5	2023-04-14	1	1	1	49	23	38	\N	\N	26	1		1
765	Intro Idle 10		GM01_0100_FBX	2023-01-13	f	t	[]	[]		0	0	132	4/4	1	0	5	2023-04-14	1	1	1	49	23	38	\N	\N	26	1		1
766	Intro Idle 11		GM01_0110_FBX	2023-01-13	f	t	[]	[]		0	0	132	4/4	1	0	5	2023-04-14	1	1	1	49	23	38	\N	\N	26	1		1
767	Intro Idle 12		GM01_0120_FBX	2023-01-13	f	t	[]	[]		0	0	132	4/4	1	0	5	2023-04-14	1	1	1	49	23	38	\N	\N	26	1		1
768	Intro Idle 13		GM01_0130_FBX	2023-01-13	f	t	[]	[]		0	0	132	4/4	1	0	5	2023-04-14	1	1	1	49	23	38	\N	\N	26	1		1
771	Intro Idle 16		GM01_0160_FBX	2023-01-13	f	t	[]	[]		0	0	132	4/4	1	0	5	2023-04-14	1	1	1	49	23	38	\N	\N	26	1		1
772	Intro Idle 17		GM01_0170_FBX	2023-01-13	f	t	[]	[]		0	0	132	4/4	1	0	5	2023-04-14	1	1	1	49	23	38	\N	\N	26	1		1
91	The Mr. Bean		PP01_0970_FBX	2022-10-24	f	f	[]	[]		0	0	144	4/4	1	0	5	2023-07-10	1	1	1	49	\N	44	\N	\N	\N	1	0	1
90	Toe Stand (Michael Jackson)		PP01_0960_FBX	2022-10-24	f	f	[]	[]		0	0	144	4/4	1	0	5	2023-07-10	1	1	1	49	\N	44	\N	\N	\N	1	0	1
753	Footloose L		PP01_1071_FBX	2022-10-24	f	f	[]	[]		0	497	144	4/4	1	1.2	5	2023-07-10	1	1	1	49	\N	44	\N	\N	\N	1	0	1
757	Intro Idle 2		GM01_0020_FBX	2023-01-13	f	t	[]	[]		0	0	132	4/4	1	0	5	2023-04-14	1	1	1	49	23	38	\N	\N	26	1		1
758	Intro Idle 3		GM01_0030_FBX	2023-01-13	f	t	[]	[]		0	0	132	4/4	1	0	5	2023-04-14	1	1	1	49	23	38	\N	\N	26	1		1
759	Intro Idle 4		GM01_0040_FBX	2023-01-13	f	t	[]	[]		0	0	132	4/4	1	0	5	2023-04-14	1	1	1	49	23	38	\N	\N	26	1		1
756	Intro Idle 1		GM01_0010_FBX	2023-01-13	f	t	[]	[]		0	0	132	4/4	1	0	5	2023-04-14	1	1	1	49	23	38	\N	\N	26	1		1
779	Intro Idle 24		GM01_0240_FBX	2023-01-13	f	t	[]	[]		0	0	132	4/4	1	0	5	2023-04-14	1	1	1	49	23	38	\N	\N	26	1		1
780	Intro Idle 25		GM01_0250_FBX	2023-01-13	f	t	[]	[]		0	0	132	4/4	1	0	5	2023-04-14	1	1	1	49	23	38	\N	\N	26	1		1
781	Intro Idle 26		GM01_0260_FBX	2023-01-13	f	t	[]	[]		0	0	132	4/4	1	0	5	2023-04-14	1	1	1	49	23	38	\N	\N	26	1		1
782	Intro Idle 27 4x8		GM01_0270_FBX	2023-01-13	f	t	[]	[]		0	0	132	4/4	1	0	5	2023-04-14	1	1	1	49	23	38	\N	\N	26	1		1
783	Intro Idle 28 4x8		GM01_0280_FBX	2023-01-13	f	t	[]	[]		0	0	132	4/4	1	0	5	2023-04-14	1	1	1	49	23	38	\N	\N	26	1		1
785	Outro Idle 2		GM01_0300_FBX	2023-01-13	f	t	[]	[]		0	0	132	4/4	1	0	5	2023-04-14	1	1	1	49	23	38	\N	\N	24	1		1
786	Outro Idle 3		GM01_0310_FBX	2023-01-13	f	t	[]	[]		0	0	132	4/4	1	0	5	2023-04-14	1	1	1	49	23	38	\N	\N	24	1		1
788	Outro Idle 5		GM01_0330_FBX	2023-01-13	f	t	[]	[]		0	0	132	4/4	1	0	5	2023-04-14	1	1	1	49	23	38	\N	\N	24	1		1
789	Outro Idle 6		GM01_0340_FBX	2023-01-13	f	t	[]	[]		0	0	132	4/4	1	0	5	2023-04-14	1	1	1	49	23	38	\N	\N	24	1		1
790	Outro Idle 7		GM01_0350_FBX	2023-01-13	f	t	[]	[]		0	0	132	4/4	1	0	5	2023-04-14	1	1	1	49	23	38	\N	\N	24	1		1
791	Outro Idle 8		GM01_0360_FBX	2023-01-13	f	t	[]	[]		0	0	132	4/4	1	0	5	2023-04-14	1	1	1	49	23	38	\N	\N	24	1		1
792	Outro Idle 9		GM01_0370_FBX	2023-01-13	f	t	[]	[]		0	0	132	4/4	1	0	5	2023-04-14	1	1	1	49	23	38	\N	\N	24	1		1
793	Outro Idle 10		GM01_0380_FBX	2023-01-13	f	t	[]	[]		0	0	132	4/4	1	0	5	2023-04-14	1	1	1	49	23	38	\N	\N	24	1		1
794	Outro Idle 11		GM01_0390_FBX	2023-01-13	f	t	[]	[]		0	0	132	4/4	1	0	5	2023-04-14	1	1	1	49	23	38	\N	\N	24	1		1
795	Outro Idle 12		GM01_0400_FBX	2023-01-13	f	t	[]	[]		0	0	132	4/4	1	0	5	2023-04-14	1	1	1	49	23	38	\N	\N	24	1		1
796	Outro Idle 13		GM01_0410_FBX	2023-01-13	f	t	[]	[]		0	0	132	4/4	1	0	5	2023-04-14	1	1	1	49	23	38	\N	\N	24	1		1
797	Outro Idle 14		GM01_0420_FBX	2023-01-13	f	t	[]	[]		0	0	132	4/4	1	0	5	2023-04-14	1	1	1	49	23	38	\N	\N	24	1		1
798	Outro Idle 15		GM01_0430_FBX	2023-01-13	f	t	[]	[]		0	0	132	4/4	1	0	5	2023-04-14	1	1	1	49	23	38	\N	\N	24	1		1
799	Outro Idle 16		GM01_0440_FBX	2023-01-13	f	t	[]	[]		0	0	132	4/4	1	0	5	2023-04-14	1	1	1	49	23	38	\N	\N	24	1		1
800	Outro Idle 17		GM01_0450_FBX	2023-01-13	f	t	[]	[]		0	0	132	4/4	1	0	5	2023-04-14	1	1	1	49	23	38	\N	\N	24	1		1
801	Outro Idle 18		GM01_0460_FBX	2023-01-13	f	t	[]	[]		0	0	132	4/4	1	0	5	2023-04-14	1	1	1	49	23	38	\N	\N	24	1		1
802	Outro Idle 19		GM01_0470_FBX	2023-01-13	f	t	[]	[]		0	0	132	4/4	1	0	5	2023-04-14	1	1	1	49	23	38	\N	\N	24	1		1
808	Outro Idle 25		GM01_0530_FBX	2023-01-13	f	t	[]	[]		0	0	132	4/4	1	0	5	2023-04-14	1	1	1	49	23	38	\N	\N	24	1		1
809	Outro Idle 26		GM01_0540_FBX	2023-01-13	f	t	[]	[]		0	0	132	4/4	1	0	5	2023-04-14	1	1	1	49	23	38	\N	\N	24	1		1
810	Outro Idle 27 Confident		GM01_0550_FBX	2023-01-13	f	t	[]	[]		0	0	132	4/4	1	0	5	2023-04-14	1	1	1	49	23	38	\N	\N	24	1		1
814	Outro Idle 31 Long		GM01_0590_FBX	2023-01-13	f	t	[]	[]		0	0	132	4/4	1	0	5	2023-04-14	1	1	1	49	23	38	\N	\N	24	1		1
815	Choreo Test 1		GM01_0600_FBX	2023-01-13	f	t	[]	[]		0	0	132	4/4	1	0	5	2023-04-14	1	1	1	49	23	38	\N	\N	25	1		1
816	Choreo Test 2		GM01_0610_FBX	2023-01-13	f	t	[]	[]		0	0	132	4/4	1	0	5	2023-04-14	1	1	1	49	23	38	\N	\N	25	1		1
820	Chroreo Test 6		GM01_0650_FBX	2023-01-13	f	t	[]	[]		0	0	132	4/4	1	0	5	2023-04-14	1	1	1	49	23	38	\N	\N	25	1		1
775	Intro Idle 20		GM01_0200_FBX	2023-01-13	f	t	[]	[]		0	0	132	4/4	1	0	5	2023-04-14	1	1	1	49	23	38	\N	\N	26	1		1
776	Intro Idle 21		GM01_0210_FBX	2023-01-13	f	t	[]	[]		0	0	132	4/4	1	0	5	2023-04-14	1	1	1	49	23	38	\N	\N	26	1		1
777	Intro Idle 22		GM01_0220_FBX	2023-01-13	f	t	[]	[]		0	0	132	4/4	1	0	5	2023-04-14	1	1	1	49	23	38	\N	\N	26	1		1
774	Intro Idle 19		GM01_0190_FBX	2023-01-13	f	t	[]	[]		0	0	132	4/4	1	0	5	2023-04-14	1	1	1	49	23	38	\N	\N	26	1		1
807	Outro Idle 24		GM01_0520_FBX	2023-01-13	f	t	[]	[]		0	0	132	4/4	1	0	5	2023-04-14	1	1	1	49	23	38	\N	\N	24	1		1
811	Outro Idle 28 Sad		GM01_0560_FBX	2023-01-13	f	t	[]	[]		0	0	132	4/4	1	0	5	2023-04-14	1	1	1	49	23	38	\N	\N	24	1		1
812	Outro Idle 29 Angry		GM01_0570_FBX	2023-01-13	f	t	[]	[]		0	0	132	4/4	1	0	5	2023-04-14	1	1	1	49	23	38	\N	\N	24	1		1
813	Outro Idle 30		GM01_0580_FBX	2023-01-13	f	t	[]	[]		0	0	132	4/4	1	0	5	2023-04-14	1	1	1	49	23	38	\N	\N	24	1		1
817	Choreo Test 3		GM01_0620_FBX	2023-01-13	f	t	[]	[]		0	0	132	4/4	1	0	5	2023-04-14	1	1	1	49	23	38	\N	\N	25	1		1
818	Choreo Test 4		GM01_0630_FBX	2023-01-13	f	t	[]	[]		0	0	132	4/4	1	0	5	2023-04-14	1	1	1	49	23	38	\N	\N	25	1		1
819	Chroreo Test 5		GM01_0640_FBX	2023-01-13	f	t	[]	[]		0	0	132	4/4	1	0	5	2023-04-14	1	1	1	49	23	38	\N	\N	25	1		1
770	Intro Idle 15		GM01_0150_FBX	2023-01-13	f	t	[]	[]		0	0	132	4/4	1	0	5	2023-04-14	1	1	1	49	23	38	\N	\N	26	1		1
806	Outro Idle 23 Peace		GM01_0510_FBX	2023-01-13	f	t	[]	[]		0	0	132	4/4	1	0	5	2023-04-14	1	1	1	49	23	38	\N	\N	24	1		1
805	Outro Idle Long		GM01_0500_FBX	2023-01-13	f	t	[]	[]		0	0	132	4/4	1	0	5	2023-04-14	1	1	1	49	23	38	\N	\N	24	1		1
763	Intro Idle 8		GM01_0080_FBX	2023-01-13	f	t	[]	[]		0	0	132	4/4	1	0	5	2023-04-14	1	1	1	49	23	38	\N	\N	26	1		1
373	MT 2-Step Slide		BD01_2390_FBX	2022-09-28	f	f	[]	[]		0	0	132	4/4	1	1	5	2023-06-30	2	1	1	2	9	38	\N	\N	51	1	0	1
457	Shamrock Magic 3		HH01_0490_FBX	2022-08-07	f	f	[]	[]		0	247	144	4/4	1	2.1	5	2023-07-17	3	1	1	12	31	38	\N	\N	\N	1	0	1
488	Roger Rabbit 		HH01_0780_FBX	2022-08-07	f	f	[]	[]		0	124	144	4/4	2	1.3	5	2023-07-17	3	1	1	12	30	38	\N	\N	\N	1	0	1
37	Running Man 2016		PP01_0400_FBX	2022-10-19	f	f	[]	[]		0	248	132	4/4	2	0.8	5	2023-07-10	1	1	1	49	32	44	\N	\N	\N	1	0	1
112	The Rob		PP01_1200_FBX	2022-10-24	f	f	[]	[]		0	0	141	4/4	4	0.9	5	2023-07-10	1	1	1	49	32	44	\N	\N	\N	1	0	1
182	Cross-Step Double Side2Side		BD01_0550_FBX	2022-08-17	f	f	[]	[]		0	140	151	4/4	2	1	5	2023-06-30	2	1	1	2	9	38	\N	\N	53	1	0	1
412	Diagonal Step		HH01_0040_FBX	2022-08-07	f	f	[]	[]		0	26	144	4/4	1	0.2	5	2023-07-17	3	1	1	12	19	38	\N	\N	\N	1	0	1
642	Point Random		LK01_0140_FBX	2022-08-25	f	f	[]	[]		0	12	124	4/4	1	0.5	5	2023-06-21	4	1	1	18	35	36	\N	\N	\N	1	0	1
130	Double Mill	Double Mill	BD01_0150_FBX	2022-06-04	f	f	[]	[]		0	0	144	4/4	1	2.9	5	2023-06-30	2	1	1	2	3	38	\N	\N	10	1	0	1
784	Intro Idle 29 4x8 stretch		GM01_0290_FBX	2023-01-13	f	t	[]	[]		0	0	132	4/4	1	0	5	2023-04-14	1	1	1	49	23	38	\N	\N	26	1		1
803	Outro Idle 20		GM01_0480_FBX	2023-01-13	f	t	[]	[]		0	0	132	4/4	1	0	5	2023-04-14	1	1	1	49	23	38	\N	\N	24	1		1
410	Back Step		HH01_0031_FBX	2022-08-07	f	f	[]	[]		0	10	144	4/4	1	0.2	5	2023-03-28	3	1	1	12	19	38	\N	\N	\N	1		1
440	Kick Ball Change Side Magic 3		HH01_0320_FBX	2022-08-07	f	f	[]	[]		0	11	144	4/4	1	1.5	5	2023-03-28	3	1	1	12	30	38	\N	\N	\N	1		1
464	Indian Step Turn Jump		HH01_0560_FBX	2022-08-07	f	f	[]	[]		0	313	144	4/4	1	2.6	5	2023-03-28	3	1	1	12	31	38	\N	\N	\N	1		1
200	Cross-Step Kick Back Turn 360° (aka ‘The Maik MD’)		BD01_0730_FBX	2022-08-17	f	f	[]	[]		0	0	151	4/4	1	1	5	2023-06-30	2	1	1	2	9	38	\N	\N	53	1	0	1
205	Cross-Step into Glue Together		BD01_0780_FBX	2022-08-17	f	f	[]	[]		0	57	151	4/4	1	1	5	2023-06-30	2	1	1	2	9	38	\N	\N	53	1	0	1
115	Spider Man Stretch	Exercise	BD01_0030_FBX	2022-06-04	f	t	[]	[]		0	0	144	4/4	1	1	5	2023-06-30	2	1	1	2	29	38	\N	\N	\N	1	0	1
206	Cross-Step into Slide Back		BD01_0790_FBX	2022-08-17	f	f	[]	[]		0	77	151	4/4	1	1	5	2023-06-30	2	1	1	2	9	38	\N	\N	53	1	0	1
600	3-Corner-Step | ▽-Form Front-Back		HH01_1780_FBX	2022-10-12	f	f	[]	[]		0	0	132	4/4	1	0.3	5	2023-07-17	3	1	1	12	\N	38	\N	\N	\N	1	0	1
249	Cross-Step into Backslide Heel Down		BD01_1220_FBX	2022-09-14	f	f	[]	[]		0	0	132	4/4	1	1	5	2023-06-30	2	1	1	2	9	38	\N	\N	53	1	0	1
564	Grapevine Cross Back		HH01_1440_FBX	2022-09-28	f	f	[]	[]		0	234	132	4/4	1	0.8	5	2023-07-17	3	1	1	12	19	38	\N	\N	\N	1	0	1
66	Ride the Pony R		PP01_0710_FBX	2022-10-19	f	f	[]	[]		0	39	132	4/4	4	1.5	5	2023-07-10	1	1	1	49	\N	44	\N	\N	\N	1	0	1
407	Bounce 1		HH01_0011_FBX	2022-08-07	f	f	[]	[]		0	26	144	4/4	4	0.1	5	2023-07-17	3	1	1	12	19	38	\N	\N	\N	1	0	1
406	Bounce		HH01_0010_FBX	2022-08-07	f	f	[]	[]		0	13	144	4/4	2	0.1	5	2023-07-17	3	1	1	12	19	38	\N	\N	\N	1	0	1
45	The Fencer		PP01_0490_FBX	2022-10-19	f	f	[]	[]		0	40	132	4/4	2	0.6	5	2023-07-10	1	1	1	49	\N	44	\N	\N	\N	1	0	1
278	2-Step Double Hop		BD01_1510_FBX	2022-09-14	f	f	[]	[]		0	105	132	4/4	2	1	5	2023-06-30	2	1	1	2	9	38	\N	\N	50	1	0	1
527	Back Step Turn 90°		HH01_1170_FBX	2022-09-28	f	f	[]	[]		0	77	132	4/4	1	0.3	5	2023-07-17	3	1	1	12	19	38	\N	\N	\N	1	0	1
686	10		HH01_2100_FBX	2022-11-24	f	f	[]	[]		0	17	142	4/4	1	2.14	5	2023-07-17	3	1	1	12	14	38	\N	\N	\N	1	0	1
601	3-Corner-Step | △-Form Back-Front		HH01_1790_FBX	2022-10-12	f	f	[]	[]		0	0	132	4/4	1	0.3	5	2023-07-17	3	1	1	12	\N	38	\N	\N	\N	1	0	1
729	1		HH01_2070_FBX	2022-11-24	f	f	[]	[]		0	20	160	4/4	1	2.5	5	2023-07-17	3	1	1	12	14	38	\N	\N	\N	1	0	1
827	Menu Idle		GM01_0580_1_FBX	2022-11-24	f	t	[]	[]		0	0	132	4/4	1	0.1	5	2023-06-21	8	1	1	27	\N	38	\N	\N	\N	3	0	1
587	3-Corner-Step | ▽-Form Front-Back Double Time		HH01_1660_FBX	2022-10-12	f	f	[]	[]		0	0	132	4/4	1	0.5	5	2023-07-17	3	1	1	12	\N	38	\N	\N	\N	1	0	1
486	Runinng Man Kriss Kross		HH01_0760_FBX	2022-08-07	f	f	[]	[]		0	90	144	4/4	1	2.1	5	2023-07-17	3	1	1	12	31	38	\N	\N	\N	1	0	1
566	Grapevine Cross Front		HH01_1460_FBX	2022-09-28	f	f	[]	[]		0	165	132	4/4	1	0.3	5	2023-07-17	3	1	1	12	19	38	\N	\N	\N	1	0	1
568	Grapevine Turn Backward Close 90°/ 90°		HH01_1480_FBX	2022-10-12	f	f	[]	[]		0	209	132	4/4	1	1.2	5	2023-07-17	3	1	1	12	19	38	\N	\N	\N	1	0	1
828	Menu Idle Transition		GM01_0580_2_FBX	2022-11-24	f	t	[]	[]		0	0	132	4/4	1	0.1	5	2023-06-21	8	1	1	27	\N	38	\N	\N	\N	3	0	1
829	Standing Idle		GM01_0520_3_FBX	2022-11-24	f	t	[]	[]		0	0	132	4/4	1	0.1	5	2023-06-21	8	1	1	27	\N	38	\N	\N	\N	3	0	1
830	T-Pose		GM01_0430_4_FBX	2022-11-24	f	t	[]	[]		0	0	132	4/4	1	0.1	5	2023-06-21	8	1	1	27	\N	38	\N	\N	\N	3	0	1
831	Pack Intro Transition		GM01_0150_5_FBX	2022-11-24	f	t	[]	[]		0	264	132	4/4	1	0.1	5	2023-06-21	8	1	1	27	\N	38	\N	\N	\N	3	0	1
832	Outro Transition		GM01_0530_6_FBX	2022-11-24	f	t	[]	[]		0	265	132	4/4	1	0.1	5	2023-06-21	8	1	1	27	\N	38	\N	\N	\N	3	0	1
896	MenuIdle V1		GM01_0661_FBX	2022-11-24	f	t	[]	[]		0	0	105	4/4	1	0.1	5	2023-06-21	8	1	1	27	\N	38	\N	\N	\N	3	0	1
632	Main Key Side2Side		LK01_0040_FBX	2022-08-25	f	f	[]	[]		0	126	124	4/4	1	0.5	5	2023-06-21	4	1	1	18	39	36	\N	\N	\N	1	0	1
837	Walk Upbeat		LK01_0400_FBX	2023-03-29	f	f	[]	[]		0	33	122	4/4	2	1.8	5	2023-06-21	4	1	1	18	39	36	\N	\N	\N	1	0	1
773	Intro Idle 18		GM01_0180_FBX	2023-01-13	f	t	[]	[]		0	0	132	4/4	1	0	5	2023-04-14	1	1	1	49	23	38	\N	\N	26	1		1
838	Leo Walk V1		LK01_0410_FBX	2023-03-29	f	f	[]	[]		0	61	120	4/4	1	1.6	5	2023-06-21	4	1	1	18	41	36	\N	\N	\N	1	0	1
70	Controller Crew		PP01_0750_FBX	2022-10-19	f	f	[]	[]		0	284	132	4/4	2	0.7	5	2023-07-10	1	1	1	49	32	44	\N	\N	\N	1	0	1
764	Intro Idle 9		GM01_0090_FBX	2023-01-13	f	t	[]	[]		0	0	132	4/4	1	0	5	2023-04-14	1	1	1	49	23	38	\N	\N	26	1		1
839	Leo Walk High Knee		LK01_0420_FBX	2023-03-29	f	f	[]	[]		0	84	119	4/4	1	1.5	5	2023-06-21	4	1	1	18	41	36	\N	\N	\N	1	0	1
211	Cross-Step into Kris Kross Lift-Front		BD01_0840_FBX	2022-08-17	f	f	[]	[]		0	112	151	4/4	1	1	5	2023-06-30	2	1	1	2	9	38	\N	\N	53	1	0	1
265	Cross-Step into Toe-Grab Threat Pull Back / Side2Side		BD01_1380_FBX	2022-09-14	f	f	[]	[]		0	167	132	4/4	1	1	5	2023-06-30	2	1	1	2	9	38	\N	\N	53	1	0	1
279	2-Step Slide (aka ‘The Bart Simpson’)		BD01_1520_FBX	2022-09-14	f	f	[]	[]		0	69	132	4/4	2	1	5	2023-06-30	2	1	1	2	9	38	\N	\N	50	1	0	1
280	2-Step Pull-Back-Slide (aka ‘The Rocker’)		BD01_1530_FBX	2022-09-14	f	f	[]	[]		0	0	132	4/4	2	1	5	2023-06-30	2	1	1	2	9	38	\N	\N	50	1	0	1
840	Rock Steady		LK01_0430_FBX	2023-03-29	f	f	[]	[]		0	75	142	4/4	1	1.7	5	2023-06-21	4	1	1	18	41	36	\N	\N	\N	1	0	1
309	KBC Marching Side2Side Single Back		BD01_1820_FBX	2022-09-21	f	f	[]	[]		0	198	132	4/4	2	1	5	2023-06-30	2	1	1	2	9	38	\N	\N	52	1	0	1
841	Point Up & Out		LK01_0440_FBX	2023-03-29	f	f	[]	[]		0	72	146	4/4	1	1.1	5	2023-06-21	4	1	1	18	35	36	\N	\N	\N	1	0	1
843	Up & Lock		LK01_0460_FBX	2023-03-29	f	f	[]	[]		0	6	137	4/4	1	1	5	2023-06-21	4	1	1	18	36	36	\N	\N	\N	1	0	1
845	Double Lock		LK01_0470_FBX	2023-03-29	f	f	[]	[]		0	58	135	4/4	1	1.5	5	2023-06-21	4	1	1	18	36	36	\N	\N	\N	1	0	1
846	Double Lock V1		LK01_0480_FBX	2023-03-29	f	f	[]	[]		0	141	142	4/4	1	1.8	5	2023-06-21	4	1	1	18	36	36	\N	\N	\N	1	0	1
856	Kill the Roach V1		LK01_0590_FBX	2023-03-29	f	f	[]	[]		0	277	140	4/4	1	1.7	5	2023-06-21	4	1	1	18	37	36	\N	\N	\N	1	0	1
318	KBS Sidestep Side2Side		BD01_1910_FBX	2022-09-21	f	f	[]	[]		0	140	132	4/4	2	1	5	2023-06-30	2	1	1	2	9	38	\N	\N	52	1	0	1
898	MenuIdle V3		GM01_0671_FBX	2022-11-24	f	t	[]	[]		0	0	113	4/4	1	0.1	5	2023-06-21	8	1	1	27	\N	38	\N	\N	\N	3	0	1
88	Finger Bounce		PP01_0940_FBX	2022-10-24	f	f	[]	[]		0	0	144	4/4	1	0	5	2023-07-10	1	1	1	49	\N	44	\N	\N	\N	1	0	1
167	Handstand Turtle Exercise		BD01_0401_FBX	2022-06-04	f	t	[]	[]		0	0	144	4/4	1	1	5	2023-06-30	2	1	1	2	34	38	\N	\N	\N	1	0	1
340	KBC 2-Step Outlaw Double		BD01_2110_FBX	2022-09-21	f	f	[]	[]		0	2	132	4/4	1	1	5	2023-06-30	2	1	1	2	9	38	\N	\N	52	1	0	1
381	MT Apache Kick		BD01_2470_FBX	2022-09-28	f	f	[]	[]		0	0	132	4/4	1	1	5	2023-06-30	2	1	1	2	9	38	\N	\N	51	1	0	1
389	MT Charly Rock		BD01_2550_FBX	2022-09-28	f	f	[]	[]		0	0	132	4/4	1	1	5	2023-06-30	2	1	1	2	9	38	\N	\N	51	1	0	1
398	MT Shuffle		BD01_2640_FBX	2022-09-28	f	f	[]	[]		0	0	132	4/4	1	1	5	2023-06-30	2	1	1	2	9	38	\N	\N	51	1	0	1
400	MT Breed Single		BD01_2660_FBX	2022-09-28	f	f	[]	[]		0	0	132	4/4	1	1	5	2023-06-30	2	1	1	2	9	38	\N	\N	51	1	0	1
401	MT Breed Double		BD01_2670_FBX	2022-09-28	f	f	[]	[]		0	0	132	4/4	1	1	5	2023-06-30	2	1	1	2	9	38	\N	\N	51	1	0	1
862	Front Step Cross Front		BD01_9070_FBX	2022-09-28	f	f	[]	[]		0	136	132	4/4	1	0.5	5	2023-06-30	2	1	1	2	9	38	\N	\N	50	3	0	1
863	Front Step Cross Back		BD01_9080_FBX	2022-09-28	f	f	[]	[]		0	73	132	4/4	1	0.9	5	2023-06-30	2	1	1	2	9	38	\N	\N	50	3	0	1
864	Front Step Turn 90° Turn Back 360°		BD01_9110_FBX	2022-09-28	f	f	[]	[]		0	211	132	4/4	1	1.8	5	2023-06-30	2	1	1	2	9	38	\N	\N	50	3	0	1
865	Back Step Cross Back		BD01_9150_FBX	2022-09-28	f	f	[]	[]		0	161	132	4/4	1	0.5	5	2023-06-30	2	1	1	2	9	38	\N	\N	50	3	0	1
866	Back Step Cross Front		BD01_9160_FBX	2022-09-28	f	f	[]	[]		0	214	132	4/4	1	0.5	5	2023-06-30	2	1	1	2	9	38	\N	\N	50	3	0	1
89	The Man in Black		PP01_0950_FBX	2022-10-24	f	f	[]	[]		0	0	144	4/4	1	0	5	2023-07-10	1	1	1	49	\N	44	\N	\N	\N	1	0	1
787	Outro Idle 4		GM01_0320_FBX	2023-01-13	f	t	[]	[]		0	0	132	4/4	1	0	5	2023-04-14	1	1	1	49	23	38	\N	\N	24	1		1
833	Carry Up V1		LK01_0370_FBX	2023-03-29	f	f	[]	[]		0	1	123	4/4	1	1.5	5	2023-06-21	4	1	1	18	39	36	\N	\N	\N	1	0	1
834	Carry Up Exercise		LK01_0380_FBX	2023-03-29	f	f	[]	[]		0	460	123	4/4	1	1	5	2023-06-21	4	1	1	18	39	36	\N	\N	\N	1	0	1
857	Side Step Cross Back Turn Front 90° (In-&-Out)		BD01_9010_FBX	2022-09-28	f	f	[]	[]		0	200	132	4/4	1	0.4	5	2023-06-30	2	1	1	2	9	38	\N	\N	50	3	0	1
847	Back & Forward Lock		LK01_0490_FBX	2023-03-29	f	f	[]	[]		0	19	134	4/4	1	1.6	5	2023-06-21	4	1	1	18	36	36	\N	\N	\N	1	0	1
848	Back & Forward Lock V1		LK01_0491_FBX	2023-03-29	f	f	[]	[]		0	42	136	4/4	1	1.5	5	2023-06-21	4	1	1	18	36	36	\N	\N	\N	1	0	1
849	Double Lock V2		LK01_0500_FBX	2023-03-29	f	f	[]	[]		0	7	137	4/4	1	1.7	5	2023-06-21	4	1	1	18	36	36	\N	\N	\N	1	0	1
850	Carry Up V4 Magic 3		LK01_0521_FBX	2023-03-29	f	f	[]	[]		0	246	138	4/4	1	1.5	5	2023-06-21	4	1	1	18	39	36	\N	\N	\N	1	0	1
855	Goalkeeper		LK01_0580_FBX	2023-03-29	f	f	[]	[]		0	28	150	4/4	1	1.5	5	2023-06-21	4	1	1	18	37	36	\N	\N	\N	1	0	1
560	Step Touch Cross Back Lift	singles (side, front, back) + combo	HH01_1400_FBX	2022-09-28	f	t	[]	[]		0	1567	132	4/4	1	0.5	5	2023-07-17	3	1	1	12	19	38	\N	\N	\N	1	0	1
858	Front Step		BD01_9030_FBX	2022-08-07	f	f	[]	[]		0	121	144	4/4	1	0.2	5	2023-06-30	2	1	1	2	9	38	\N	\N	50	3	0	1
859	Back Step		BD01_9031_FBX	2022-08-07	f	f	[]	[]		0	10	144	4/4	1	0.2	5	2023-06-30	2	1	1	2	9	38	\N	\N	50	3	0	1
860	Side Step		BD01_9032_FBX	2022-08-07	f	f	[]	[]		0	8	144	4/4	1	0.2	5	2023-06-30	2	1	1	2	9	38	\N	\N	50	3	0	1
861	Front Step Side2Side Double		BD01_9050_FBX	2022-09-28	f	f	[]	[]		0	224	132	4/4	1	0.4	5	2023-06-30	2	1	1	2	9	38	\N	\N	50	3	0	1
871	Kick Ball Change Side Magic 3		BD01_9320_FBX	2022-08-07	f	f	[]	[]		0	11	144	4/4	1	1.5	5	2023-06-30	2	1	1	2	9	38	\N	\N	52	3	0	1
872	Cross Over Shuffle		BD01_9330_FBX	2022-08-07	f	f	[]	[]		0	14	144	4/4	1	1.8	5	2023-06-30	2	1	1	2	9	38	\N	\N	50	3	0	1
873	Kick Ball Change Back Diagonal Back		BD01_9340_FBX	2022-08-07	f	f	[]	[]		0	12	144	4/4	1	1.5	5	2023-06-30	2	1	1	2	9	38	\N	\N	52	3	0	1
875	Kick Ball Change Front Side		BD01_9360_FBX	2022-08-07	f	f	[]	[]		0	15	144	4/4	1	1.6	5	2023-06-30	2	1	1	2	9	38	\N	\N	52	3	0	1
876	Kick Ball Change Jump Cross 		BD01_9370_FBX	2022-08-07	f	f	[]	[]		0	14	144	4/4	1	2	5	2023-06-30	2	1	1	2	9	38	\N	\N	52	3	0	1
877	Cross Over Shuffle Mambo		BD01_9380_FBX	2022-08-07	f	f	[]	[]		0	13	144	4/4	1	2.3	5	2023-06-30	2	1	1	2	9	38	\N	\N	50	3	0	1
878	Cross Over Shuffle Spin Jump		BD01_9390_FBX	2022-08-07	f	f	[]	[]		0	62	144	4/4	1	2.4	5	2023-06-30	2	1	1	2	9	38	\N	\N	50	3	0	1
879	Kick Ball Change Side Mambo		BD01_9410_FBX	2022-08-07	f	f	[]	[]		0	251	144	4/4	1	2.1	5	2023-06-30	2	1	1	2	9	38	\N	\N	52	3	0	1
880	Waiting Step 		BD01_9420_FBX	2022-08-07	f	f	[]	[]		0	92	144	4/4	1	1.3	5	2023-06-30	2	1	1	2	9	38	\N	\N	52	3	0	1
881	Cross Over Shuffle Roger Rabbit		BD01_9430_FBX	2022-08-07	f	f	[]	[]		0	10	144	4/4	1	2.9	5	2023-06-30	2	1	1	2	9	38	\N	\N	50	3	0	1
882	Indian Step		BD01_9550_FBX	2022-08-07	f	f	[]	[]		0	18	144	4/4	1	1	5	2023-06-30	2	1	1	2	9	38	\N	\N	50	3	0	1
883	Indian Step Turn Jump		BD01_9560_FBX	2022-08-07	f	f	[]	[]		0	313	144	4/4	1	2.6	5	2023-06-30	2	1	1	2	9	38	\N	\N	50	3	0	1
884	Indian Step Kicked 		BD01_9580_FBX	2022-08-07	f	f	[]	[]		0	82	144	4/4	2	1.8	5	2023-06-30	2	1	1	2	9	38	\N	\N	52	3	0	1
885	Back Step Diagonal		BD01_9591_FBX	2022-08-07	f	f	[]	[]		0	40	144	4/4	2	0.3	5	2023-06-30	2	1	1	2	9	38	\N	\N	50	3	0	1
886	Outlaw		BD01_9600_FBX	2022-08-07	f	f	[]	[]		0	86	144	4/4	2	0.3	5	2023-06-30	2	1	1	2	9	38	\N	\N	52	3	0	1
887	Side Step Double		BD01_9960_FBX	2022-09-28	f	f	[]	[]		0	164	132	4/4	1	0.2	5	2023-06-30	2	1	1	2	9	38	\N	\N	50	3	0	1
888	Side Step Cross Front		BD01_9980_FBX	2022-09-28	f	f	[]	[]		0	157	132	4/4	1	0.9	5	2023-06-30	2	1	1	2	9	38	\N	\N	50	3	0	1
889	Side Step Cross Back		BD01_9990_FBX	2022-09-28	f	f	[]	[]		0	72	132	4/4	1	0.9	5	2023-06-30	2	1	1	2	9	38	\N	\N	50	3	0	1
448	Kick Ball Change Twist 		HH01_0400_FBX	2022-08-07	f	f	[]	[]		0	121	144	4/4	1	2	5	2023-07-17	3	1	1	12	31	38	\N	\N	\N	1	0	1
141	Headstand Headspin Exercise	Headstand Headspin Exercise	BD01_0210_FBX	2022-06-04	f	t	[]	[]		0	0	144	4/4	1	1	5	2023-06-30	2	1	1	2	3	38	\N	\N	4	1	0	1
919	Climbers		WO01_0190_FBX	2023-04-20	f	f	[]	[]		0	0	178	4/4	1	0.52	5	2023-05-05	9	1	54	55	\N	38	\N	\N	\N	3	0	1
923	March Steps		WO01_0230_FBX	2023-04-20	f	f	[]	[]		0	0	178	4/4	1	0.6	5	2023-04-25	9	1	54	55	\N	38	\N	\N	\N	3		1
924	Lunge Step-Ups		WO01_0240_FBX	2023-04-20	f	f	[]	[]		0	0	178	4/4	1	0.62	5	2023-04-25	9	1	54	55	\N	38	\N	\N	\N	3		1
769	Intro Idle 14		GM01_0140_FBX	2023-01-13	f	t	[]	[]		0	0	132	4/4	1	0	5	2023-04-14	1	1	1	49	23	38	\N	\N	26	1		1
905	Punches		WO01_0050_FBX	2023-04-20	f	f	[]	[]		0	0	177	4/4	2	0.2	5	2023-06-28	9	1	54	55	\N	44	\N	\N	\N	3	0	1
215	Cross-Step into Smash It Front Step Back		BD01_0880_FBX	2022-08-17	f	f	[]	[]		0	158	151	4/4	1	1	5	2023-06-30	2	1	1	2	9	38	\N	\N	53	1	0	1
906	Plank Rotations NG		WO01_0060_FBX	2023-04-20	f	f	[]	[]		0	0	177	4/4	1	0.26	5	2023-06-28	9	1	54	55	\N	44	\N	\N	\N	3	0	1
907	Side Leg Raises		WO01_0070_FBX	2023-04-20	f	f	[]	[]		0	135	177	4/4	2	0.28	5	2023-06-28	9	1	54	55	\N	44	\N	\N	\N	3	0	1
908	Raised Arm Circles Fast Forward		WO01_0080_FBX	2023-04-20	f	f	[]	[]		0	0	177	4/4	4	0.3	5	2023-06-28	9	1	54	55	\N	44	\N	\N	\N	3	0	1
910	Arm Scissors		WO01_0100_FBX	2023-04-20	f	f	[]	[]		0	0	184	4/4	2	0.34	5	2023-06-28	9	1	54	55	\N	44	\N	\N	\N	3	0	1
912	Raised Arm Circles Variations Forward		WO01_0120_FBX	2023-04-20	f	f	[]	[]		0	0	224	4/4	1	0.38	5	2023-06-28	9	1	54	55	\N	44	\N	\N	\N	3	0	1
913	Biceps Extensions Front		WO01_0130_FBX	2023-04-20	f	f	[]	[]		0	0	177	4/4	2	0.4	5	2023-06-28	9	1	54	55	\N	44	\N	\N	\N	3	0	1
914	Biceps Extensions Side		WO01_0140_FBX	2023-04-20	f	f	[]	[]		0	88	178	4/4	2	0.42	5	2023-06-28	9	1	54	55	\N	44	\N	\N	\N	3	0	1
916	March Jacks		WO01_0160_FBX	2023-04-20	f	f	[]	[]		0	0	185	4/4	2	0.46	5	2023-06-28	9	1	54	55	\N	44	\N	\N	\N	3	0	1
917	Alt Chest Expansions		WO01_0170_FBX	2023-04-20	f	f	[]	[]		0	0	177	4/4	2	0.48	5	2023-06-28	9	1	54	55	\N	44	\N	\N	\N	3	0	1
918	Chest Expansions		WO01_0180_FBX	2023-04-20	f	f	[]	[]		0	0	177	4/4	2	0.5	5	2023-06-28	9	1	54	55	\N	44	\N	\N	\N	3	0	1
920	Plank Kicks		WO01_0200_FBX	2023-04-20	f	f	[]	[]		0	0	178	4/4	2	0.54	5	2023-06-28	9	1	54	55	\N	44	\N	\N	\N	3	0	1
921	Plank Leg Swings		WO01_0210_FBX	2023-04-20	f	f	[]	[]		0	0	178	4/4	4	0.56	5	2023-06-28	9	1	54	55	\N	44	\N	\N	\N	3	0	1
922	Knee Push-Ups		WO01_0220_FBX	2023-04-20	f	f	[]	[]		0	0	180	4/4	2	0.58	5	2023-06-28	9	1	54	55	\N	44	\N	\N	\N	3	0	1
926	Side Lunges		WO01_0260_FBX	2023-04-20	f	f	[]	[]		0	0	182	4/4	1	0.66	5	2023-06-28	9	1	54	55	\N	44	\N	\N	\N	3	0	1
927	Climber Taps		WO01_0270_FBX	2023-04-20	f	f	[]	[]		0	0	178	4/4	2	0.68	5	2023-06-28	9	1	54	55	\N	44	\N	\N	\N	3	0	1
928	Shoulder Taps		WO01_0280_FBX	2023-04-20	f	f	[]	[]		0	0	177	4/4	2	0.7	5	2023-06-28	9	1	54	55	\N	44	\N	\N	\N	3	0	1
929	Squats		WO01_0290_FBX	2023-04-20	f	f	[]	[]		0	0	175	4/4	2	0.72	5	2023-06-28	9	1	54	55	\N	44	\N	\N	\N	3	0	1
209	Cross-Step into Cross Around / Diagonal Turn		BD01_0820_FBX	2022-08-17	f	f	[]	[]		0	47	151	4/4	1	1	5	2023-06-30	2	1	1	2	9	38	\N	\N	53	1	0	1
897	MenuIdle V2		GM01_0670_FBX	2022-11-24	f	t	[]	[]		0	0	140	4/4	1	0.1	5	2023-06-21	8	1	1	27	\N	38	\N	\N	\N	3	0	1
899	MenuIdle V4		GM01_0672_FBX	2022-11-24	f	t	[]	[]		0	0	192	4/4	1	0.1	5	2023-06-21	8	1	1	27	\N	38	\N	\N	\N	3	0	1
900	MenuIdle V5		GM01_0690_FBX	2022-11-24	f	t	[]	[]		0	0	143	4/4	1	0.1	5	2023-06-21	8	1	1	27	\N	38	\N	\N	\N	3	0	1
238	Cross-Step into Sling-Sling (aka The Argentinian Tango)		BD01_1110_FBX	2022-08-17	f	f	[]	[]		0	186	151	4/4	1	1	5	2023-06-30	2	1	1	2	9	38	\N	\N	53	1	0	1
315	KBC Sidestep Side2Side (Original Salsa Step)		BD01_1880_FBX	2022-09-21	f	t	[]	[]		0	76	132	4/4	1	1	5	2023-06-30	2	1	1	2	9	38	\N	\N	52	1	0	1
335	KBC Backstep Cross Front		BD01_2060_FBX	2022-09-21	f	f	[]	[]		0	25	132	4/4	1	1	5	2023-06-30	2	1	1	2	9	38	\N	\N	52	1	0	1
358	MT Slap Jack Side2Side		BD01_2250_FBX	2022-09-28	f	f	[]	[]		0	0	132	4/4	1	1	5	2023-06-30	2	1	1	2	9	38	\N	\N	51	1	0	1
367	MT Turn 360° Step-Back		BD01_2330_FBX	2022-09-28	f	f	[]	[]		0	0	132	4/4	1	1	5	2023-06-30	2	1	1	2	9	38	\N	\N	51	1	0	1
402	MT Toe-Tap Back		BD01_2680_FBX	2022-09-28	f	f	[]	[]		0	0	132	4/4	1	1	5	2023-06-30	2	1	1	2	9	38	\N	\N	51	1	0	1
405	MT Thinking Man		BD01_2710_FBX	2022-09-28	f	f	[]	[]		0	0	132	4/4	1	1	5	2023-06-30	2	1	1	2	9	38	\N	\N	51	1	0	1
902	Plank Leg Raises		WO01_0020_FBX	2023-04-20	f	f	[]	[]		0	0	178	4/4	1	0.2	5	2023-06-28	9	1	54	55	\N	44	\N	\N	\N	3	0	1
915	Jumping Jacks Fast		WO01_0151_FBX	2023-04-20	f	f	[]	[]		0	0	140	4/4	3	0.44	5	2023-06-28	9	1	54	55	\N	44	\N	\N	\N	3	0	61
904	Wide Push-Ups		WO01_0040_FBX	2023-04-20	f	f	[]	[]		0	0	177	4/4	2	0.2	5	2023-06-28	9	1	54	55	\N	44	\N	\N	\N	3	0	1
968	Lunge Punches		WO01_0680_FBX	2023-04-20	f	f	[]	[]		0	0	178	4/4	1	1.5	5	2023-04-25	9	1	54	55	\N	38	\N	\N	\N	3		1
931	Balance Hold Knee Front		WO01_0310_FBX	2023-04-20	f	f	[]	[]		0	0	177	4/4	1	0.76	5	2023-06-28	9	1	54	55	\N	44	\N	\N	\N	3	0	1
932	Balance Hold Leg Side		WO01_0320_FBX	2023-04-20	f	f	[]	[]		0	0	177	4/4	1	0.78	5	2023-06-28	9	1	54	55	\N	44	\N	\N	\N	3	0	1
933	Balance Hold Scale		WO01_0330_FBX	2023-04-20	f	f	[]	[]		0	0	177	4/4	1	0.8	5	2023-06-28	9	1	54	55	\N	44	\N	\N	\N	3	0	1
934	Butt Kicks		WO01_0340_FBX	2023-04-20	f	f	[]	[]		0	0	177	4/4	4	0.82	5	2023-06-28	9	1	54	55	\N	44	\N	\N	\N	3	0	1
935	Torso Twist		WO01_0350_FBX	2023-04-20	f	f	[]	[]		0	0	202	4/4	2	0.84	5	2023-06-28	9	1	54	55	\N	44	\N	\N	\N	3	0	1
936	Torso Twist Variation		WO01_0360_FBX	2023-04-20	f	f	[]	[]		0	0	178	4/4	1	0.86	5	2023-06-28	9	1	54	55	\N	44	\N	\N	\N	3	0	1
937	Calves Raises		WO01_0370_FBX	2023-04-20	f	f	[]	[]		0	0	190	4/4	2	0.88	5	2023-06-28	9	1	54	55	\N	44	\N	\N	\N	3	0	1
938	Half Jacks		WO01_0380_FBX	2023-04-20	f	f	[]	[]		0	68	171	4/4	4	0.9	5	2023-06-28	9	1	54	55	\N	44	\N	\N	\N	3	0	1
939	High Knees		WO01_0390_FBX	2023-04-20	f	f	[]	[]		0	0	178	4/4	4	0.92	5	2023-06-28	9	1	54	55	\N	44	\N	\N	\N	3	0	1
940	Side Plank Hold		WO01_0400_FBX	2023-04-20	f	f	[]	[]		0	0	177	4/4	1	0.94	5	2023-06-28	9	1	54	55	\N	44	\N	\N	\N	3	0	1
941	Straight Punches		WO01_0410_FBX	2023-04-20	f	f	[]	[]		0	0	182	4/4	4	0.96	5	2023-06-28	9	1	54	55	\N	44	\N	\N	\N	3	0	1
942	Front Kicks		WO01_0420_FBX	2023-04-20	f	f	[]	[]		0	0	190	4/4	2	0.98	5	2023-06-28	9	1	54	55	\N	44	\N	\N	\N	3	0	1
943	Deep Squat		WO01_0430_FBX	2023-04-20	f	f	[]	[]		0	0	178	4/4	1	1	5	2023-06-28	9	1	54	55	\N	44	\N	\N	\N	3	0	1
944	Breath Exercvise Arms Up		WO01_0440_FBX	2023-04-20	f	f	[]	[]		0	0	219	4/4	1	1.02	5	2023-06-28	9	1	54	55	\N	44	\N	\N	\N	3	0	1
945	Breath Exercvise Arm Raises Side		WO01_0450_FBX	2023-04-20	f	f	[]	[]		0	0	177	4/4	2	1.04	5	2023-06-28	9	1	54	55	\N	44	\N	\N	\N	3	0	1
946	Shoulder Stretches		WO01_0460_FBX	2023-04-20	f	f	[]	[]		0	0	177	4/4	1	1.06	5	2023-06-28	9	1	54	55	\N	44	\N	\N	\N	3	0	1
947	Step Jacks		WO01_0470_FBX	2023-04-20	f	f	[]	[]		0	0	178	4/4	1	1.08	5	2023-06-28	9	1	54	55	\N	44	\N	\N	\N	3	0	1
948	Squat Step Backs		WO01_0480_FBX	2023-04-20	f	f	[]	[]		0	0	178	4/4	1	1.1	5	2023-06-28	9	1	54	55	\N	44	\N	\N	\N	3	0	1
950	Hip Rotation		WO01_0500_FBX	2023-04-20	f	f	[]	[]		0	0	171	4/4	1	1.14	5	2023-06-28	9	1	54	55	\N	44	\N	\N	\N	3	0	1
951	Side Jacks		WO01_0510_FBX	2023-04-20	f	f	[]	[]		0	0	182	4/4	1	1.16	5	2023-06-28	9	1	54	55	\N	44	\N	\N	\N	3	0	1
953	Bounce on the Spot		WO01_0530_FBX	2023-04-20	f	f	[]	[]		0	0	178	4/4	1	1.2	5	2023-06-28	9	1	54	55	\N	44	\N	\N	\N	3	0	1
954	Bounce & Squat		WO01_0540_FBX	2023-04-20	f	f	[]	[]		0	0	225	4/4	1	1.22	5	2023-06-28	9	1	54	55	\N	44	\N	\N	\N	3	0	1
955	Squat & Jab & Cross		WO01_0550_FBX	2023-04-20	f	f	[]	[]		0	0	178	4/4	1	1.24	5	2023-06-28	9	1	54	55	\N	44	\N	\N	\N	3	0	1
956	Seal Jacks		WO01_0560_FBX	2023-04-20	f	f	[]	[]		0	0	149	4/4	1	1.26	5	2023-06-28	9	1	54	55	\N	44	\N	\N	\N	3	0	1
957	Basic Burpees		WO01_0570_FBX	2023-04-20	f	f	[]	[]		0	0	169	4/4	1	1.28	5	2023-06-28	9	1	54	55	\N	44	\N	\N	\N	3	0	1
958	Forward Linges		WO01_0580_FBX	2023-04-20	f	f	[]	[]		0	0	178	4/4	1	1.3	5	2023-06-28	9	1	54	55	\N	44	\N	\N	\N	3	0	1
959	Bridges		WO01_0590_FBX	2023-04-20	f	f	[]	[]		0	0	112	4/4	1	1.32	5	2023-06-28	9	1	54	55	\N	44	\N	\N	\N	3	0	1
960	Heel Taps		WO01_0600_FBX	2023-04-20	f	f	[]	[]		0	0	228	4/4	1	1.34	5	2023-06-28	9	1	54	55	\N	44	\N	\N	\N	3	0	1
961	Flutter Kicks		WO01_0610_FBX	2023-04-20	f	f	[]	[]		0	0	185	4/4	1	1.36	5	2023-06-28	9	1	54	55	\N	44	\N	\N	\N	3	0	1
962	Scissors Chop		WO01_0620_FBX	2023-04-20	f	f	[]	[]		0	0	184	4/4	1	1.38	5	2023-06-28	9	1	54	55	\N	44	\N	\N	\N	3	0	1
965	Lunge Stretches		WO01_0650_FBX	2023-04-20	f	f	[]	[]		0	0	178	4/4	1	1.44	5	2023-06-28	9	1	54	55	\N	44	\N	\N	\N	3	0	1
966	Leg Raises		WO01_0660_FBX	2023-04-20	f	f	[]	[]		0	0	215	4/4	1	1.46	5	2023-06-28	9	1	54	55	\N	44	\N	\N	\N	3	0	1
969	Deadlift & Twist		WO01_0690_FBX	2023-04-20	f	f	[]	[]		0	0	178	4/4	1	1.52	5	2023-06-28	9	1	54	55	\N	44	\N	\N	\N	3	0	1
970	Slow Climbers		WO01_0700_FBX	2023-04-20	f	f	[]	[]		0	0	172	4/4	1	1.54	5	2023-06-28	9	1	54	55	\N	44	\N	\N	\N	3	0	1
967	Back Extensions		WO01_0670_FBX	2023-04-20	f	f	[]	[]		0	0	178	4/4	1	1.48	5	2023-06-28	9	1	54	55	\N	44	\N	\N	\N	3	0	1
973	Sitting Punches		WO01_0730_FBX	2023-04-20	f	f	[]	[]		0	0	178	4/4	1	1.6	5	2023-04-25	9	1	54	55	\N	38	\N	\N	\N	3		1
975	Twists		WO01_0750_FBX	2023-04-20	f	f	[]	[]		0	0	227	4/4	1	1.64	5	2023-06-28	9	1	54	55	\N	44	\N	\N	\N	3	0	1
976	Knee to Elbow		WO01_0760_FBX	2023-04-20	f	f	[]	[]		0	0	259	4/4	1	1.66	5	2023-06-28	9	1	54	55	\N	44	\N	\N	\N	3	0	1
977	Side Bends		WO01_0770_FBX	2023-04-20	f	f	[]	[]		0	0	178	4/4	1	1.68	5	2023-06-28	9	1	54	55	\N	44	\N	\N	\N	3	0	1
978	Hollow Hold		WO01_0780_FBX	2023-04-20	f	f	[]	[]		0	0	250	4/4	1	1.7	5	2023-06-28	9	1	54	55	\N	44	\N	\N	\N	3	0	1
979	Bridge Hold		WO01_0790_FBX	2023-04-20	f	f	[]	[]		0	0	260	4/4	1	1.72	5	2023-06-28	9	1	54	55	\N	44	\N	\N	\N	3	0	1
980	Stretch Hold		WO01_0800_FBX	2023-04-20	f	f	[]	[]		0	0	178	4/4	1	1.74	5	2023-06-28	9	1	54	55	\N	44	\N	\N	\N	3	0	1
981	Knight Steps		WO01_0810_FBX	2023-04-20	f	f	[]	[]		0	0	178	4/4	1	1.76	5	2023-06-28	9	1	54	55	\N	44	\N	\N	\N	3	0	1
982	Side to Side Lunges		WO01_0820_FBX	2023-04-20	f	f	[]	[]		0	0	178	4/4	1	1.78	5	2023-06-28	9	1	54	55	\N	44	\N	\N	\N	3	0	1
983	Squat Hold		WO01_0830_FBX	2023-04-20	f	f	[]	[]		0	0	177	4/4	1	1.8	5	2023-06-28	9	1	54	55	\N	44	\N	\N	\N	3	0	1
984	Folded Squat Hold		WO01_0840_FBX	2023-04-20	f	f	[]	[]		0	0	178	4/4	1	1.82	5	2023-06-28	9	1	54	55	\N	44	\N	\N	\N	3	0	1
985	Elbow Clicks		WO01_0850_FBX	2023-04-20	f	f	[]	[]		0	0	178	4/4	1	1.84	5	2023-06-28	9	1	54	55	\N	44	\N	\N	\N	3	0	1
986	Knee Rolls		WO01_0860_FBX	2023-04-20	f	f	[]	[]		0	0	345	4/4	1	1.86	5	2023-06-28	9	1	54	55	\N	44	\N	\N	\N	3	0	1
987	W-Extensions		WO01_0870_FBX	2023-04-20	f	f	[]	[]		0	0	349	4/4	1	1.88	5	2023-06-28	9	1	54	55	\N	44	\N	\N	\N	3	0	1
988	Reverse Angels		WO01_0880_FBX	2023-04-20	f	f	[]	[]		0	0	182	4/4	1	1.9	5	2023-06-28	9	1	54	55	\N	44	\N	\N	\N	3	0	1
989	Push-Up Plank Hold		WO01_0890_FBX	2023-04-20	f	f	[]	[]		0	0	178	4/4	1	1.92	5	2023-06-28	9	1	54	55	\N	44	\N	\N	\N	3	0	1
990	Side Leg Raises NG		WO01_0900_FBX	2023-04-20	f	f	[]	[]		0	0	178	4/4	1	1.94	5	2023-06-28	9	1	54	55	\N	44	\N	\N	\N	3	0	1
992	Single Leg Bridges		WO01_0920_FBX	2023-04-20	f	f	[]	[]		0	0	256	4/4	1	1.98	5	2023-06-28	9	1	54	55	\N	44	\N	\N	\N	3	0	1
993	Get-Ups		WO01_0930_FBX	2023-04-20	f	f	[]	[]		0	0	252	4/4	1	2	5	2023-06-28	9	1	54	55	\N	44	\N	\N	\N	3	0	1
994	Goblet Squats		WO01_0940_FBX	2023-04-20	f	f	[]	[]		0	0	178	4/4	1	2.02	5	2023-06-28	9	1	54	55	\N	44	\N	\N	\N	3	0	1
996	Reverse Crunches		WO01_0960_FBX	2023-04-20	f	f	[]	[]		0	0	178	4/4	1	2.06	5	2023-06-28	9	1	54	55	\N	44	\N	\N	\N	3	0	1
997	Plank Rolls		WO01_0970_FBX	2023-04-20	f	f	[]	[]		0	0	123	4/4	1	2.08	5	2023-06-28	9	1	54	55	\N	44	\N	\N	\N	3	0	1
998	Seagulls		WO01_0980_FBX	2023-04-20	f	f	[]	[]		0	0	263	4/4	1	2.1	5	2023-06-28	9	1	54	55	\N	44	\N	\N	\N	3	0	1
999	Bodysaw		WO01_0990_FBX	2023-04-20	f	f	[]	[]		0	0	236	4/4	1	2.12	5	2023-06-28	9	1	54	55	\N	44	\N	\N	\N	3	0	1
1000	Side-to-Side Hops		WO01_1000_FBX	2023-04-20	f	f	[]	[]		0	0	148	4/4	1	2.14	5	2023-06-28	9	1	54	55	\N	44	\N	\N	\N	3	0	1
1001	Hops on the Spot		WO01_1010_FBX	2023-04-20	f	f	[]	[]		0	0	101	4/4	1	2.16	5	2023-06-28	9	1	54	55	\N	44	\N	\N	\N	3	0	1
1002	Side Leg Extensions		WO01_1020_FBX	2023-04-20	f	f	[]	[]		0	0	178	4/4	1	2.18	5	2023-06-28	9	1	54	55	\N	44	\N	\N	\N	3	0	1
1003	Glute Flex		WO01_1030_FBX	2023-04-20	f	f	[]	[]		0	0	178	4/4	1	2.2	5	2023-06-28	9	1	54	55	\N	44	\N	\N	\N	3	0	1
1004	Scorpion Twists		WO01_1040_FBX	2023-04-20	f	f	[]	[]		0	0	178	4/4	1	2.22	5	2023-06-28	9	1	54	55	\N	44	\N	\N	\N	3	0	1
1005	Hooks		WO01_1050_FBX	2023-04-20	f	f	[]	[]		0	0	178	4/4	1	2.24	5	2023-06-28	9	1	54	55	\N	44	\N	\N	\N	3	0	1
1006	Jab & Cross		WO01_1060_FBX	2023-04-20	f	f	[]	[]		0	0	178	4/4	1	2.26	5	2023-06-28	9	1	54	55	\N	44	\N	\N	\N	3	0	1
1007	Jab & Jab & Hook		WO01_1070_FBX	2023-04-20	f	f	[]	[]		0	0	178	4/4	1	2.28	5	2023-06-28	9	1	54	55	\N	44	\N	\N	\N	3	0	1
1009	Uppercuts		WO01_1090_FBX	2023-04-20	f	f	[]	[]		0	0	178	4/4	1	2.32	5	2023-06-28	9	1	54	55	\N	44	\N	\N	\N	3	0	1
1010	Plank Back Kicks		WO01_1100_FBX	2023-04-20	f	f	[]	[]		0	0	178	4/4	1	2.34	5	2023-06-28	9	1	54	55	\N	44	\N	\N	\N	3	0	1
1011	Crunch Kicks		WO01_1110_FBX	2023-04-20	f	f	[]	[]		0	0	178	4/4	1	2.36	5	2023-06-28	9	1	54	55	\N	44	\N	\N	\N	3	0	1
1012	Single Hip Rotations		WO01_1120_FBX	2023-04-20	f	f	[]	[]		0	0	178	4/4	1	2.38	5	2023-06-28	9	1	54	55	\N	44	\N	\N	\N	3	0	1
1019	Plank Jacks		WO01_1190_FBX	2023-04-20	f	f	[]	[]		0	0	178	4/4	1	2.52	5	2023-06-28	9	1	54	55	\N	44	\N	\N	\N	3	0	1
1020	Bicycle Crunches		WO01_1200_FBX	2023-04-20	f	f	[]	[]		0	0	178	4/4	1	2.54	5	2023-06-28	9	1	54	55	\N	44	\N	\N	\N	3	0	1
1017	Jump Knee Tuck		WO01_1170_FBX	2023-04-20	f	f	[]	[]		0	0	178	4/4	1	2.48	5	2023-06-28	9	1	54	55	\N	44	\N	\N	\N	3	0	1
1018	Alt Arm / Leg Raises		WO01_1180_FBX	2023-04-20	f	f	[]	[]		0	0	178	4/4	1	2.5	5	2023-06-28	9	1	54	55	\N	44	\N	\N	\N	3	0	1
1021	Knee-In Extensions		WO01_1210_FBX	2023-04-20	f	f	[]	[]		0	0	178	4/4	1	2.56	5	2023-06-28	9	1	54	55	\N	44	\N	\N	\N	3	0	1
1022	Air Bike Crunches		WO01_1220_FBX	2023-04-20	f	f	[]	[]		0	0	178	4/4	1	2.58	5	2023-06-28	9	1	54	55	\N	44	\N	\N	\N	3	0	1
1023	Crunches		WO01_1230_FBX	2023-04-20	f	f	[]	[]		0	0	178	4/4	1	2.6	5	2023-06-28	9	1	54	55	\N	44	\N	\N	\N	3	0	1
1024	Judo Push Up		WO01_1240_FBX	2023-04-20	f	f	[]	[]		0	0	178	4/4	1	2.62	5	2023-06-28	9	1	54	55	\N	44	\N	\N	\N	3	0	1
1026	Diamond (Close Grip) Push-Ups		WO01_1260_FBX	2023-04-20	f	f	[]	[]		0	0	178	4/4	1	2.66	5	2023-06-28	9	1	54	55	\N	44	\N	\N	\N	3	0	1
1027	Archer Push-Ups		WO01_1270_FBX	2023-04-20	f	f	[]	[]		0	0	178	4/4	1	2.68	5	2023-06-28	9	1	54	55	\N	44	\N	\N	\N	3	0	1
1028	One Handed Push-Ups		WO01_1280_FBX	2023-04-20	f	f	[]	[]		0	0	178	4/4	1	2.7	5	2023-06-28	9	1	54	55	\N	44	\N	\N	\N	3	0	1
1029	Wrist Pushes		WO01_1290_FBX	2023-04-20	f	f	[]	[]		0	0	178	4/4	1	2.72	5	2023-06-28	9	1	54	55	\N	44	\N	\N	\N	3	0	1
1030	Knee Strike & Elbow Strike		WO01_1300_FBX	2023-04-20	f	f	[]	[]		0	0	178	4/4	1	2.74	5	2023-06-28	9	1	54	55	\N	44	\N	\N	\N	3	0	1
1031	Toe Tap Hops		WO01_1310_FBX	2023-04-20	f	f	[]	[]		0	0	178	4/4	1	2.76	5	2023-06-28	9	1	54	55	\N	44	\N	\N	\N	3	0	1
1032	Elbow Plank		WO01_1320_FBX	2023-04-20	f	f	[]	[]		0	0	178	4/4	1	2.78	5	2023-06-28	9	1	54	55	\N	44	\N	\N	\N	3	0	1
1033	Sidekick Hold		WO01_1330_FBX	2023-04-20	f	f	[]	[]		0	0	178	4/4	1	2.8	5	2023-06-28	9	1	54	55	\N	44	\N	\N	\N	3	0	1
1034	Front Kick Hold		WO01_1340_FBX	2023-04-20	f	f	[]	[]		0	0	178	4/4	1	2.82	5	2023-06-28	9	1	54	55	\N	44	\N	\N	\N	3	0	1
1035	Raised Knee Hold		WO01_1350_FBX	2023-04-20	f	f	[]	[]		0	0	178	4/4	1	2.84	5	2023-06-28	9	1	54	55	\N	44	\N	\N	\N	3	0	1
1036	Arm Grip Stretch Hold		WO01_1360_FBX	2023-04-20	f	f	[]	[]		0	0	178	4/4	1	2.86	5	2023-06-28	9	1	54	55	\N	44	\N	\N	\N	3	0	1
1038	Bent over Balance Hold		WO01_1380_FBX	2023-04-20	f	f	[]	[]		0	0	178	4/4	1	2.9	5	2023-06-28	9	1	54	55	\N	44	\N	\N	\N	3	0	1
1039	Ben Over Hold		WO01_1390_FBX	2023-04-20	f	f	[]	[]		0	0	178	4/4	1	0.1	5	2023-06-28	9	1	54	55	\N	44	\N	\N	\N	3	0	1
1040	Deep Lunge Hold		WO01_1400_FBX	2023-04-20	f	f	[]	[]		0	0	178	4/4	1	0.2	5	2023-06-28	9	1	54	55	\N	44	\N	\N	\N	3	0	1
1041	Deep Lunge Hold Toes Up		WO01_1410_FBX	2023-04-20	f	f	[]	[]		0	0	178	4/4	1	0.3	5	2023-06-28	9	1	54	55	\N	44	\N	\N	\N	3	0	1
1042	Raised Leg Circles		WO01_1420_FBX	2023-04-20	f	f	[]	[]		0	0	178	4/4	1	0.2	5	2023-06-28	9	1	54	55	\N	44	\N	\N	\N	3	0	1
1043	Long Arm Crunches		WO01_1430_FBX	2023-04-20	f	f	[]	[]		0	0	178	4/4	1	0.2	5	2023-06-28	9	1	54	55	\N	44	\N	\N	\N	3	0	1
1044	Knee Crunches		WO01_1440_FBX	2023-04-20	f	f	[]	[]		0	0	178	4/4	1	0.26	5	2023-06-28	9	1	54	55	\N	44	\N	\N	\N	3	0	1
1045	Side Plank Rotations		WO01_1450_FBX	2023-04-20	f	f	[]	[]		0	0	224	4/4	1	0.28	5	2023-06-28	9	1	54	55	\N	44	\N	\N	\N	3	0	1
1046	Side Bridges		WO01_1460_FBX	2023-04-20	f	f	[]	[]		0	0	178	4/4	1	0.3	5	2023-06-28	9	1	54	55	\N	44	\N	\N	\N	3	0	1
1047	Plank Arm Raises		WO01_1470_FBX	2023-04-20	f	f	[]	[]		0	0	178	4/4	1	0.32	5	2023-06-28	9	1	54	55	\N	44	\N	\N	\N	3	0	1
1048	Thigh Taps		WO01_1480_FBX	2023-04-20	f	f	[]	[]		0	0	178	4/4	1	0.34	5	2023-06-28	9	1	54	55	\N	44	\N	\N	\N	3	0	1
1049	Overhead Punches		WO01_1490_FBX	2023-04-20	f	f	[]	[]		0	0	178	4/4	1	0.36	5	2023-06-28	9	1	54	55	\N	44	\N	\N	\N	3	0	1
1050	Speed Bag Punches		WO01_1500_FBX	2023-04-20	f	f	[]	[]		0	0	178	4/4	1	0.38	5	2023-06-28	9	1	54	55	\N	44	\N	\N	\N	3	0	1
1051	Pistol Squats		WO01_1510_FBX	2023-04-20	f	f	[]	[]		0	0	178	4/4	1	0.4	5	2023-06-28	9	1	54	55	\N	44	\N	\N	\N	3	0	1
1052	Back Kicks		WO01_1520_FBX	2023-04-20	f	f	[]	[]		0	0	178	4/4	1	0.42	5	2023-06-28	9	1	54	55	\N	44	\N	\N	\N	3	0	1
1053	Fast Squats		WO01_1530_FBX	2023-04-20	f	f	[]	[]		0	0	178	4/4	1	0.44	5	2023-06-28	9	1	54	55	\N	44	\N	\N	\N	3	0	1
1059	Up & Down Planks		WO01_1590_FBX	2023-04-20	f	f	[]	[]		0	0	178	4/4	1	0.56	5	2023-06-28	9	1	54	55	\N	44	\N	\N	\N	3	0	1
1060	Raised Leg Push-Ups		WO01_1600_FBX	2023-04-20	f	f	[]	[]		0	0	178	4/4	1	0.58	5	2023-06-28	9	1	54	55	\N	44	\N	\N	\N	3	0	1
1061	Shadow Boxing		WO01_1610_FBX	2023-04-20	f	f	[]	[]		0	0	178	4/4	1	0.6	5	2023-06-28	9	1	54	55	\N	44	\N	\N	\N	3	0	1
1062	Side-to-Side Jumps		WO01_1620_FBX	2023-04-20	f	f	[]	[]		0	0	178	4/4	1	0.62	5	2023-06-28	9	1	54	55	\N	44	\N	\N	\N	3	0	1
1056	Slow Push-Ups		WO01_1560_FBX	2023-04-20	f	f	[]	[]		0	0	178	4/4	1	0.5	5	2023-06-28	9	1	54	55	\N	44	\N	\N	\N	3	0	1
1057	Fast Side Lunges		WO01_1570_FBX	2023-04-20	f	f	[]	[]		0	0	178	4/4	1	0.52	5	2023-06-28	9	1	54	55	\N	44	\N	\N	\N	3	0	1
1063	Front Kick & Back Fist		WO01_1630_FBX	2023-04-20	f	f	[]	[]		0	0	178	4/4	1	0.64	5	2023-06-28	9	1	54	55	\N	44	\N	\N	\N	3	0	1
1065	Plank Hold		WO01_1650_FBX	2023-04-20	f	f	[]	[]		0	0	178	4/4	1	0.68	5	2023-06-28	9	1	54	55	\N	44	\N	\N	\N	3	0	1
1066	Elbow Plank Hold		WO01_1660_FBX	2023-04-20	f	f	[]	[]		0	0	178	4/4	1	0.7	5	2023-06-28	9	1	54	55	\N	44	\N	\N	\N	3	0	1
1067	Side Plank Knee Tap		WO01_1670_FBX	2023-04-20	f	f	[]	[]		0	0	178	4/4	1	0.72	5	2023-06-28	9	1	54	55	\N	44	\N	\N	\N	3	0	1
1068	Side Start Plank		WO01_1680_FBX	2023-04-20	f	f	[]	[]		0	0	178	4/4	1	0.74	5	2023-06-28	9	1	54	55	\N	44	\N	\N	\N	3	0	1
1069	Plank Jump-Ins		WO01_1690_FBX	2023-04-20	f	f	[]	[]		0	0	178	4/4	1	0.76	5	2023-06-28	9	1	54	55	\N	44	\N	\N	\N	3	0	1
1070	Basic Burpees with Jump		WO01_1700_FBX	2023-04-20	f	f	[]	[]		0	0	178	4/4	1	0.78	5	2023-06-28	9	1	54	55	\N	44	\N	\N	\N	3	0	1
1071	Arm Hold Front		WO01_1710_FBX	2023-04-20	f	f	[]	[]		0	0	178	4/4	1	0.8	5	2023-06-28	9	1	54	55	\N	44	\N	\N	\N	3	0	1
1072	Jumping Lunges		WO01_1720_FBX	2023-04-20	f	f	[]	[]		0	0	178	4/4	1	0.82	5	2023-06-28	9	1	54	55	\N	44	\N	\N	\N	3	0	1
1073	Hamstring Stretch		WO01_1730_FBX	2023-04-20	f	f	[]	[]		0	0	178	4/4	1	0.84	5	2023-06-28	9	1	54	55	\N	44	\N	\N	\N	3	0	1
1074	Groin Stretch		WO01_1740_FBX	2023-04-20	f	f	[]	[]		0	0	178	4/4	1	0.86	5	2023-06-28	9	1	54	55	\N	44	\N	\N	\N	3	0	1
1075	Leg to Chest Stretch		WO01_1750_FBX	2023-04-20	f	f	[]	[]		0	0	178	4/4	1	0.88	5	2023-06-28	9	1	54	55	\N	44	\N	\N	\N	3	0	1
1076	Quad Stretch		WO01_1760_FBX	2023-04-20	f	f	[]	[]		0	0	178	4/4	1	0.9	5	2023-06-28	9	1	54	55	\N	44	\N	\N	\N	3	0	1
1077	Elbow Stretch		WO01_1770_FBX	2023-04-20	f	f	[]	[]		0	0	178	4/4	1	0.92	5	2023-06-28	9	1	54	55	\N	44	\N	\N	\N	3	0	1
1079	Gravity Toe Touches		WO01_1790_FBX	2023-04-20	f	f	[]	[]		0	0	178	4/4	1	0.96	5	2023-06-28	9	1	54	55	\N	44	\N	\N	\N	3	0	1
1080	Sumo Squat Hold		WO01_1800_FBX	2023-04-20	f	f	[]	[]		0	0	178	4/4	1	0.98	5	2023-06-28	9	1	54	55	\N	44	\N	\N	\N	3	0	1
1081	Side Splits		WO01_1810_FBX	2023-04-20	f	f	[]	[]		0	0	178	4/4	1	1	5	2023-06-28	9	1	54	55	\N	44	\N	\N	\N	3	0	1
1082	Full Plank		WO01_1820_FBX	2023-04-20	f	f	[]	[]		0	0	178	4/4	1	1.02	5	2023-06-28	9	1	54	55	\N	44	\N	\N	\N	3	0	1
1083	Double Side Kicks / Low & High		WO01_1830_FBX	2023-04-20	f	f	[]	[]		0	0	178	4/4	1	1.04	5	2023-06-28	9	1	54	55	\N	44	\N	\N	\N	3	0	1
1084	Staggered Push-Ups		WO01_1840_FBX	2023-04-20	f	f	[]	[]		0	0	178	4/4	1	1.06	5	2023-06-28	9	1	54	55	\N	44	\N	\N	\N	3	0	1
1085	Stacked Feet Push-Ups		WO01_1850_FBX	2023-04-20	f	f	[]	[]		0	0	178	4/4	1	1.08	5	2023-06-28	9	1	54	55	\N	44	\N	\N	\N	3	0	1
1086	High Crunches		WO01_1860_FBX	2023-04-20	f	f	[]	[]		0	0	178	4/4	1	1.1	5	2023-06-28	9	1	54	55	\N	44	\N	\N	\N	3	0	1
1087	Butt-Ups		WO01_1870_FBX	2023-04-20	f	f	[]	[]		0	0	178	4/4	1	1.12	5	2023-06-28	9	1	54	55	\N	44	\N	\N	\N	3	0	1
1088	Lowering Drills		WO01_1880_FBX	2023-04-20	f	f	[]	[]		0	0	178	4/4	1	1.14	5	2023-06-28	9	1	54	55	\N	44	\N	\N	\N	3	0	1
1089	Diver Push-Ups		WO01_1890_FBX	2023-04-20	f	f	[]	[]		0	0	178	4/4	1	1.16	5	2023-06-28	9	1	54	55	\N	44	\N	\N	\N	3	0	1
1090	Half Squat Rows		WO01_1900_FBX	2023-04-20	f	f	[]	[]		0	0	178	4/4	1	1.18	5	2023-06-28	9	1	54	55	\N	44	\N	\N	\N	3	0	1
1092	Lawnmowers		WO01_1920_FBX	2023-04-20	f	f	[]	[]		0	0	178	4/4	1	1.22	5	2023-06-28	9	1	54	55	\N	44	\N	\N	\N	3	0	1
1093	Forward Bends		WO01_1930_FBX	2023-04-20	f	f	[]	[]		0	0	178	4/4	1	1.24	5	2023-06-28	9	1	54	55	\N	44	\N	\N	\N	3	0	1
1094	Wall Arm Slides		WO01_1940_FBX	2023-04-20	f	f	[]	[]		0	0	178	4/4	1	1.26	5	2023-06-28	9	1	54	55	\N	44	\N	\N	\N	3	0	1
1099	Hop Back & Forward		WO01_1990_FBX	2023-04-20	f	f	[]	[]		0	0	178	4/4	1	1.36	5	2023-06-28	9	1	54	55	\N	44	\N	\N	\N	3	0	1
1100	Archers		WO01_2000_FBX	2023-04-20	f	f	[]	[]		0	0	178	4/4	1	1.38	5	2023-06-28	9	1	54	55	\N	44	\N	\N	\N	3	0	1
1101	Plank into Lunges		WO01_2010_FBX	2023-04-20	f	f	[]	[]		0	0	178	4/4	1	1.4	5	2023-06-28	9	1	54	55	\N	44	\N	\N	\N	3	0	1
1102	Raised Leg Crunches		WO01_2020_FBX	2023-04-20	f	f	[]	[]		0	0	178	4/4	1	1.42	5	2023-06-28	9	1	54	55	\N	44	\N	\N	\N	3	0	1
1103	Twist Jacks		WO01_2030_FBX	2023-04-20	f	f	[]	[]		0	0	178	4/4	1	1.44	5	2023-06-28	9	1	54	55	\N	44	\N	\N	\N	3	0	1
1104	Deadlift Twists		WO01_2040_FBX	2023-04-20	f	f	[]	[]		0	0	178	4/4	1	1.46	5	2023-06-28	9	1	54	55	\N	44	\N	\N	\N	3	0	1
1054	Slow Squats		WO01_1540_FBX	2023-04-20	f	f	[]	[]		0	0	178	4/4	1	0.46	5	2023-06-28	9	1	54	55	\N	44	\N	\N	\N	3	0	1
1078	Cross Neck Elbow Stretch		WO01_1780_FBX	2023-04-20	f	f	[]	[]		0	0	178	4/4	1	0.94	5	2023-06-28	9	1	54	55	\N	44	\N	\N	\N	3	0	1
971	Sit-Up Punches		WO01_0710_FBX	2023-04-20	f	f	[]	[]		0	0	178	4/4	1	1.56	5	2023-04-25	9	1	54	55	\N	38	\N	\N	\N	3		1
1095	Hop on One Leg		WO01_1950_FBX	2023-04-20	f	f	[]	[]		0	0	178	4/4	1	1.28	5	2023-06-28	9	1	54	55	\N	44	\N	\N	\N	3	0	1
1096	Hop Side-to-Side		WO01_1960_FBX	2023-04-20	f	f	[]	[]		0	0	178	4/4	1	1.3	5	2023-06-28	9	1	54	55	\N	44	\N	\N	\N	3	0	1
1097	Double Hop & Squat		WO01_1970_FBX	2023-04-20	f	f	[]	[]		0	0	178	4/4	1	1.32	5	2023-06-28	9	1	54	55	\N	44	\N	\N	\N	3	0	1
1105	Plank Knee-Ins		WO01_2050_FBX	2023-04-20	f	f	[]	[]		0	0	178	4/4	1	1.48	5	2023-06-28	9	1	54	55	\N	44	\N	\N	\N	3	0	1
1106	Superwoman Stretches		WO01_2060_FBX	2023-04-20	f	f	[]	[]		0	0	178	4/4	1	1.5	5	2023-06-28	9	1	54	55	\N	44	\N	\N	\N	3	0	1
1107	Split Squats		WO01_2070_FBX	2023-04-20	f	f	[]	[]		0	0	178	4/4	1	1.52	5	2023-06-28	9	1	54	55	\N	44	\N	\N	\N	3	0	1
1108	Bottom to Heels Stretch		WO01_2080_FBX	2023-04-20	f	f	[]	[]		0	0	178	4/4	1	1.54	5	2023-06-28	9	1	54	55	\N	44	\N	\N	\N	3	0	1
1109	Knee-In & Twisr		WO01_2090_FBX	2023-04-20	f	f	[]	[]		0	0	178	4/4	1	1.56	5	2023-06-28	9	1	54	55	\N	44	\N	\N	\N	3	0	1
1110	Half Wipers		WO01_2100_FBX	2023-04-20	f	f	[]	[]		0	0	178	4/4	1	1.58	5	2023-06-28	9	1	54	55	\N	44	\N	\N	\N	3	0	1
1111	Back & Forth Neck Tilts		WO01_2110_FBX	2023-04-20	f	f	[]	[]		0	0	178	4/4	1	1.6	5	2023-06-28	9	1	54	55	\N	44	\N	\N	\N	3	0	1
1112	Side-toSide Neck Tilts		WO01_2120_FBX	2023-04-20	f	f	[]	[]		0	0	178	4/4	1	1.62	5	2023-06-28	9	1	54	55	\N	44	\N	\N	\N	3	0	1
1113	Neck Rotations 		WO01_2130_FBX	2023-04-20	f	f	[]	[]		0	0	178	4/4	1	1.64	5	2023-06-28	9	1	54	55	\N	44	\N	\N	\N	3	0	1
1114	Neck Press		WO01_2140_FBX	2023-04-20	f	f	[]	[]		0	0	178	4/4	1	1.66	5	2023-06-28	9	1	54	55	\N	44	\N	\N	\N	3	0	1
1116	Alternating Chin Press		WO01_2160_FBX	2023-04-20	f	f	[]	[]		0	0	178	4/4	1	1.7	5	2023-06-28	9	1	54	55	\N	44	\N	\N	\N	3	0	1
1117	Reverse Deep Lunges		WO01_2170_FBX	2023-04-20	f	f	[]	[]		0	0	178	4/4	1	1.72	5	2023-06-28	9	1	54	55	\N	44	\N	\N	\N	3	0	1
1118	One Leg Stand		WO01_2180_FBX	2023-04-20	f	f	[]	[]		0	0	178	4/4	1	1.74	5	2023-06-28	9	1	54	55	\N	44	\N	\N	\N	3	0	1
1120	Bear Crawl		WO01_2210_FBX	2023-04-20	f	f	[]	[]		0	0	178	4/4	1	1.8	5	2023-06-28	9	1	54	55	\N	44	\N	\N	\N	3	0	1
1121	Elbow Strike Sit-Ups		WO01_2220_FBX	2023-04-20	f	f	[]	[]		0	0	178	4/4	1	1.82	5	2023-06-28	9	1	54	55	\N	44	\N	\N	\N	3	0	1
1122	Raised Leg Bridges		WO01_2230_FBX	2023-04-20	f	f	[]	[]		0	0	178	4/4	1	1.84	5	2023-06-28	9	1	54	55	\N	44	\N	\N	\N	3	0	1
1124	Lunge Push Strikes		WO01_2250_FBX	2023-04-20	f	f	[]	[]		0	0	178	4/4	1	1.88	5	2023-06-28	9	1	54	55	\N	44	\N	\N	\N	3	0	1
1125	Leg Star Master		WO01_2260_FBX	2023-04-20	f	f	[]	[]		0	0	178	4/4	1	1.9	5	2023-06-28	9	1	54	55	\N	44	\N	\N	\N	3	0	1
1126	Wide Plank Hold		WO01_2270_FBX	2023-04-20	f	f	[]	[]		0	0	178	4/4	1	1.92	5	2023-06-28	9	1	54	55	\N	44	\N	\N	\N	3	0	1
1127	Crunch Hold		WO01_2280_FBX	2023-04-20	f	f	[]	[]		0	0	178	4/4	1	1.94	5	2023-06-28	9	1	54	55	\N	44	\N	\N	\N	3	0	1
1128	Raised Leg Hold		WO01_2290_FBX	2023-04-20	f	f	[]	[]		0	0	178	4/4	1	1.96	5	2023-06-28	9	1	54	55	\N	44	\N	\N	\N	3	0	1
1129	Burpees w/Tuck		WO01_2300_FBX	2023-04-20	f	f	[]	[]		0	0	178	4/4	1	1.98	5	2023-06-28	9	1	54	55	\N	44	\N	\N	\N	3	0	1
1130	Jumping Ts		WO01_2310_FBX	2023-04-20	f	f	[]	[]		0	0	178	4/4	1	2	5	2023-06-28	9	1	54	55	\N	44	\N	\N	\N	3	0	1
1131	One-Arm Side Plank		WO01_2320_FBX	2023-04-20	f	f	[]	[]		0	0	178	4/4	1	2.02	5	2023-06-28	9	1	54	55	\N	44	\N	\N	\N	3	0	1
1132	One-Arm Plank		WO01_2330_FBX	2023-04-20	f	f	[]	[]		0	0	178	4/4	1	2.04	5	2023-06-28	9	1	54	55	\N	44	\N	\N	\N	3	0	1
1133	Raised Leg Plank		WO01_2340_FBX	2023-04-20	f	f	[]	[]		0	0	178	4/4	1	2.06	5	2023-06-28	9	1	54	55	\N	44	\N	\N	\N	3	0	1
1134	Back Extensions		WO01_2350_FBX	2023-04-20	f	f	[]	[]		0	0	178	4/4	1	2.08	5	2023-06-28	9	1	54	55	\N	44	\N	\N	\N	3	0	1
1135	Push-Up Into Back Extension		WO01_2360_FBX	2023-04-20	f	f	[]	[]		0	0	178	4/4	1	2.1	5	2023-06-28	9	1	54	55	\N	44	\N	\N	\N	3	0	1
1136	Knife Hand Strike & Squat		WO01_2370_FBX	2023-04-20	f	f	[]	[]		0	0	178	4/4	1	2.12	5	2023-06-28	9	1	54	55	\N	44	\N	\N	\N	3	0	1
1137	Squat Step-Ups		WO01_2380_FBX	2023-04-20	f	f	[]	[]		0	0	178	4/4	1	2.14	5	2023-06-28	9	1	54	55	\N	44	\N	\N	\N	3	0	1
1138	Split Jacks		WO01_2390_FBX	2023-04-20	f	f	[]	[]		0	0	178	4/4	1	2.16	5	2023-06-28	9	1	54	55	\N	44	\N	\N	\N	3	0	1
901	Plank		WO01_0010_FBX	2023-04-20	f	f	[]	[]		0	0	177	4/4	1	0.1	5	2023-06-28	9	1	54	55	\N	44	\N	\N	\N	3	0	1
1166	Biceps Extensions Side		WO01_0142_FBX	2023-04-20	f	f	[]	[]		0	0	178	4/4	1	0.42	5	2023-05-05	9	1	54	55	\N	38	\N	\N	\N	3	0	1
911	Raised Arm Circles Variations Backwards		WO01_0110_FBX	2023-04-20	f	f	[]	[]		0	0	226	4/4	1	0.36	5	2023-06-28	9	1	54	55	\N	44	\N	\N	\N	3	0	1
930	Side Leg Raise Hold		WO01_0300_FBX	2023-04-20	f	f	[]	[]		0	0	177	4/4	1	0.74	5	2023-06-28	9	1	54	55	\N	44	\N	\N	\N	3	0	1
1169	Lunge Punches		WO01_0681_FBX	2023-04-20	f	f	[]	[]		0	0	132	4/4	1	1.5	5	2023-06-28	9	1	54	55	\N	44	\N	\N	\N	3	0	1
1170	Sit-Up Punches		WO01_0711_FBX	2023-04-20	f	f	[]	[]		0	0	202	4/4	1	1.56	5	2023-06-28	9	1	54	55	\N	44	\N	\N	\N	3	0	1
1171	Sitting Twists		WO01_0721_FBX	2023-04-20	f	f	[]	[]		0	0	250	4/4	1	1.58	5	2023-06-28	9	1	54	55	\N	44	\N	\N	\N	3	0	1
1172	Sitting Punches		WO01_0731_FBX	2023-04-20	f	f	[]	[]		0	0	182	4/4	1	1.6	5	2023-06-28	9	1	54	55	\N	44	\N	\N	\N	3	0	1
995	Squat Hold Punches		WO01_0950_FBX	2023-04-20	f	f	[]	[]		0	0	176	4/4	1	2.04	5	2023-06-28	9	1	54	55	\N	44	\N	\N	\N	3	0	1
1140	Balance Hold One Leg Tucked Back and T		WO01_2410_FBX	2023-04-20	f	f	[]	[]		0	0	178	4/4	1	2.2	5	2023-06-28	9	1	54	55	\N	44	\N	\N	\N	3	0	1
1141	Squad Hold Punches		WO01_2420_FBX	2023-04-20	f	f	[]	[]		0	0	178	4/4	1	2.22	5	2023-06-28	9	1	54	55	\N	44	\N	\N	\N	3	0	1
1142	Superman Stretches		WO01_2430_FBX	2023-04-20	f	f	[]	[]		0	0	178	4/4	1	2.24	5	2023-06-28	9	1	54	55	\N	44	\N	\N	\N	3	0	1
1143	Hick Knee Sprint		WO01_2440_FBX	2023-04-20	f	f	[]	[]		0	0	178	4/4	1	2.26	5	2023-06-28	9	1	54	55	\N	44	\N	\N	\N	3	0	1
1144	Burpees with Jump		WO01_2450_FBX	2023-04-20	f	f	[]	[]		0	0	178	4/4	1	2.28	5	2023-06-28	9	1	54	55	\N	44	\N	\N	\N	3	0	1
1145	Side Plank Knee-to-Elbow		WO01_2460_FBX	2023-04-20	f	f	[]	[]		0	0	178	4/4	1	2.3	5	2023-06-28	9	1	54	55	\N	44	\N	\N	\N	3	0	1
1146	Sky Diver Push-Ups		WO01_2470_FBX	2023-04-20	f	f	[]	[]		0	0	178	4/4	1	2.32	5	2023-06-28	9	1	54	55	\N	44	\N	\N	\N	3	0	1
1147	Knee-to Elbow		WO01_2480_FBX	2023-04-20	f	f	[]	[]		0	0	178	4/4	1	2.34	5	2023-06-28	9	1	54	55	\N	44	\N	\N	\N	3	0	1
1148	Push-Up & Climber Tap		WO01_2490_FBX	2023-04-20	f	f	[]	[]		0	0	178	4/4	1	2.36	5	2023-06-28	9	1	54	55	\N	44	\N	\N	\N	3	0	1
1149	Walk Out & Shoulder Tap		WO01_2500_FBX	2023-04-20	f	f	[]	[]		0	0	178	4/4	1	2.38	5	2023-06-28	9	1	54	55	\N	44	\N	\N	\N	3	0	1
1150	Power Push-ups		WO01_2510_FBX	2023-04-20	f	f	[]	[]		0	0	178	4/4	1	2.4	5	2023-06-28	9	1	54	55	\N	44	\N	\N	\N	3	0	1
1151	Plank Step-Out & Punches		WO01_2520_FBX	2023-04-20	f	f	[]	[]		0	0	178	4/4	1	2.42	5	2023-06-28	9	1	54	55	\N	44	\N	\N	\N	3	0	1
1152	Split Wipers		WO01_2530_FBX	2023-04-20	f	f	[]	[]		0	0	178	4/4	1	2.44	5	2023-06-28	9	1	54	55	\N	44	\N	\N	\N	3	0	1
1155	Side Jackknives		WO01_2560_FBX	2023-04-20	f	f	[]	[]		0	0	178	4/4	1	2.5	5	2023-06-28	9	1	54	55	\N	44	\N	\N	\N	3	0	1
1156	Successive Lunge Step-Ups		WO01_2570_FBX	2023-04-20	f	f	[]	[]		0	0	178	4/4	1	2.52	5	2023-06-28	9	1	54	55	\N	44	\N	\N	\N	3	0	1
1157	Deep Side Lunge		WO01_2580_FBX	2023-04-20	f	f	[]	[]		0	0	178	4/4	1	2.54	5	2023-06-28	9	1	54	55	\N	44	\N	\N	\N	3	0	1
1158	Knee-to-Elbow Twists		WO01_2590_FBX	2023-04-20	f	f	[]	[]		0	0	178	4/4	1	2.56	5	2023-06-28	9	1	54	55	\N	44	\N	\N	\N	3	0	1
1159	Triceps Extensions		WO01_2600_FBX	2023-04-20	f	f	[]	[]		0	0	178	4/4	1	2.58	5	2023-06-28	9	1	54	55	\N	44	\N	\N	\N	3	0	1
1160	Leg Swings Back Forward		WO01_2610_FBX	2023-04-20	f	f	[]	[]		0	0	178	4/4	1	2.6	5	2023-06-28	9	1	54	55	\N	44	\N	\N	\N	3	0	1
1161	Dragon Push-Up		WO01_2620_FBX	2023-04-20	f	f	[]	[]		0	0	178	4/4	1	2.62	5	2023-06-28	9	1	54	55	\N	44	\N	\N	\N	3	0	1
1162	Palm Strikes		WO01_2630_FBX	2023-04-20	f	f	[]	[]		0	0	178	4/4	1	2.64	5	2023-06-28	9	1	54	55	\N	44	\N	\N	\N	3	0	1
1163	Jumping Jacks		WO01_2640_FBX	2023-04-20	f	f	[]	[]		0	0	178	4/4	1	2.66	5	2023-06-28	9	1	54	55	\N	44	\N	\N	\N	3	0	1
1164	Ape Hop		WO01_2650_FBX	2023-04-20	f	f	[]	[]		0	0	178	4/4	1	2.68	5	2023-06-28	9	1	54	55	\N	44	\N	\N	\N	3	0	1
1165	Push-Up		WO01_2660_FBX	2023-04-20	f	f	[]	[]		0	0	359	4/4	1	2.7	5	2023-06-28	9	1	54	55	\N	44	\N	\N	\N	3	0	1
1174	Side Shoulder Taps		WO01_2670_FBX	2023-04-20	f	f	[]	[]		0	0	178	4/4	1	2.72	5	2023-06-28	9	1	54	55	\N	44	\N	\N	\N	3	0	1
1175	Side Planks		WO01_2680_FBX	2023-04-20	f	f	[]	[]		0	0	178	4/4	1	2.74	5	2023-06-28	9	1	54	55	\N	44	\N	\N	\N	3	0	1
1014	Lunges with Twist		WO01_1140_FBX	2023-04-20	f	f	[]	[]		0	0	178	4/4	1	2.42	5	2023-06-28	9	1	54	55	\N	44	\N	\N	\N	3	0	1
1229	Shine mit Hüftkreis ohne Hände		SA01_0540_FBX	2023-05-09	f	f	[]	[]		0	0	99	4/4	1	2	5	2023-05-12	10	1	1	67	71	38	\N	\N	\N	3	0	1
1173	Balance Side Lunges		WO01_1151_FBX	2023-04-20	f	f	[]	[]		0	0	173	4/4	1	2.44	5	2023-06-28	9	1	54	55	\N	44	\N	\N	\N	3	0	1
1115	Alternating Side Neck Press		WO01_2150_FBX	2023-04-20	f	f	[]	[]		0	0	178	4/4	1	1.68	5	2023-06-28	9	1	54	55	\N	44	\N	\N	\N	3	0	1
1123	Hop Heel Click & Floor Tap Heel Kick		WO01_2240_FBX	2023-04-20	f	f	[]	[]		0	0	178	4/4	1	1.86	5	2023-06-28	9	1	54	55	\N	44	\N	\N	\N	3	0	1
1139	Balance Hold One Leg Forward Arms Up		WO01_2400_FBX	2023-04-20	f	f	[]	[]		0	0	178	4/4	1	2.18	5	2023-06-28	9	1	54	55	\N	44	\N	\N	\N	3	0	1
1178	Basic with arms 1		SA01_0030_FBX	2023-05-08	f	f	[]	[]		0	188	200	4/4	1	0.12	5	2023-07-19	10	1	1	67	73	44	\N	\N	\N	3	0	1
1167	March Steps		WO01_0232_FBX	2023-04-20	f	f	[]	[]		0	0	236	4/4	2	0.6	5	2023-06-28	9	1	54	55	\N	44	\N	\N	43	3	0	1
1179	Basic with shoulders		SA01_0040_FBX	2023-05-08	f	f	[]	[]		0	162	194	4/4	1	0.13	5	2023-07-19	10	1	1	67	73	44	\N	\N	\N	3	0	1
1180	Side Step		SA01_0050_FBX	2023-05-08	f	f	[]	[]		0	120	198	4/4	1	0.14	5	2023-07-19	10	1	1	67	73	44	\N	\N	\N	3	0	1
1183	Basic on the spot		SA01_0080_FBX	2023-05-08	f	f	[]	[]		0	106	200	4/4	1	0.18	5	2023-07-19	10	1	1	67	73	44	\N	\N	\N	3	0	1
1184	Basic with arms and shoulders		SA01_0090_FBX	2023-05-08	f	f	[]	[]		0	75	200	4/4	1	0.19	5	2023-07-19	10	1	1	67	73	44	\N	\N	\N	3	0	1
1185	Right Turn		SA01_0100_FBX	2023-05-08	f	f	[]	[]		0	205	198	4/4	1	0.2	5	2023-07-19	10	1	1	67	73	44	\N	\N	\N	3	0	1
1186	Right Turn with Armstyling		SA01_0110_FBX	2023-05-08	f	f	[]	[]		0	53	198	4/4	1	0.21	5	2023-07-19	10	1	1	67	73	44	\N	\N	\N	3	0	1
1187	Right Turn with Armstyling 1		SA01_0120_FBX	2023-05-08	f	f	[]	[]		0	44	198	4/4	1	0.22	5	2023-07-19	10	1	1	67	73	44	\N	\N	\N	3	0	1
1189	Right Turn with Armstyling 3		SA01_0140_FBX	2023-05-08	f	f	[]	[]		0	53	198	4/4	1	0.24	5	2023-07-19	10	1	1	67	73	44	\N	\N	\N	3	0	1
1190	Right Turn with Armstyling 4		SA01_0150_FBX	2023-05-08	f	f	[]	[]		0	50	200	4/4	1	0.25	5	2023-07-19	10	1	1	67	73	44	\N	\N	\N	3	0	1
1191	Basic step with Armstyling 		SA01_0160_FBX	2023-05-08	f	f	[]	[]		0	185	198	4/4	1	0.26	5	2023-07-19	10	1	1	67	73	44	\N	\N	\N	3	0	1
1192	Basic step with Armstyling 2		SA01_0170_FBX	2023-05-08	f	f	[]	[]		0	26	200	4/4	1	0.27	5	2023-07-19	10	1	1	67	73	44	\N	\N	\N	3	0	1
1193	Basic step with Armstyling 1		SA01_0180_FBX	2023-05-08	f	f	[]	[]		0	365	198	4/4	1	0.28	5	2023-07-19	10	1	1	67	73	44	\N	\N	\N	3	0	1
1194	Basic step with shimmy		SA01_0190_FBX	2023-05-08	f	f	[]	[]		0	212	198	4/4	1	0.29	5	2023-07-19	10	1	1	67	73	44	\N	\N	\N	3	0	1
1195	Left Turn		SA01_0200_FBX	2023-05-08	f	f	[]	[]		0	228	200	4/4	1	0.3	5	2023-07-19	10	1	1	67	73	44	\N	\N	\N	3	0	1
1196	Left Turn with Armstyling		SA01_0210_FBX	2023-05-08	f	f	[]	[]		0	216	200	4/4	1	0.31	5	2023-07-19	10	1	1	67	73	44	\N	\N	\N	3	0	1
1197	Left Turn with Armstyling 1		SA01_0220_FBX	2023-05-08	f	f	[]	[]		0	217	198	4/4	1	0.32	5	2023-07-19	10	1	1	67	73	44	\N	\N	\N	3	0	1
1199	Left Turn with Break on 1		SA01_0240_FBX	2023-05-08	f	f	[]	[]		0	167	198	4/4	1	0.34	5	2023-07-19	10	1	1	67	73	44	\N	\N	\N	3	0	1
1201	Left Turn with Break on 1 with Armvariation 		SA01_0260_FBX	2023-05-08	f	f	[]	[]		0	166	204	4/4	1	0.36	5	2023-07-19	10	1	1	67	73	44	\N	\N	\N	3	0	1
1203	Left Turn with Break on 1 with Armvariation 2		SA01_0280_FBX	2023-05-08	f	f	[]	[]		0	365	202	4/4	1	0.38	5	2023-07-19	10	1	1	67	73	44	\N	\N	\N	3	0	1
1207	Step backwards with Armstyling		SA01_0320_FBX	2023-05-08	f	f	[]	[]		0	276	198	4/4	1	0.42	5	2023-07-19	10	1	1	67	73	44	\N	\N	\N	3	0	1
1215	Suzy Q with arms		SA01_0400_FBX	2023-05-08	f	f	[]	[]		0	269	200	4/4	1	0.5	5	2023-07-19	10	1	1	67	73	44	\N	\N	\N	3	0	1
1221	Suzy Q Dobble 1		SA01_0460_FBX	2023-05-08	f	f	[]	[]		0	174	198	4/4	1	0.56	5	2023-07-19	10	1	1	67	73	44	\N	\N	\N	3	0	1
1222	Basic with Armstyling 		SA01_0470_FBX	2023-05-08	f	f	[]	[]		0	9	200	4/4	1	0.57	5	2023-07-19	10	1	1	67	73	44	\N	\N	\N	3	0	1
1223	Crossover Basic 1		SA01_0480_FBX	2023-05-08	f	f	[]	[]		0	178	198	4/4	1	1	5	2023-07-19	10	1	1	67	71	44	\N	\N	\N	3	0	1
1224	Crossover Basic		SA01_0490_FBX	2023-05-08	f	f	[]	[]		0	178	196	4/4	1	1.01	5	2023-07-19	10	1	1	67	71	44	\N	\N	\N	3	0	1
1228	Shine with hip circle		SA01_0530_FBX	2023-05-09	f	f	[]	[]		0	0	193	4/4	1	1.05	5	2023-07-19	10	1	1	67	71	44	\N	\N	\N	3	0	1
1259	Bounce 5		HH01_0015_FBX	2022-08-07	f	f	[]	[]		0	30	174	4/4	2	0.1	5	2023-07-17	3	1	1	12	19	38	\N	\N	\N	3	0	45
1241	Rechtsdrehung Hüftkreis		SA01_0660_FBX	2023-05-09	f	f	[]	[]		0	0	99	4/4	1	2	5	2023-05-12	10	1	1	67	71	38	\N	\N	\N	3	0	1
1242	Rechtsdrehung Hüftkreis mit Armvariation		SA01_0670_FBX	2023-05-09	f	f	[]	[]		0	0	99	4/4	1	2	5	2023-05-12	10	1	1	67	71	38	\N	\N	\N	3	0	1
1260	Bounce 6		HH01_0016_FBX	2022-08-07	f	f	[]	[]		0	98	172	4/4	2	0.1	5	2023-07-17	3	1	1	12	19	38	\N	\N	\N	3	0	1
1176	Basic		SA01_0010_FBX	2023-05-08	f	f	[]	[]		0	197	200	4/4	1	0.1	5	2023-07-19	10	1	1	67	73	44	\N	\N	\N	3	0	1
1257	Bounce 3		HH01_0013_FBX	2022-08-07	f	f	[]	[]		0	21	178	4/4	2	0.1	5	2023-07-17	3	1	1	12	19	38	\N	\N	\N	3	0	1
1258	Bounce 4		HH01_0014_FBX	2022-08-07	f	f	[]	[]		0	54	178	4/4	2	0.1	5	2023-07-17	3	1	1	12	19	38	\N	\N	\N	3	0	1
1181	Side Step with Armstyling		SA01_0060_FBX	2023-05-08	f	f	[]	[]		0	167	196	4/4	1	0.16	5	2023-07-19	10	1	1	67	73	44	\N	\N	\N	3	0	1
1202	Left Turn with Break on 1 with Armvariation 1		SA01_0270_FBX	2023-05-08	f	f	[]	[]		0	150	200	4/4	1	0.37	5	2023-07-19	10	1	1	67	73	44	\N	\N	\N	3	0	1
1204	Step Forward		SA01_0290_FBX	2023-05-08	f	f	[]	[]		0	236	198	4/4	1	0.39	5	2023-07-19	10	1	1	67	73	44	\N	\N	\N	3	0	1
1205	Step forward with Armstyling		SA01_0300_FBX	2023-05-08	f	f	[]	[]		0	384	208	4/4	1	0.4	5	2023-07-19	10	1	1	67	73	44	\N	\N	\N	3	0	1
1206	Step forward with Armstyling 1		SA01_0310_FBX	2023-05-08	f	f	[]	[]		0	3	208	4/4	1	0.41	5	2023-07-19	10	1	1	67	73	44	\N	\N	\N	3	0	1
1208	Step in each direction		SA01_0330_FBX	2023-05-08	f	f	[]	[]		0	608	198	4/4	1	0.43	5	2023-07-19	10	1	1	67	73	44	\N	\N	\N	3	0	1
1210	Step backwards with Armstyling 1		SA01_0350_FBX	2023-05-08	f	f	[]	[]		0	299	198	4/4	1	0.45	5	2023-07-19	10	1	1	67	73	44	\N	\N	\N	3	0	1
1212	Mambo		SA01_0370_FBX	2023-05-08	f	f	[]	[]		0	379	200	4/4	1	0.47	5	2023-07-19	10	1	1	67	73	44	\N	\N	\N	3	0	1
1213	Mambo 1		SA01_0380_FBX	2023-05-08	f	f	[]	[]		0	213	194	4/4	1	0.48	5	2023-07-19	10	1	1	67	73	44	\N	\N	\N	3	0	1
1214	Suzy Q		SA01_0390_FBX	2023-05-08	f	f	[]	[]		0	369	200	4/4	1	0.49	5	2023-07-19	10	1	1	67	73	44	\N	\N	\N	3	0	1
1216	Suzy Q with shoulders		SA01_0410_FBX	2023-05-08	f	f	[]	[]		0	59	200	4/4	1	0.51	5	2023-07-19	10	1	1	67	73	44	\N	\N	\N	3	0	1
1217	Diagonal Step Backwards		SA01_0420_FBX	2023-05-08	f	f	[]	[]		0	16	196	4/4	1	0.52	5	2023-07-19	10	1	1	67	73	44	\N	\N	\N	3	0	1
1218	Diagonal Step Backwards with Armstyling		SA01_0430_FBX	2023-05-08	f	f	[]	[]		0	98	202	4/4	1	0.53	5	2023-07-19	10	1	1	67	73	44	\N	\N	\N	3	0	1
1219	Combination Beginner		SA01_0440_FBX	2023-05-08	f	f	[]	[]		0	224	196	4/4	1	0.54	5	2023-07-19	10	1	1	67	73	44	\N	\N	\N	3	0	1
1220	Suzy Q Dobble		SA01_0450_FBX	2023-05-08	f	f	[]	[]		0	465	198	4/4	1	0.55	5	2023-07-19	10	1	1	67	73	44	\N	\N	\N	3	0	1
1225	Crossover with Ballchange		SA01_0500_FBX	2023-05-08	f	f	[]	[]		0	353	200	4/4	1	1.02	5	2023-07-19	10	1	1	67	71	44	\N	\N	\N	3	0	1
1226	Crossover with Ballchange and Armstyling 		SA01_0510_FBX	2023-05-09	f	f	[]	[]		0	201	198	4/4	1	1.03	5	2023-07-19	10	1	1	67	71	44	\N	\N	\N	3	0	1
1227	Crossover with Knee Shimmy		SA01_0520_FBX	2023-05-09	f	f	[]	[]		0	200	200	4/4	1	1.04	5	2023-07-19	10	1	1	67	71	44	\N	\N	\N	3	0	1
1230	Shine with Hip Circle with Armstyling		SA01_0550_FBX	2023-05-09	f	f	[]	[]		0	0	198	4/4	1	1.07	5	2023-07-19	10	1	1	67	71	44	\N	\N	\N	3	0	1
1231	Double Hip Circle		SA01_0560_FBX	2023-05-09	f	f	[]	[]		0	288	198	4/4	1	1.08	5	2023-07-19	10	1	1	67	71	44	\N	\N	\N	3	0	1
1232	Double Hip Circle with Armstyling		SA01_0570_FBX	2023-05-09	f	f	[]	[]		0	323	198	4/4	1	1.09	5	2023-07-19	10	1	1	67	71	44	\N	\N	\N	3	0	1
1234	Crossover Step with Tap Half		SA01_0590_FBX	2023-05-09	f	f	[]	[]		0	69	200	4/4	1	1.11	5	2023-07-19	10	1	1	67	71	44	\N	\N	\N	3	0	1
1239	Spot turn out of Side Basic 1		SA01_0640_FBX	2023-05-09	f	f	[]	[]		0	152	200	4/4	1	1.16	5	2023-07-19	10	1	1	67	71	44	\N	\N	\N	3	0	1
1245	Drop on one		SA01_0700_FBX	2023-05-09	f	f	[]	[]		0	16	200	4/4	1	1.22	5	2023-07-19	10	1	1	67	71	44	\N	\N	\N	3	0	1
1249	Pistola with Armstyling		SA01_0740_FBX	2023-05-09	f	f	[]	[]		0	308	202	4/4	1	1.26	5	2023-07-19	10	1	1	67	71	44	\N	\N	\N	3	0	1
1253	Kombination Hip Circle Pistola 		SA01_0780_FBX	2023-05-09	f	f	[]	[]		0	0	198	4/4	1	1.3	5	2023-07-19	10	1	1	67	71	44	\N	\N	\N	3	0	1
1254	Kombination		SA01_0790_FBX	2023-05-09	f	f	[]	[]		0	0	198	4/4	1	1.31	5	2023-07-19	10	1	1	67	71	44	\N	\N	\N	3	0	1
1255	Left Turn Break on 1 with Hip Circle and Armstyling		SA01_0800_FBX	2023-05-09	f	f	[]	[]		0	262	198	4/4	1	1.32	5	2023-07-19	10	1	1	67	71	44	\N	\N	\N	3	0	1
1267	Climbers		WO01_0191_FBX	2023-04-20	f	f	[]	[]		0	0	178	4/4	2	0.52	5	2023-06-28	9	1	54	55	\N	44	\N	\N	\N	3	0	1
715	39		HH01_2172_FBX	2022-11-24	f	f	[]	[]		0	17	142	4/4	1	2.43	5	2023-07-17	3	1	1	12	14	38	\N	\N	\N	1	0	1
1177	Basic with arms		SA01_0020_FBX	2023-05-08	f	f	[]	[]		0	123	198	4/4	1	0.11	5	2023-07-19	10	1	1	67	73	44	\N	\N	\N	3	0	1
415	Step Touch Side Downbeat		HH01_0070_FBX	2022-08-07	f	f	[]	[]		0	201	144	4/4	2	0.3	5	2023-07-17	3	1	1	12	19	38	\N	\N	\N	1	0	1
498	Heel Toe Magic 3 		HH01_0880_FBX	2022-08-07	f	f	[]	[]		0	85	144	4/4	1	2	5	2023-07-17	3	1	1	12	31	38	\N	\N	\N	1	0	1
1268	Breath Exercvise Arm Raises Side Var		WO01_0451_FBX	2023-04-20	f	f	[]	[]		0	0	177	4/4	2	1.04	5	2023-06-28	9	1	54	55	\N	44	\N	\N	\N	3	0	1
1266	Plank Rotations		WO01_0061_FBX	2023-04-20	f	f	[]	[]		0	0	177	4/4	1	0.26	5	2023-06-28	9	1	54	55	\N	44	\N	\N	\N	3	0	1
685	9		HH01_2091_FBX	2022-11-24	f	f	[]	[]		0	20	160	4/4	1	2.13	5	2023-07-17	3	1	1	12	14	38	\N	\N	\N	1	0	1
1008	Jab & Hook & Uppercut		WO01_1080_FBX	2023-04-20	f	f	[]	[]		0	0	178	4/4	1	2.3	5	2023-06-28	9	1	54	55	\N	44	\N	\N	\N	3	0	1
1025	Full Bridge		WO01_1250_FBX	2023-04-20	f	f	[]	[]		0	0	178	4/4	1	2.64	5	2023-06-28	9	1	54	55	\N	44	\N	\N	\N	3	0	1
627	Box Step Jump Around Kombo		HH01_2050_FBX	2022-10-12	f	f	[]	[]		0	0	132	4/4	1	1.2	5	2023-07-17	3	1	1	12	\N	38	\N	\N	\N	1	0	1
528	Back Step Turn 90° Turn-Out Back		HH01_1180_FBX	2022-09-28	f	t	[]	[]		0	92	132	4/4	1	0.4	5	2023-07-17	3	1	1	12	19	38	\N	\N	\N	1	0	1
1265	Side Step Emphasized		SA01_0051_FBX	2023-05-08	f	f	[]	[]		0	120	198	4/4	1	0.15	5	2023-07-19	10	1	1	67	73	44	\N	\N	\N	3	0	1
1188	Right Turn with Armstyling 2		SA01_0130_FBX	2023-05-08	f	f	[]	[]		0	52	198	4/4	1	0.23	5	2023-07-19	10	1	1	67	73	44	\N	\N	\N	3	0	1
1198	Left Turn with Armstyling 2		SA01_0230_FBX	2023-05-08	f	f	[]	[]		0	208	198	4/4	1	0.33	5	2023-07-19	10	1	1	67	73	44	\N	\N	\N	3	0	1
1200	Left Turn with Break on 1 with Arms		SA01_0250_FBX	2023-05-08	f	f	[]	[]		0	144	197	4/4	1	0.35	5	2023-07-19	10	1	1	67	73	44	\N	\N	\N	3	0	1
1209	Basicschritt in alle Richtungen with Variation		SA01_0340_FBX	2023-05-08	f	f	[]	[]		0	0	198	4/4	1	0.44	5	2023-07-19	10	1	1	67	73	44	\N	\N	\N	3	0	1
1211	Basicschritt in alle Richtungen 2		SA01_0360_FBX	2023-05-08	f	f	[]	[]		0	0	198	4/4	1	0.46	5	2023-07-19	10	1	1	67	73	44	\N	\N	\N	3	0	1
1261	Shine with Hip Circle without Hands		SA01_0541_FBX	2023-05-09	f	f	[]	[]		0	264	202	4/4	1	1.06	5	2023-07-19	10	1	1	67	71	44	\N	\N	\N	3	0	1
1233	Half Left Turn Break on one Hip Circle		SA01_0580_FBX	2023-05-09	f	f	[]	[]		0	252	198	4/4	1	1.1	5	2023-07-19	10	1	1	67	71	44	\N	\N	\N	3	0	1
1235	Crossover Step with Tap Half with Armstyling		SA01_0600_FBX	2023-05-09	f	f	[]	[]		0	140	198	4/4	1	1.12	5	2023-07-19	10	1	1	67	71	44	\N	\N	\N	3	0	1
1236	Diagonalschritt rückwärts with tap		SA01_0610_FBX	2023-05-09	f	f	[]	[]		0	0	198	4/4	1	1.13	5	2023-07-19	10	1	1	67	71	44	\N	\N	\N	3	0	1
1237	Quick Turn R & L		SA01_0620_FBX	2023-05-09	f	f	[]	[]		0	202	202	4/4	1	1.14	5	2023-07-19	10	1	1	67	71	44	\N	\N	\N	3	0	1
1238	Quick Turn R & L with Armstyling 		SA01_0630_FBX	2023-05-09	f	f	[]	[]		0	255	200	4/4	1	1.15	5	2023-07-19	10	1	1	67	71	44	\N	\N	\N	3	0	1
1240	Spot turn out of Side Basic		SA01_0650_FBX	2023-05-09	f	f	[]	[]		0	1	202	4/4	1	1.17	5	2023-07-19	10	1	1	67	71	44	\N	\N	\N	3	0	1
1263	Right Turn into Circle Around wit Styling		SA01_0671_FBX	2023-05-09	f	f	[]	[]		0	1	200	4/4	1	1.19	5	2023-07-19	10	1	1	67	71	44	\N	\N	\N	3	0	1
1243	Crossover Step with Tap		SA01_0680_FBX	2023-05-09	f	f	[]	[]		0	108	200	4/4	1	1.2	5	2023-07-19	10	1	1	67	71	44	\N	\N	\N	3	0	1
1244	Crossover Step with Tap with Armstyling		SA01_0690_FBX	2023-05-09	f	f	[]	[]		0	162	196	4/4	1	1.21	5	2023-07-19	10	1	1	67	71	44	\N	\N	\N	3	0	1
1246	Pistola with Break		SA01_0710_FBX	2023-05-09	f	f	[]	[]		0	205	200	4/4	1	1.23	5	2023-07-19	10	1	1	67	71	44	\N	\N	\N	3	0	1
1247	Pistola on one with Armstyling		SA01_0720_FBX	2023-05-09	f	f	[]	[]		0	0	198	4/4	1	1.24	5	2023-07-19	10	1	1	67	71	44	\N	\N	\N	3	0	1
1248	Pistola		SA01_0730_FBX	2023-05-09	f	f	[]	[]		0	265	202	4/4	1	1.25	5	2023-07-19	10	1	1	67	71	44	\N	\N	\N	3	0	1
1250	Salsa Rocksteady		SA01_0750_FBX	2023-05-09	f	f	[]	[]		0	246	200	4/4	1	1.27	5	2023-07-19	10	1	1	67	71	44	\N	\N	\N	3	0	1
1251	Hip Circle diagonal backwards 1		SA01_0760_FBX	2023-05-09	f	f	[]	[]		0	0	198	4/4	1	1.28	5	2023-07-19	10	1	1	67	71	44	\N	\N	\N	3	0	1
1252	Hip Circle diagonal backwards		SA01_0770_FBX	2023-05-09	f	f	[]	[]		0	25	204	4/4	1	1.29	5	2023-07-19	10	1	1	67	71	44	\N	\N	\N	3	0	1
949	Straight Back Leg Swings		WO01_0490_FBX	2023-04-20	f	f	[]	[]		0	0	178	4/4	2	1.12	5	2023-06-28	9	1	54	55	\N	44	\N	\N	\N	3	0	1
1064	Bounce & Squat & Low Kick & Palm Strike		WO01_1640_FBX	2023-04-20	f	f	[]	[]		0	0	178	4/4	1	0.66	5	2023-06-28	9	1	54	55	\N	44	\N	\N	\N	3	0	1
26	The Lawn Mower 2.0		PP01_0271_FBX	2022-10-19	f	f	[]	[]		0	243	132	4/4	1	1.1	5	2023-07-10	1	1	1	49	32	44	\N	\N	\N	1	0	1
9	Kasatschok		PP01_0100_FBX	2022-10-19	f	f	[]	[]		0	85	132	4/4	2	1.9	5	2023-07-10	1	1	1	49	\N	44	\N	\N	\N	1	0	1
111	The Raptor		PP01_1190_FBX	2022-10-24	f	f	[]	[]		0	163	144	4/4	1	0.6	5	2023-07-10	1	1	1	49	32	44	\N	\N	\N	1	0	1
460	Mike Tyson Magic 3		HH01_0520_FBX	2022-08-07	f	f	[]	[]		0	196	144	4/4	1	2	5	2023-07-17	3	1	1	12	31	38	\N	\N	\N	1	0	1
497	Heel Toe 		HH01_0870_FBX	2022-08-07	f	f	[]	[]		0	178	144	4/4	1	1.9	5	2023-07-17	3	1	1	12	31	38	\N	\N	\N	1	0	1
11	Happy SOS		PP01_0120_FBX	2022-10-19	f	f	[]	[]		0	50	132	4/4	4	0.7	5	2023-07-10	1	1	1	49	32	44	\N	\N	\N	1	0	1
533	Step Touch Stop'n'Go Front/Back		HH01_1212_FBX	2022-09-28	f	f	[]	[]		0	20	132	4/4	1	0.8	5	2023-07-17	3	1	1	12	19	38	\N	\N	\N	1	0	1
603	3-Corner-Step | ▷-Form Side Back		HH01_1810_FBX	2022-10-12	f	f	[]	[]		0	0	132	4/4	1	0.8	5	2023-07-17	3	1	1	12	\N	38	\N	\N	\N	1	0	1
597	4-Corner-Step | ☐-Form Front-Back Double Time		HH01_1750_FBX	2022-10-12	f	f	[]	[]		0	0	132	4/4	1	0.3	5	2023-07-17	3	1	1	12	\N	38	\N	\N	\N	1	0	1
22	Saturday Night Fever R		PP01_0240_FBX	2022-10-19	f	f	[]	[]		0	15	131	4/4	4	0.9	5	2023-07-10	1	1	1	49	32	44	\N	\N	\N	1	0	54
925	Plank Shoulder Taps		WO01_0250_FBX	2023-04-20	f	f	[]	[]		0	0	183	4/4	2	0.64	5	2023-06-28	9	1	54	55	\N	44	\N	\N	\N	3	0	1
421	Prep		HH01_0130_FBX	2022-08-07	f	f	[]	[]		0	62	144	4/4	1	0.3	5	2023-07-17	3	1	1	12	19	38	\N	\N	\N	1	0	1
33	Moving like Bernie R		PP01_0350_FBX	2022-10-19	f	f	[]	[]		0	235	132	4/4	1	0.9	5	2023-07-10	1	1	1	49	32	44	\N	\N	\N	1	0	1
606	3-Corner-Step | ▽-Form Front-Back Double Time		HH01_1840_FBX	2022-10-12	f	f	[]	[]		0	0	132	4/4	1	0.8	5	2023-07-17	3	1	1	12	\N	38	\N	\N	\N	1	0	1
612	Box Step from Cross-Front (Original from Jazz)		HH01_1900_FBX	2022-10-12	f	f	[]	[]		0	0	132	4/4	1	0.3	5	2023-07-17	3	1	1	12	\N	38	\N	\N	\N	1	0	1
579	4-Corner-Step | 8 - Form Front-Back Double Time		HH01_1590_FBX	2022-10-12	f	f	[]	[]		0	0	132	4/4	1	1.2	5	2023-07-17	3	1	1	12	\N	38	\N	\N	\N	1	0	1
78	Rappers Dance R		PP01_0830_FBX	2022-10-24	f	f	[]	[]		0	69	138	4/4	2	0.4	5	2023-07-10	1	1	1	49	32	44	\N	\N	\N	1	0	1
689	13		HH01_2110_FBX	2022-11-24	f	f	[]	[]		0	17	142	4/4	1	2.17	5	2023-07-17	3	1	1	12	14	38	\N	\N	\N	1	0	1
703	27		HH01_2144_FBX	2022-11-24	f	f	[]	[]		0	17	142	4/4	1	2.31	5	2023-07-17	3	1	1	12	14	38	\N	\N	\N	1	0	1
717	41		HH01_2180_FBX	2022-11-24	f	f	[]	[]		0	17	142	4/4	1	2.45	5	2023-07-17	3	1	1	12	14	38	\N	\N	\N	1	0	1
549	Step Touch Cross Front Lift		HH01_1300_FBX	2022-09-28	f	f	[]	[]		0	0	132	4/4	1	0.4	5	2023-07-17	3	1	1	12	\N	38	\N	\N	\N	1	0	1
565	Grapevine Cross Back Jump		HH01_1450_FBX	2022-09-28	f	f	[]	[]		0	0	132	4/4	1	0.4	5	2023-07-17	3	1	1	12	\N	38	\N	\N	\N	1	0	1
92	Wild Mike Tyson		PP01_0980_FBX	2022-10-24	f	f	[]	[]		0	0	144	4/4	1	0	5	2023-07-10	1	1	1	49	\N	44	\N	\N	\N	1	0	1
437	Kick Ball Change Side		HH01_0290_FBX	2022-08-07	f	f	[]	[]		0	13	144	4/4	1	1.3	5	2023-07-17	3	1	1	12	30	38	\N	\N	\N	1	0	1
479	Running Man		HH01_0690_FBX	2022-08-07	f	f	[]	[]		0	3	144	4/4	4	1	5	2023-07-17	3	1	1	12	30	38	\N	\N	\N	1	0	1
1264	Bounce Run Old		HH01_0017_FBX	2022-08-07	f	t	[]	[]		0	6	174	4/4	1	0.1	5	2023-07-17	3	1	1	12	19	38	\N	\N	\N	3	0	1
21	Hammertime		PP01_0220_FBX	2022-10-19	f	f	[]	[]		0	148	104	4/4	1	0.2	5	2023-07-10	1	1	1	49	32	44	\N	\N	\N	1	0	1
46	Dancing Jump Jack		PP01_0500_FBX	2022-10-19	f	f	[]	[]		0	5	132	4/4	2	1.8	5	2023-07-10	1	1	1	49	33	44	\N	\N	\N	1	0	1
48	Air Guitar		PP01_0520_FBX	2022-10-19	f	f	[]	[]		0	66	132	4/4	2	0.4	5	2023-07-10	1	1	1	49	\N	44	\N	\N	\N	1	0	1
59	Disco Fever		PP01_0640_FBX	2022-10-19	f	f	[]	[]		0	66	132	4/4	1	0.6	5	2023-07-10	1	1	1	49	32	44	\N	\N	\N	1	0	1
749	Ride the Pony L		PP01_0711_FBX	2022-10-19	f	f	[]	[]		0	39	132	4/4	4	1.5	5	2023-07-10	1	1	1	49	\N	44	\N	\N	\N	1	0	1
103	Will Smith 1		PP01_1090_FBX	2022-10-24	f	f	[]	[]		0	18	144	4/4	1	1.4	5	2023-07-10	1	1	1	49	33	44	\N	\N	\N	1	0	1
581	3-Corner-Step | △-Form Back-Front		HH01_1610_FBX	2022-10-12	f	f	[]	[]		0	0	132	4/4	1	0.5	5	2023-07-17	3	1	1	12	\N	38	\N	\N	\N	1	0	1
425	Smurf Magic 3		HH01_0170_FBX	2022-08-07	f	f	[]	[]		0	246	144	4/4	1	0.3	5	2023-07-17	3	1	1	12	19	38	\N	\N	\N	1	0	1
459	Mike Tyson 		HH01_0510_FBX	2022-08-07	f	f	[]	[]		0	126	146	4/4	1	1.4	5	2023-07-17	3	1	1	12	30	38	\N	\N	\N	1	0	1
482	Running Man Sling 		HH01_0720_FBX	2022-08-07	f	f	[]	[]		0	451	144	4/4	2	2.5	5	2023-07-17	3	1	1	12	31	38	\N	\N	\N	1	0	1
502	Alf 		HH01_0920_FBX	2022-08-07	f	f	[]	[]		0	84	144	4/4	4	1.5	5	2023-07-17	3	1	1	12	30	38	\N	\N	\N	1	0	1
544	Step Touch Cross Back into Outlaw		HH01_1270_FBX	2022-09-28	f	f	[]	[]		0	0	132	4/4	1	0.4	5	2023-07-17	3	1	1	12	\N	38	\N	\N	\N	1	0	1
559	Step Touch Cross Front	singles (side, front, back) + combo	HH01_1390_FBX	2022-09-28	f	t	[]	[]		0	0	132	4/4	1	0.5	5	2023-07-17	3	1	1	12	\N	38	\N	\N	\N	1	0	1
\.


--
